{"id":1163,"date":"2021-03-02T00:06:02","date_gmt":"2021-03-01T17:06:02","guid":{"rendered":"https:\/\/cungtenhanoi.com\/?post_type=product&#038;p=1163"},"modified":"2022-04-04T22:02:00","modified_gmt":"2022-04-04T15:02:00","slug":"cung-ten-thao-jx-f185","status":"publish","type":"product","link":"https:\/\/cungtenhanoi.com\/?product=cung-ten-thao-jx-f185","title":{"rendered":"Cung t\u00ean th\u1ec3 thao JX-F185"},"content":{"rendered":"<ol>\n<li style=\"list-style-type: none;\">\n<ol>\n<li style=\"text-align: center;\">Riser h\u1ee3p kim nh\u00f4m c\u1eaft cnc nguy\u00ean kh\u1ed1i cho c\u1ea3m gi\u00e1c \u0111\u1ea7m tay r\u1ea5t ch\u1eafc ch\u1eafn k\u1ebft v\u1edbi v\u1edbi c\u1eb7p limd composite v\u1edbi s\u1ef1 \u0111\u00e0n h\u1ed3i m\u1ea1nh m\u1ebd mang \u0111\u1ebfn 1 tr\u1ea3i nghi\u1ec7m m\u00ea ho\u1eb7c cho b\u1ea5t c\u1ee9 ai s\u1eed d\u1ee5ng<br \/>\nL\u00e0 1 cung th\u1ee7 ch\u1eafc h\u1eb3n s\u1ebd kh\u00f4ng th\u1ec3 thi\u1ebfu th\u00e0nh vi\u00ean n\u00e0y trong b\u1ed9 s\u01b0u t\u1eadp<br \/>\nThi\u1ebft k\u1ebf v\u01b0\u1ee3t th\u1eddi gian, s\u1ebd kh\u00f4ng qu\u00e1 khi n\u00f3i v\u1ec1 thi\u1ebft k\u1ebf c\u1ee7a F185 v\u1edbi 2 t\u1eeb \u201d ho\u00e0n h\u1ea3o\u201d<br \/>\nThi\u1ebft k\u1ebf theo ti\u00eau chu\u1ea9n ILF cho vi\u1ec7c th\u00e1o n\u1eafp c\u1ef1c k\u1ef3 ti\u1ec7n l\u1ee3i, \u0111\u1ec3 l\u00ean c\u00e2y cung b\u1ea1n ch\u1ec9 m\u1ea5t kho\u1ea3ng 5-10s<br \/>\nChi\u1ec1u d\u00e0i : 56 inh<br \/>\nL\u1ef1c b\u1eafn : 30 -50lbs<br \/>\nTr\u1ecdng l\u01b0\u1ee3ng : 2.8 lbs<br \/>\nRiser: 6.8-8 inh<br \/>\n3 m\u00e0u t\u00f9y ch\u1ecdn: Black\/Camo\/Purple camo<br \/>\n<img loading=\"lazy\" class=\"aligncenter wp-image-1169\" src=\"https:\/\/cungtenhanoi.com\/wp-content\/uploads\/2021\/03\/HTB1CO_Gac_vK1Rjy0Foq6xIxVXaB.jpg_640x640.jpg\" alt=\"\" width=\"653\" height=\"784\" srcset=\"https:\/\/cungtenhanoi.com\/wp-content\/uploads\/2021\/03\/HTB1CO_Gac_vK1Rjy0Foq6xIxVXaB.jpg_640x640.jpg 533w, https:\/\/cungtenhanoi.com\/wp-content\/uploads\/2021\/03\/HTB1CO_Gac_vK1Rjy0Foq6xIxVXaB.jpg_640x640-64x77.jpg 64w\" sizes=\"(max-width: 653px) 100vw, 653px\" \/><img loading=\"lazy\" class=\"aligncenter wp-image-1164\" src=\"https:\/\/cungtenhanoi.com\/wp-content\/uploads\/2021\/03\/2-Colors-56-Inches-30-50-lbs-American-Recurve-Bow-with-17-inches-Riser-for-Archery.jpg\" alt=\"\" width=\"701\" height=\"701\" srcset=\"https:\/\/cungtenhanoi.com\/wp-content\/uploads\/2021\/03\/2-Colors-56-Inches-30-50-lbs-American-Recurve-Bow-with-17-inches-Riser-for-Archery.jpg 800w, https:\/\/cungtenhanoi.com\/wp-content\/uploads\/2021\/03\/2-Colors-56-Inches-30-50-lbs-American-Recurve-Bow-with-17-inches-Riser-for-Archery-300x300.jpg 300w, https:\/\/cungtenhanoi.com\/wp-content\/uploads\/2021\/03\/2-Colors-56-Inches-30-50-lbs-American-Recurve-Bow-with-17-inches-Riser-for-Archery-100x100.jpg 100w, https:\/\/cungtenhanoi.com\/wp-content\/uploads\/2021\/03\/2-Colors-56-Inches-30-50-lbs-American-Recurve-Bow-with-17-inches-Riser-for-Archery-600x600.jpg 600w, https:\/\/cungtenhanoi.com\/wp-content\/uploads\/2021\/03\/2-Colors-56-Inches-30-50-lbs-American-Recurve-Bow-with-17-inches-Riser-for-Archery-64x64.jpg 64w, https:\/\/cungtenhanoi.com\/wp-content\/uploads\/2021\/03\/2-Colors-56-Inches-30-50-lbs-American-Recurve-Bow-with-17-inches-Riser-for-Archery-150x150.jpg 150w, https:\/\/cungtenhanoi.com\/wp-content\/uploads\/2021\/03\/2-Colors-56-Inches-30-50-lbs-American-Recurve-Bow-with-17-inches-Riser-for-Archery-768x768.jpg 768w, https:\/\/cungtenhanoi.com\/wp-content\/uploads\/2021\/03\/2-Colors-56-Inches-30-50-lbs-American-Recurve-Bow-with-17-inches-Riser-for-Archery-180x180.jpg 180w, https:\/\/cungtenhanoi.com\/wp-content\/uploads\/2021\/03\/2-Colors-56-Inches-30-50-lbs-American-Recurve-Bow-with-17-inches-Riser-for-Archery-45x45.jpg 45w\" sizes=\"(max-width: 701px) 100vw, 701px\" \/> <img loading=\"lazy\" class=\"aligncenter wp-image-1165\" src=\"https:\/\/cungtenhanoi.com\/wp-content\/uploads\/2021\/03\/156bc9c8b3c7a12c85e3c08fda709de8.jpg\" alt=\"\" width=\"732\" height=\"732\" srcset=\"https:\/\/cungtenhanoi.com\/wp-content\/uploads\/2021\/03\/156bc9c8b3c7a12c85e3c08fda709de8.jpg 700w, https:\/\/cungtenhanoi.com\/wp-content\/uploads\/2021\/03\/156bc9c8b3c7a12c85e3c08fda709de8-300x300.jpg 300w, https:\/\/cungtenhanoi.com\/wp-content\/uploads\/2021\/03\/156bc9c8b3c7a12c85e3c08fda709de8-100x100.jpg 100w, https:\/\/cungtenhanoi.com\/wp-content\/uploads\/2021\/03\/156bc9c8b3c7a12c85e3c08fda709de8-600x600.jpg 600w, https:\/\/cungtenhanoi.com\/wp-content\/uploads\/2021\/03\/156bc9c8b3c7a12c85e3c08fda709de8-64x64.jpg 64w, https:\/\/cungtenhanoi.com\/wp-content\/uploads\/2021\/03\/156bc9c8b3c7a12c85e3c08fda709de8-150x150.jpg 150w, https:\/\/cungtenhanoi.com\/wp-content\/uploads\/2021\/03\/156bc9c8b3c7a12c85e3c08fda709de8-180x180.jpg 180w, https:\/\/cungtenhanoi.com\/wp-content\/uploads\/2021\/03\/156bc9c8b3c7a12c85e3c08fda709de8-45x45.jpg 45w\" sizes=\"(max-width: 732px) 100vw, 732px\" \/><img loading=\"lazy\" class=\"aligncenter wp-image-1168\" src=\"https:\/\/cungtenhanoi.com\/wp-content\/uploads\/2021\/03\/data.jpeg\" alt=\"\" width=\"768\" height=\"768\" srcset=\"https:\/\/cungtenhanoi.com\/wp-content\/uploads\/2021\/03\/data.jpeg 600w, https:\/\/cungtenhanoi.com\/wp-content\/uploads\/2021\/03\/data-300x300.jpeg 300w, https:\/\/cungtenhanoi.com\/wp-content\/uploads\/2021\/03\/data-100x100.jpeg 100w, https:\/\/cungtenhanoi.com\/wp-content\/uploads\/2021\/03\/data-64x64.jpeg 64w, https:\/\/cungtenhanoi.com\/wp-content\/uploads\/2021\/03\/data-150x150.jpeg 150w, https:\/\/cungtenhanoi.com\/wp-content\/uploads\/2021\/03\/data-180x180.jpeg 180w, https:\/\/cungtenhanoi.com\/wp-content\/uploads\/2021\/03\/data-45x45.jpeg 45w\" sizes=\"(max-width: 768px) 100vw, 768px\" \/><img loading=\"lazy\" class=\"aligncenter wp-image-1170\" src=\"https:\/\/cungtenhanoi.com\/wp-content\/uploads\/2021\/03\/HTB1Pwj1zkSWBuNjSszdq6zeSpXaz.jpg\" alt=\"\" width=\"779\" height=\"783\" srcset=\"https:\/\/cungtenhanoi.com\/wp-content\/uploads\/2021\/03\/HTB1Pwj1zkSWBuNjSszdq6zeSpXaz.jpg 2000w, https:\/\/cungtenhanoi.com\/wp-content\/uploads\/2021\/03\/HTB1Pwj1zkSWBuNjSszdq6zeSpXaz-100x100.jpg 100w, https:\/\/cungtenhanoi.com\/wp-content\/uploads\/2021\/03\/HTB1Pwj1zkSWBuNjSszdq6zeSpXaz-600x603.jpg 600w, https:\/\/cungtenhanoi.com\/wp-content\/uploads\/2021\/03\/HTB1Pwj1zkSWBuNjSszdq6zeSpXaz-64x64.jpg 64w\" sizes=\"(max-width: 779px) 100vw, 779px\" \/><img loading=\"lazy\" class=\"aligncenter wp-image-1181\" src=\"https:\/\/cungtenhanoi.com\/wp-content\/uploads\/2021\/03\/554CA3A9-644D-4341-BE8F-331D9894F6AB.jpeg\" alt=\"\" width=\"1002\" height=\"1336\" \/><img loading=\"lazy\" class=\"aligncenter wp-image-1182\" src=\"https:\/\/cungtenhanoi.com\/wp-content\/uploads\/2021\/03\/31074221-69BF-4BCF-BDD3-54DA35FC9F3E.jpeg\" alt=\"\" width=\"1009\" height=\"1346\" \/><img loading=\"lazy\" class=\"aligncenter wp-image-1183\" src=\"https:\/\/cungtenhanoi.com\/wp-content\/uploads\/2021\/03\/94F5625A-90A3-4D1A-BD1E-FB9858D3B8D0.jpeg\" alt=\"\" width=\"1011\" height=\"1348\" \/><img loading=\"lazy\" class=\"aligncenter wp-image-1167\" src=\"https:\/\/cungtenhanoi.com\/wp-content\/uploads\/2021\/03\/68527476_654153581769491_8514885304132304896_n.jpg\" alt=\"\" width=\"1016\" height=\"1016\" srcset=\"https:\/\/cungtenhanoi.com\/wp-content\/uploads\/2021\/03\/68527476_654153581769491_8514885304132304896_n.jpg 960w, https:\/\/cungtenhanoi.com\/wp-content\/uploads\/2021\/03\/68527476_654153581769491_8514885304132304896_n-300x300.jpg 300w, https:\/\/cungtenhanoi.com\/wp-content\/uploads\/2021\/03\/68527476_654153581769491_8514885304132304896_n-100x100.jpg 100w, https:\/\/cungtenhanoi.com\/wp-content\/uploads\/2021\/03\/68527476_654153581769491_8514885304132304896_n-600x600.jpg 600w, https:\/\/cungtenhanoi.com\/wp-content\/uploads\/2021\/03\/68527476_654153581769491_8514885304132304896_n-64x64.jpg 64w, https:\/\/cungtenhanoi.com\/wp-content\/uploads\/2021\/03\/68527476_654153581769491_8514885304132304896_n-150x150.jpg 150w, https:\/\/cungtenhanoi.com\/wp-content\/uploads\/2021\/03\/68527476_654153581769491_8514885304132304896_n-768x768.jpg 768w, https:\/\/cungtenhanoi.com\/wp-content\/uploads\/2021\/03\/68527476_654153581769491_8514885304132304896_n-180x180.jpg 180w, https:\/\/cungtenhanoi.com\/wp-content\/uploads\/2021\/03\/68527476_654153581769491_8514885304132304896_n-45x45.jpg 45w\" sizes=\"(max-width: 1016px) 100vw, 1016px\" \/><img loading=\"lazy\" class=\"aligncenter wp-image-1180\" src=\"https:\/\/cungtenhanoi.com\/wp-content\/uploads\/2021\/03\/CB61E13B-6C42-487D-844A-16B413B3C791.jpeg\" alt=\"\" width=\"1018\" height=\"763\" \/><\/li>\n<\/ol>\n<\/li>\n<\/ol>\n<p>&nbsp;<\/p>\n","protected":false},"excerpt":{"rendered":"<p>Cung + 5 t\u00ean + tab + guarm + arrow rest + bia m\u1ee5c ti\u00eau<br \/>\n&#8212;&#8212;&#8212;&#8212;&#8212;&#8212;&#8212;&#8212;&#8212;&#8212;&#8212;&#8212;&#8212;&#8212;&#8212;&#8212;&#8212;&#8212;&#8211;<br \/>\nB\u1ea3o h\u00e0nh 6 th\u00e1ng 1 \u0111\u1ed5i 1 l\u1ed7i nh\u00e0 s\u1ea3n xu\u1ea5t<br \/>\nH\u1ed7 tr\u1ee3 s\u1eeda ch\u1eefa mi\u1ec5n ph\u00ed tr\u1ecdn \u0111\u1eddi<\/p>\n","protected":false},"featured_media":1169,"comment_status":"open","ping_status":"closed","template":"","meta":[],"product_cat":[17],"product_tag":[200,516,257,94,184,168,242,197,241,56,42],"acf":[],"yoast_head":"<!-- This site is optimized with the Yoast SEO plugin v19.8 - https:\/\/yoast.com\/wordpress\/plugins\/seo\/ -->\n<title>Cung t\u00ean th\u1ec3 thao JX-F185 - Cung T\u00ean H\u00e0 N\u1ed9i<\/title>\n<meta name=\"description\" content=\"mua cung t\u00ean th\u1ec3 thao, mua cung t\u00ean t\u1ea1i h\u00e0 n\u1ed9i, cung tr\u1ee3 l\u1ef1c, cung compound, cung t\u00ean ch\u00ednh h\u00e3ng, cung t\u00ean m\u1ea1nh,cung t\u00ean h\u00e0 n\u1ed9i, cung t\u00ean , mua cung t\u00ean S\u00e0i g\u00f2n , mua m\u0169i t\u00ean b\u1eafn cung , cung b\u1eafn bi s\u1eaft , cung t\u00ean mini\" \/>\n<meta name=\"robots\" content=\"index, follow, max-snippet:-1, max-image-preview:large, max-video-preview:-1\" \/>\n<link rel=\"canonical\" href=\"https:\/\/cungtenhanoi.com\/?product=cung-ten-thao-jx-f185\" \/>\n<meta property=\"og:locale\" content=\"vi_VN\" \/>\n<meta property=\"og:type\" content=\"article\" \/>\n<meta property=\"og:title\" content=\"Cung t\u00ean th\u1ec3 thao JX-F185 - Cung T\u00ean H\u00e0 N\u1ed9i\" \/>\n<meta property=\"og:description\" content=\"mua cung t\u00ean th\u1ec3 thao, mua cung t\u00ean t\u1ea1i h\u00e0 n\u1ed9i, cung tr\u1ee3 l\u1ef1c, cung compound, cung t\u00ean ch\u00ednh h\u00e3ng, cung t\u00ean m\u1ea1nh,cung t\u00ean h\u00e0 n\u1ed9i, cung t\u00ean , mua cung t\u00ean S\u00e0i g\u00f2n , mua m\u0169i t\u00ean b\u1eafn cung , cung b\u1eafn bi s\u1eaft , cung t\u00ean mini\" \/>\n<meta property=\"og:url\" content=\"https:\/\/cungtenhanoi.com\/?product=cung-ten-thao-jx-f185\" \/>\n<meta property=\"og:site_name\" content=\"Cung T\u00ean H\u00e0 N\u1ed9i\" \/>\n<meta property=\"article:modified_time\" content=\"2022-04-04T15:02:00+00:00\" \/>\n<meta property=\"og:image\" content=\"https:\/\/cungtenhanoi.com\/wp-content\/uploads\/2021\/03\/HTB1CO_Gac_vK1Rjy0Foq6xIxVXaB.jpg_640x640.jpg\" \/>\n\t<meta property=\"og:image:width\" content=\"533\" \/>\n\t<meta property=\"og:image:height\" content=\"640\" \/>\n\t<meta property=\"og:image:type\" content=\"image\/jpeg\" \/>\n<meta name=\"twitter:card\" content=\"summary_large_image\" \/>\n<meta name=\"twitter:label1\" content=\"\u01af\u1edbc t\u00ednh th\u1eddi gian \u0111\u1ecdc\" \/>\n\t<meta name=\"twitter:data1\" content=\"1 ph\u00fat\" \/>\n<script type=\"application\/ld+json\" class=\"yoast-schema-graph\">{\"@context\":\"https:\/\/schema.org\",\"@graph\":[{\"@type\":\"WebPage\",\"@id\":\"https:\/\/cungtenhanoi.com\/?product=cung-ten-thao-jx-f185\",\"url\":\"https:\/\/cungtenhanoi.com\/?product=cung-ten-thao-jx-f185\",\"name\":\"Cung t\u00ean th\u1ec3 thao JX-F185 - Cung T\u00ean H\u00e0 N\u1ed9i\",\"isPartOf\":{\"@id\":\"https:\/\/cungtenhanoi.com\/#website\"},\"datePublished\":\"2021-03-01T17:06:02+00:00\",\"dateModified\":\"2022-04-04T15:02:00+00:00\",\"description\":\"mua cung t\u00ean th\u1ec3 thao, mua cung t\u00ean t\u1ea1i h\u00e0 n\u1ed9i, cung tr\u1ee3 l\u1ef1c, cung compound, cung t\u00ean ch\u00ednh h\u00e3ng, cung t\u00ean m\u1ea1nh,cung t\u00ean h\u00e0 n\u1ed9i, cung t\u00ean , mua cung t\u00ean S\u00e0i g\u00f2n , mua m\u0169i t\u00ean b\u1eafn cung , cung b\u1eafn bi s\u1eaft , cung t\u00ean mini\",\"breadcrumb\":{\"@id\":\"https:\/\/cungtenhanoi.com\/?product=cung-ten-thao-jx-f185#breadcrumb\"},\"inLanguage\":\"vi\",\"potentialAction\":[{\"@type\":\"ReadAction\",\"target\":[\"https:\/\/cungtenhanoi.com\/?product=cung-ten-thao-jx-f185\"]}]},{\"@type\":\"BreadcrumbList\",\"@id\":\"https:\/\/cungtenhanoi.com\/?product=cung-ten-thao-jx-f185#breadcrumb\",\"itemListElement\":[{\"@type\":\"ListItem\",\"position\":1,\"name\":\"Trang ch\u1ee7\",\"item\":\"https:\/\/cungtenhanoi.com\/\"},{\"@type\":\"ListItem\",\"position\":2,\"name\":\"Shop\",\"item\":\"https:\/\/cungtenhanoi.com\/?page_id=6\"},{\"@type\":\"ListItem\",\"position\":3,\"name\":\"Cung\",\"item\":\"https:\/\/cungtenhanoi.com\/danh-muc\/cung\/\"},{\"@type\":\"ListItem\",\"position\":4,\"name\":\"Cung t\u00ean th\u1ec3 thao JX-F185\"}]},{\"@type\":\"WebSite\",\"@id\":\"https:\/\/cungtenhanoi.com\/#website\",\"url\":\"https:\/\/cungtenhanoi.com\/\",\"name\":\"Cung T\u00ean H\u00e0 N\u1ed9i\",\"description\":\"Cung c\u1ea5p c\u00e1c lo\u1ea1i cung t\u00ean th\u1ec3 thao s\u1ed1 1 Vi\u1ec7t Nam\",\"publisher\":{\"@id\":\"https:\/\/cungtenhanoi.com\/#organization\"},\"potentialAction\":[{\"@type\":\"SearchAction\",\"target\":{\"@type\":\"EntryPoint\",\"urlTemplate\":\"https:\/\/cungtenhanoi.com\/?s={search_term_string}\"},\"query-input\":\"required name=search_term_string\"}],\"inLanguage\":\"vi\"},{\"@type\":\"Organization\",\"@id\":\"https:\/\/cungtenhanoi.com\/#organization\",\"name\":\"Cung T\u00ean H\u00e0 N\u1ed9i\",\"url\":\"https:\/\/cungtenhanoi.com\/\",\"sameAs\":[],\"logo\":{\"@type\":\"ImageObject\",\"inLanguage\":\"vi\",\"@id\":\"https:\/\/cungtenhanoi.com\/#\/schema\/logo\/image\/\",\"url\":\"https:\/\/cungtenhanoi.com\/wp-content\/uploads\/2025\/05\/logo-den-trang.jpg\",\"contentUrl\":\"https:\/\/cungtenhanoi.com\/wp-content\/uploads\/2025\/05\/logo-den-trang.jpg\",\"width\":450,\"height\":450,\"caption\":\"Cung T\u00ean H\u00e0 N\u1ed9i\"},\"image\":{\"@id\":\"https:\/\/cungtenhanoi.com\/#\/schema\/logo\/image\/\"}}]}<\/script>\n<!-- \/ Yoast SEO plugin. -->","yoast_head_json":{"title":"Cung t\u00ean th\u1ec3 thao JX-F185 - Cung T\u00ean H\u00e0 N\u1ed9i","description":"mua cung t\u00ean th\u1ec3 thao, mua cung t\u00ean t\u1ea1i h\u00e0 n\u1ed9i, cung tr\u1ee3 l\u1ef1c, cung compound, cung t\u00ean ch\u00ednh h\u00e3ng, cung t\u00ean m\u1ea1nh,cung t\u00ean h\u00e0 n\u1ed9i, cung t\u00ean , mua cung t\u00ean S\u00e0i g\u00f2n , mua m\u0169i t\u00ean b\u1eafn cung , cung b\u1eafn bi s\u1eaft , cung t\u00ean mini","robots":{"index":"index","follow":"follow","max-snippet":"max-snippet:-1","max-image-preview":"max-image-preview:large","max-video-preview":"max-video-preview:-1"},"canonical":"https:\/\/cungtenhanoi.com\/?product=cung-ten-thao-jx-f185","og_locale":"vi_VN","og_type":"article","og_title":"Cung t\u00ean th\u1ec3 thao JX-F185 - Cung T\u00ean H\u00e0 N\u1ed9i","og_description":"mua cung t\u00ean th\u1ec3 thao, mua cung t\u00ean t\u1ea1i h\u00e0 n\u1ed9i, cung tr\u1ee3 l\u1ef1c, cung compound, cung t\u00ean ch\u00ednh h\u00e3ng, cung t\u00ean m\u1ea1nh,cung t\u00ean h\u00e0 n\u1ed9i, cung t\u00ean , mua cung t\u00ean S\u00e0i g\u00f2n , mua m\u0169i t\u00ean b\u1eafn cung , cung b\u1eafn bi s\u1eaft , cung t\u00ean mini","og_url":"https:\/\/cungtenhanoi.com\/?product=cung-ten-thao-jx-f185","og_site_name":"Cung T\u00ean H\u00e0 N\u1ed9i","article_modified_time":"2022-04-04T15:02:00+00:00","og_image":[{"width":533,"height":640,"url":"https:\/\/cungtenhanoi.com\/wp-content\/uploads\/2021\/03\/HTB1CO_Gac_vK1Rjy0Foq6xIxVXaB.jpg_640x640.jpg","type":"image\/jpeg"}],"twitter_card":"summary_large_image","twitter_misc":{"\u01af\u1edbc t\u00ednh th\u1eddi gian \u0111\u1ecdc":"1 ph\u00fat"},"schema":{"@context":"https:\/\/schema.org","@graph":[{"@type":"WebPage","@id":"https:\/\/cungtenhanoi.com\/?product=cung-ten-thao-jx-f185","url":"https:\/\/cungtenhanoi.com\/?product=cung-ten-thao-jx-f185","name":"Cung t\u00ean th\u1ec3 thao JX-F185 - Cung T\u00ean H\u00e0 N\u1ed9i","isPartOf":{"@id":"https:\/\/cungtenhanoi.com\/#website"},"datePublished":"2021-03-01T17:06:02+00:00","dateModified":"2022-04-04T15:02:00+00:00","description":"mua cung t\u00ean th\u1ec3 thao, mua cung t\u00ean t\u1ea1i h\u00e0 n\u1ed9i, cung tr\u1ee3 l\u1ef1c, cung compound, cung t\u00ean ch\u00ednh h\u00e3ng, cung t\u00ean m\u1ea1nh,cung t\u00ean h\u00e0 n\u1ed9i, cung t\u00ean , mua cung t\u00ean S\u00e0i g\u00f2n , mua m\u0169i t\u00ean b\u1eafn cung , cung b\u1eafn bi s\u1eaft , cung t\u00ean mini","breadcrumb":{"@id":"https:\/\/cungtenhanoi.com\/?product=cung-ten-thao-jx-f185#breadcrumb"},"inLanguage":"vi","potentialAction":[{"@type":"ReadAction","target":["https:\/\/cungtenhanoi.com\/?product=cung-ten-thao-jx-f185"]}]},{"@type":"BreadcrumbList","@id":"https:\/\/cungtenhanoi.com\/?product=cung-ten-thao-jx-f185#breadcrumb","itemListElement":[{"@type":"ListItem","position":1,"name":"Trang ch\u1ee7","item":"https:\/\/cungtenhanoi.com\/"},{"@type":"ListItem","position":2,"name":"Shop","item":"https:\/\/cungtenhanoi.com\/?page_id=6"},{"@type":"ListItem","position":3,"name":"Cung","item":"https:\/\/cungtenhanoi.com\/danh-muc\/cung\/"},{"@type":"ListItem","position":4,"name":"Cung t\u00ean th\u1ec3 thao JX-F185"}]},{"@type":"WebSite","@id":"https:\/\/cungtenhanoi.com\/#website","url":"https:\/\/cungtenhanoi.com\/","name":"Cung T\u00ean H\u00e0 N\u1ed9i","description":"Cung c\u1ea5p c\u00e1c lo\u1ea1i cung t\u00ean th\u1ec3 thao s\u1ed1 1 Vi\u1ec7t Nam","publisher":{"@id":"https:\/\/cungtenhanoi.com\/#organization"},"potentialAction":[{"@type":"SearchAction","target":{"@type":"EntryPoint","urlTemplate":"https:\/\/cungtenhanoi.com\/?s={search_term_string}"},"query-input":"required name=search_term_string"}],"inLanguage":"vi"},{"@type":"Organization","@id":"https:\/\/cungtenhanoi.com\/#organization","name":"Cung T\u00ean H\u00e0 N\u1ed9i","url":"https:\/\/cungtenhanoi.com\/","sameAs":[],"logo":{"@type":"ImageObject","inLanguage":"vi","@id":"https:\/\/cungtenhanoi.com\/#\/schema\/logo\/image\/","url":"https:\/\/cungtenhanoi.com\/wp-content\/uploads\/2025\/05\/logo-den-trang.jpg","contentUrl":"https:\/\/cungtenhanoi.com\/wp-content\/uploads\/2025\/05\/logo-den-trang.jpg","width":450,"height":450,"caption":"Cung T\u00ean H\u00e0 N\u1ed9i"},"image":{"@id":"https:\/\/cungtenhanoi.com\/#\/schema\/logo\/image\/"}}]}},"_links":{"self":[{"href":"https:\/\/cungtenhanoi.com\/index.php?rest_route=\/wp\/v2\/product\/1163"}],"collection":[{"href":"https:\/\/cungtenhanoi.com\/index.php?rest_route=\/wp\/v2\/product"}],"about":[{"href":"https:\/\/cungtenhanoi.com\/index.php?rest_route=\/wp\/v2\/types\/product"}],"replies":[{"embeddable":true,"href":"https:\/\/cungtenhanoi.com\/index.php?rest_route=%2Fwp%2Fv2%2Fcomments&post=1163"}],"wp:featuredmedia":[{"embeddable":true,"href":"https:\/\/cungtenhanoi.com\/index.php?rest_route=\/wp\/v2\/media\/1169"}],"wp:attachment":[{"href":"https:\/\/cungtenhanoi.com\/index.php?rest_route=%2Fwp%2Fv2%2Fmedia&parent=1163"}],"wp:term":[{"taxonomy":"product_cat","embeddable":true,"href":"https:\/\/cungtenhanoi.com\/index.php?rest_route=%2Fwp%2Fv2%2Fproduct_cat&post=1163"},{"taxonomy":"product_tag","embeddable":true,"href":"https:\/\/cungtenhanoi.com\/index.php?rest_route=%2Fwp%2Fv2%2Fproduct_tag&post=1163"}],"curies":[{"name":"wp","href":"https:\/\/api.w.org\/{rel}","templated":true}]}}