{"id":1546,"date":"2021-05-21T15:54:37","date_gmt":"2021-05-21T08:54:37","guid":{"rendered":"https:\/\/cungtenhanoi.com\/?post_type=product&#038;p=1546"},"modified":"2021-05-21T19:08:41","modified_gmt":"2021-05-21T12:08:41","slug":"nock-led","status":"publish","type":"product","link":"https:\/\/cungtenhanoi.com\/?product=nock-led","title":{"rendered":"Nock Led"},"content":{"rendered":"<p style=\"text-align: center;\">Nock led ph\u00e1t s\u00e1ng<br \/>\nSet 6 nock size 6.2<br \/>\nB\u1eafn ban \u0111\u00eam ph\u00e1t s\u00e1ng ti\u1ec7n cho vi\u1ec7c t\u00ecm ki\u1ebfm v\u00e0 theo d\u00f5i \u0111\u01b0\u1eddng t\u00ean, ph\u01a1i s\u00e1ng c\u0169ng l\u00e0 \u00fd t\u01b0\u1edfng tuy\u1ec7t v\u1eddi v\u1edbi s\u1ea3n ph\u1ea9m \u0111\u1ed9c \u0111\u00e1o n\u00e0y<br \/>\n<img loading=\"lazy\" class=\"aligncenter size-full wp-image-1548\" src=\"https:\/\/cungtenhanoi.com\/wp-content\/uploads\/2021\/05\/O1CN01p3Bb1s1GINuqtI6kW_2358510599.jpg\" alt=\"\" width=\"760\" height=\"760\" srcset=\"https:\/\/cungtenhanoi.com\/wp-content\/uploads\/2021\/05\/O1CN01p3Bb1s1GINuqtI6kW_2358510599.jpg 760w, https:\/\/cungtenhanoi.com\/wp-content\/uploads\/2021\/05\/O1CN01p3Bb1s1GINuqtI6kW_2358510599-300x300.jpg 300w, https:\/\/cungtenhanoi.com\/wp-content\/uploads\/2021\/05\/O1CN01p3Bb1s1GINuqtI6kW_2358510599-100x100.jpg 100w, https:\/\/cungtenhanoi.com\/wp-content\/uploads\/2021\/05\/O1CN01p3Bb1s1GINuqtI6kW_2358510599-600x600.jpg 600w, https:\/\/cungtenhanoi.com\/wp-content\/uploads\/2021\/05\/O1CN01p3Bb1s1GINuqtI6kW_2358510599-64x64.jpg 64w, https:\/\/cungtenhanoi.com\/wp-content\/uploads\/2021\/05\/O1CN01p3Bb1s1GINuqtI6kW_2358510599-150x150.jpg 150w, https:\/\/cungtenhanoi.com\/wp-content\/uploads\/2021\/05\/O1CN01p3Bb1s1GINuqtI6kW_2358510599-180x180.jpg 180w, https:\/\/cungtenhanoi.com\/wp-content\/uploads\/2021\/05\/O1CN01p3Bb1s1GINuqtI6kW_2358510599-45x45.jpg 45w\" sizes=\"(max-width: 760px) 100vw, 760px\" \/> <img loading=\"lazy\" class=\"aligncenter size-full wp-image-1549\" src=\"https:\/\/cungtenhanoi.com\/wp-content\/uploads\/2021\/05\/O1CN015ZmFeg1GINsS3IbJa_2358510599.jpg\" alt=\"\" width=\"800\" height=\"800\" srcset=\"https:\/\/cungtenhanoi.com\/wp-content\/uploads\/2021\/05\/O1CN015ZmFeg1GINsS3IbJa_2358510599.jpg 800w, https:\/\/cungtenhanoi.com\/wp-content\/uploads\/2021\/05\/O1CN015ZmFeg1GINsS3IbJa_2358510599-300x300.jpg 300w, https:\/\/cungtenhanoi.com\/wp-content\/uploads\/2021\/05\/O1CN015ZmFeg1GINsS3IbJa_2358510599-100x100.jpg 100w, https:\/\/cungtenhanoi.com\/wp-content\/uploads\/2021\/05\/O1CN015ZmFeg1GINsS3IbJa_2358510599-600x600.jpg 600w, https:\/\/cungtenhanoi.com\/wp-content\/uploads\/2021\/05\/O1CN015ZmFeg1GINsS3IbJa_2358510599-64x64.jpg 64w\" sizes=\"(max-width: 800px) 100vw, 800px\" \/> <img loading=\"lazy\" class=\"aligncenter size-full wp-image-1550\" src=\"https:\/\/cungtenhanoi.com\/wp-content\/uploads\/2021\/05\/O1CN018PN0fV1GINsOtkW52_2358510599.jpg\" alt=\"\" width=\"800\" height=\"800\" srcset=\"https:\/\/cungtenhanoi.com\/wp-content\/uploads\/2021\/05\/O1CN018PN0fV1GINsOtkW52_2358510599.jpg 800w, https:\/\/cungtenhanoi.com\/wp-content\/uploads\/2021\/05\/O1CN018PN0fV1GINsOtkW52_2358510599-300x300.jpg 300w, https:\/\/cungtenhanoi.com\/wp-content\/uploads\/2021\/05\/O1CN018PN0fV1GINsOtkW52_2358510599-100x100.jpg 100w, https:\/\/cungtenhanoi.com\/wp-content\/uploads\/2021\/05\/O1CN018PN0fV1GINsOtkW52_2358510599-600x600.jpg 600w, https:\/\/cungtenhanoi.com\/wp-content\/uploads\/2021\/05\/O1CN018PN0fV1GINsOtkW52_2358510599-64x64.jpg 64w, https:\/\/cungtenhanoi.com\/wp-content\/uploads\/2021\/05\/O1CN018PN0fV1GINsOtkW52_2358510599-150x150.jpg 150w, https:\/\/cungtenhanoi.com\/wp-content\/uploads\/2021\/05\/O1CN018PN0fV1GINsOtkW52_2358510599-768x768.jpg 768w, https:\/\/cungtenhanoi.com\/wp-content\/uploads\/2021\/05\/O1CN018PN0fV1GINsOtkW52_2358510599-180x180.jpg 180w, https:\/\/cungtenhanoi.com\/wp-content\/uploads\/2021\/05\/O1CN018PN0fV1GINsOtkW52_2358510599-45x45.jpg 45w\" sizes=\"(max-width: 800px) 100vw, 800px\" \/><img loading=\"lazy\" class=\"aligncenter size-full wp-image-1547\" src=\"https:\/\/cungtenhanoi.com\/wp-content\/uploads\/2021\/05\/O1CN01LrCbiq1GINsS3ZFkJ_2358510599.jpg\" alt=\"\" width=\"3024\" height=\"4032\" \/><\/p>\n<p><img loading=\"lazy\" class=\"aligncenter size-full wp-image-1551\" src=\"https:\/\/cungtenhanoi.com\/wp-content\/uploads\/2021\/05\/183561872_1201780096945571_4416663219568694549_n.jpg\" alt=\"\" width=\"2048\" height=\"1536\" srcset=\"https:\/\/cungtenhanoi.com\/wp-content\/uploads\/2021\/05\/183561872_1201780096945571_4416663219568694549_n.jpg 2048w, https:\/\/cungtenhanoi.com\/wp-content\/uploads\/2021\/05\/183561872_1201780096945571_4416663219568694549_n-600x450.jpg 600w, https:\/\/cungtenhanoi.com\/wp-content\/uploads\/2021\/05\/183561872_1201780096945571_4416663219568694549_n-64x48.jpg 64w, https:\/\/cungtenhanoi.com\/wp-content\/uploads\/2021\/05\/183561872_1201780096945571_4416663219568694549_n-300x225.jpg 300w, https:\/\/cungtenhanoi.com\/wp-content\/uploads\/2021\/05\/183561872_1201780096945571_4416663219568694549_n-768x576.jpg 768w, https:\/\/cungtenhanoi.com\/wp-content\/uploads\/2021\/05\/183561872_1201780096945571_4416663219568694549_n-1024x768.jpg 1024w, https:\/\/cungtenhanoi.com\/wp-content\/uploads\/2021\/05\/183561872_1201780096945571_4416663219568694549_n-480x360.jpg 480w\" sizes=\"(max-width: 2048px) 100vw, 2048px\" \/> <img loading=\"lazy\" class=\"aligncenter size-full wp-image-1552\" src=\"https:\/\/cungtenhanoi.com\/wp-content\/uploads\/2021\/05\/184649732_1201780030278911_4682133569673900533_n.jpg\" alt=\"\" width=\"2048\" height=\"1536\" srcset=\"https:\/\/cungtenhanoi.com\/wp-content\/uploads\/2021\/05\/184649732_1201780030278911_4682133569673900533_n.jpg 2048w, https:\/\/cungtenhanoi.com\/wp-content\/uploads\/2021\/05\/184649732_1201780030278911_4682133569673900533_n-600x450.jpg 600w, https:\/\/cungtenhanoi.com\/wp-content\/uploads\/2021\/05\/184649732_1201780030278911_4682133569673900533_n-64x48.jpg 64w, https:\/\/cungtenhanoi.com\/wp-content\/uploads\/2021\/05\/184649732_1201780030278911_4682133569673900533_n-300x225.jpg 300w, https:\/\/cungtenhanoi.com\/wp-content\/uploads\/2021\/05\/184649732_1201780030278911_4682133569673900533_n-768x576.jpg 768w, https:\/\/cungtenhanoi.com\/wp-content\/uploads\/2021\/05\/184649732_1201780030278911_4682133569673900533_n-1024x768.jpg 1024w, https:\/\/cungtenhanoi.com\/wp-content\/uploads\/2021\/05\/184649732_1201780030278911_4682133569673900533_n-480x360.jpg 480w\" sizes=\"(max-width: 2048px) 100vw, 2048px\" \/> <img loading=\"lazy\" class=\"aligncenter size-full wp-image-1553\" src=\"https:\/\/cungtenhanoi.com\/wp-content\/uploads\/2021\/05\/185243778_1201780036945577_1985904387400118202_n.jpg\" alt=\"\" width=\"2048\" height=\"1536\" srcset=\"https:\/\/cungtenhanoi.com\/wp-content\/uploads\/2021\/05\/185243778_1201780036945577_1985904387400118202_n.jpg 2048w, https:\/\/cungtenhanoi.com\/wp-content\/uploads\/2021\/05\/185243778_1201780036945577_1985904387400118202_n-600x450.jpg 600w, https:\/\/cungtenhanoi.com\/wp-content\/uploads\/2021\/05\/185243778_1201780036945577_1985904387400118202_n-64x48.jpg 64w\" sizes=\"(max-width: 2048px) 100vw, 2048px\" \/><\/p>\n","protected":false},"excerpt":{"rendered":"<p>Nock led ph\u00e1t s\u00e1ng Set 6 nock size 6.2 B\u1eafn ban \u0111\u00eam ph\u00e1t s\u00e1ng ti\u1ec7n cho vi\u1ec7c t\u00ecm ki\u1ebfm v\u00e0 theo d\u00f5i \u0111\u01b0\u1eddng t\u00ean, ph\u01a1i s\u00e1ng c\u0169ng l\u00e0 \u00fd t\u01b0\u1edfng tuy\u1ec7t v\u1eddi v\u1edbi s\u1ea3n ph\u1ea9m \u0111\u1ed9c \u0111\u00e1o n\u00e0y<\/p>\n","protected":false},"featured_media":1549,"comment_status":"open","ping_status":"closed","template":"","meta":[],"product_cat":[20],"product_tag":[366,363,365,364],"acf":[],"yoast_head":"<!-- This site is optimized with the Yoast SEO plugin v19.8 - https:\/\/yoast.com\/wordpress\/plugins\/seo\/ -->\n<title>Nock Led - Cung T\u00ean H\u00e0 N\u1ed9i<\/title>\n<meta name=\"description\" content=\"mua cung t\u00ean th\u1ec3 thao, mua cung t\u00ean t\u1ea1i h\u00e0 n\u1ed9i, cung tr\u1ee3 l\u1ef1c, cung compound, cung t\u00ean ch\u00ednh h\u00e3ng, cung t\u00ean m\u1ea1nh,cung t\u00ean h\u00e0 n\u1ed9i, cung t\u00ean , mua cung t\u00ean S\u00e0i g\u00f2n , mua m\u0169i t\u00ean b\u1eafn cung , cung b\u1eafn bi s\u1eaft , cung t\u00ean mini\" \/>\n<meta name=\"robots\" content=\"index, follow, max-snippet:-1, max-image-preview:large, max-video-preview:-1\" \/>\n<link rel=\"canonical\" href=\"https:\/\/cungtenhanoi.com\/?product=nock-led\" \/>\n<meta property=\"og:locale\" content=\"vi_VN\" \/>\n<meta property=\"og:type\" content=\"article\" \/>\n<meta property=\"og:title\" content=\"Nock Led - Cung T\u00ean H\u00e0 N\u1ed9i\" \/>\n<meta property=\"og:description\" content=\"mua cung t\u00ean th\u1ec3 thao, mua cung t\u00ean t\u1ea1i h\u00e0 n\u1ed9i, cung tr\u1ee3 l\u1ef1c, cung compound, cung t\u00ean ch\u00ednh h\u00e3ng, cung t\u00ean m\u1ea1nh,cung t\u00ean h\u00e0 n\u1ed9i, cung t\u00ean , mua cung t\u00ean S\u00e0i g\u00f2n , mua m\u0169i t\u00ean b\u1eafn cung , cung b\u1eafn bi s\u1eaft , cung t\u00ean mini\" \/>\n<meta property=\"og:url\" content=\"https:\/\/cungtenhanoi.com\/?product=nock-led\" \/>\n<meta property=\"og:site_name\" content=\"Cung T\u00ean H\u00e0 N\u1ed9i\" \/>\n<meta property=\"article:modified_time\" content=\"2021-05-21T12:08:41+00:00\" \/>\n<meta property=\"og:image\" content=\"https:\/\/cungtenhanoi.com\/wp-content\/uploads\/2021\/05\/O1CN015ZmFeg1GINsS3IbJa_2358510599.jpg\" \/>\n\t<meta property=\"og:image:width\" content=\"800\" \/>\n\t<meta property=\"og:image:height\" content=\"800\" \/>\n\t<meta property=\"og:image:type\" content=\"image\/jpeg\" \/>\n<meta name=\"twitter:card\" content=\"summary_large_image\" \/>\n<script type=\"application\/ld+json\" class=\"yoast-schema-graph\">{\"@context\":\"https:\/\/schema.org\",\"@graph\":[{\"@type\":\"WebPage\",\"@id\":\"https:\/\/cungtenhanoi.com\/?product=nock-led\",\"url\":\"https:\/\/cungtenhanoi.com\/?product=nock-led\",\"name\":\"Nock Led - Cung T\u00ean H\u00e0 N\u1ed9i\",\"isPartOf\":{\"@id\":\"https:\/\/cungtenhanoi.com\/#website\"},\"datePublished\":\"2021-05-21T08:54:37+00:00\",\"dateModified\":\"2021-05-21T12:08:41+00:00\",\"description\":\"mua cung t\u00ean th\u1ec3 thao, mua cung t\u00ean t\u1ea1i h\u00e0 n\u1ed9i, cung tr\u1ee3 l\u1ef1c, cung compound, cung t\u00ean ch\u00ednh h\u00e3ng, cung t\u00ean m\u1ea1nh,cung t\u00ean h\u00e0 n\u1ed9i, cung t\u00ean , mua cung t\u00ean S\u00e0i g\u00f2n , mua m\u0169i t\u00ean b\u1eafn cung , cung b\u1eafn bi s\u1eaft , cung t\u00ean mini\",\"breadcrumb\":{\"@id\":\"https:\/\/cungtenhanoi.com\/?product=nock-led#breadcrumb\"},\"inLanguage\":\"vi\",\"potentialAction\":[{\"@type\":\"ReadAction\",\"target\":[\"https:\/\/cungtenhanoi.com\/?product=nock-led\"]}]},{\"@type\":\"BreadcrumbList\",\"@id\":\"https:\/\/cungtenhanoi.com\/?product=nock-led#breadcrumb\",\"itemListElement\":[{\"@type\":\"ListItem\",\"position\":1,\"name\":\"Trang ch\u1ee7\",\"item\":\"https:\/\/cungtenhanoi.com\/\"},{\"@type\":\"ListItem\",\"position\":2,\"name\":\"Shop\",\"item\":\"https:\/\/cungtenhanoi.com\/?page_id=6\"},{\"@type\":\"ListItem\",\"position\":3,\"name\":\"Ph\u1ee5 ki\u1ec7n\",\"item\":\"https:\/\/cungtenhanoi.com\/danh-muc\/phu-kien\/\"},{\"@type\":\"ListItem\",\"position\":4,\"name\":\"Nock Led\"}]},{\"@type\":\"WebSite\",\"@id\":\"https:\/\/cungtenhanoi.com\/#website\",\"url\":\"https:\/\/cungtenhanoi.com\/\",\"name\":\"Cung T\u00ean H\u00e0 N\u1ed9i\",\"description\":\"Cung c\u1ea5p c\u00e1c lo\u1ea1i cung t\u00ean th\u1ec3 thao s\u1ed1 1 Vi\u1ec7t Nam\",\"publisher\":{\"@id\":\"https:\/\/cungtenhanoi.com\/#organization\"},\"potentialAction\":[{\"@type\":\"SearchAction\",\"target\":{\"@type\":\"EntryPoint\",\"urlTemplate\":\"https:\/\/cungtenhanoi.com\/?s={search_term_string}\"},\"query-input\":\"required name=search_term_string\"}],\"inLanguage\":\"vi\"},{\"@type\":\"Organization\",\"@id\":\"https:\/\/cungtenhanoi.com\/#organization\",\"name\":\"Cung T\u00ean H\u00e0 N\u1ed9i\",\"url\":\"https:\/\/cungtenhanoi.com\/\",\"sameAs\":[],\"logo\":{\"@type\":\"ImageObject\",\"inLanguage\":\"vi\",\"@id\":\"https:\/\/cungtenhanoi.com\/#\/schema\/logo\/image\/\",\"url\":\"https:\/\/cungtenhanoi.com\/wp-content\/uploads\/2025\/05\/logo-den-trang.jpg\",\"contentUrl\":\"https:\/\/cungtenhanoi.com\/wp-content\/uploads\/2025\/05\/logo-den-trang.jpg\",\"width\":450,\"height\":450,\"caption\":\"Cung T\u00ean H\u00e0 N\u1ed9i\"},\"image\":{\"@id\":\"https:\/\/cungtenhanoi.com\/#\/schema\/logo\/image\/\"}}]}<\/script>\n<!-- \/ Yoast SEO plugin. -->","yoast_head_json":{"title":"Nock Led - Cung T\u00ean H\u00e0 N\u1ed9i","description":"mua cung t\u00ean th\u1ec3 thao, mua cung t\u00ean t\u1ea1i h\u00e0 n\u1ed9i, cung tr\u1ee3 l\u1ef1c, cung compound, cung t\u00ean ch\u00ednh h\u00e3ng, cung t\u00ean m\u1ea1nh,cung t\u00ean h\u00e0 n\u1ed9i, cung t\u00ean , mua cung t\u00ean S\u00e0i g\u00f2n , mua m\u0169i t\u00ean b\u1eafn cung , cung b\u1eafn bi s\u1eaft , cung t\u00ean mini","robots":{"index":"index","follow":"follow","max-snippet":"max-snippet:-1","max-image-preview":"max-image-preview:large","max-video-preview":"max-video-preview:-1"},"canonical":"https:\/\/cungtenhanoi.com\/?product=nock-led","og_locale":"vi_VN","og_type":"article","og_title":"Nock Led - Cung T\u00ean H\u00e0 N\u1ed9i","og_description":"mua cung t\u00ean th\u1ec3 thao, mua cung t\u00ean t\u1ea1i h\u00e0 n\u1ed9i, cung tr\u1ee3 l\u1ef1c, cung compound, cung t\u00ean ch\u00ednh h\u00e3ng, cung t\u00ean m\u1ea1nh,cung t\u00ean h\u00e0 n\u1ed9i, cung t\u00ean , mua cung t\u00ean S\u00e0i g\u00f2n , mua m\u0169i t\u00ean b\u1eafn cung , cung b\u1eafn bi s\u1eaft , cung t\u00ean mini","og_url":"https:\/\/cungtenhanoi.com\/?product=nock-led","og_site_name":"Cung T\u00ean H\u00e0 N\u1ed9i","article_modified_time":"2021-05-21T12:08:41+00:00","og_image":[{"width":800,"height":800,"url":"https:\/\/cungtenhanoi.com\/wp-content\/uploads\/2021\/05\/O1CN015ZmFeg1GINsS3IbJa_2358510599.jpg","type":"image\/jpeg"}],"twitter_card":"summary_large_image","schema":{"@context":"https:\/\/schema.org","@graph":[{"@type":"WebPage","@id":"https:\/\/cungtenhanoi.com\/?product=nock-led","url":"https:\/\/cungtenhanoi.com\/?product=nock-led","name":"Nock Led - Cung T\u00ean H\u00e0 N\u1ed9i","isPartOf":{"@id":"https:\/\/cungtenhanoi.com\/#website"},"datePublished":"2021-05-21T08:54:37+00:00","dateModified":"2021-05-21T12:08:41+00:00","description":"mua cung t\u00ean th\u1ec3 thao, mua cung t\u00ean t\u1ea1i h\u00e0 n\u1ed9i, cung tr\u1ee3 l\u1ef1c, cung compound, cung t\u00ean ch\u00ednh h\u00e3ng, cung t\u00ean m\u1ea1nh,cung t\u00ean h\u00e0 n\u1ed9i, cung t\u00ean , mua cung t\u00ean S\u00e0i g\u00f2n , mua m\u0169i t\u00ean b\u1eafn cung , cung b\u1eafn bi s\u1eaft , cung t\u00ean mini","breadcrumb":{"@id":"https:\/\/cungtenhanoi.com\/?product=nock-led#breadcrumb"},"inLanguage":"vi","potentialAction":[{"@type":"ReadAction","target":["https:\/\/cungtenhanoi.com\/?product=nock-led"]}]},{"@type":"BreadcrumbList","@id":"https:\/\/cungtenhanoi.com\/?product=nock-led#breadcrumb","itemListElement":[{"@type":"ListItem","position":1,"name":"Trang ch\u1ee7","item":"https:\/\/cungtenhanoi.com\/"},{"@type":"ListItem","position":2,"name":"Shop","item":"https:\/\/cungtenhanoi.com\/?page_id=6"},{"@type":"ListItem","position":3,"name":"Ph\u1ee5 ki\u1ec7n","item":"https:\/\/cungtenhanoi.com\/danh-muc\/phu-kien\/"},{"@type":"ListItem","position":4,"name":"Nock Led"}]},{"@type":"WebSite","@id":"https:\/\/cungtenhanoi.com\/#website","url":"https:\/\/cungtenhanoi.com\/","name":"Cung T\u00ean H\u00e0 N\u1ed9i","description":"Cung c\u1ea5p c\u00e1c lo\u1ea1i cung t\u00ean th\u1ec3 thao s\u1ed1 1 Vi\u1ec7t Nam","publisher":{"@id":"https:\/\/cungtenhanoi.com\/#organization"},"potentialAction":[{"@type":"SearchAction","target":{"@type":"EntryPoint","urlTemplate":"https:\/\/cungtenhanoi.com\/?s={search_term_string}"},"query-input":"required name=search_term_string"}],"inLanguage":"vi"},{"@type":"Organization","@id":"https:\/\/cungtenhanoi.com\/#organization","name":"Cung T\u00ean H\u00e0 N\u1ed9i","url":"https:\/\/cungtenhanoi.com\/","sameAs":[],"logo":{"@type":"ImageObject","inLanguage":"vi","@id":"https:\/\/cungtenhanoi.com\/#\/schema\/logo\/image\/","url":"https:\/\/cungtenhanoi.com\/wp-content\/uploads\/2025\/05\/logo-den-trang.jpg","contentUrl":"https:\/\/cungtenhanoi.com\/wp-content\/uploads\/2025\/05\/logo-den-trang.jpg","width":450,"height":450,"caption":"Cung T\u00ean H\u00e0 N\u1ed9i"},"image":{"@id":"https:\/\/cungtenhanoi.com\/#\/schema\/logo\/image\/"}}]}},"_links":{"self":[{"href":"https:\/\/cungtenhanoi.com\/index.php?rest_route=\/wp\/v2\/product\/1546"}],"collection":[{"href":"https:\/\/cungtenhanoi.com\/index.php?rest_route=\/wp\/v2\/product"}],"about":[{"href":"https:\/\/cungtenhanoi.com\/index.php?rest_route=\/wp\/v2\/types\/product"}],"replies":[{"embeddable":true,"href":"https:\/\/cungtenhanoi.com\/index.php?rest_route=%2Fwp%2Fv2%2Fcomments&post=1546"}],"wp:featuredmedia":[{"embeddable":true,"href":"https:\/\/cungtenhanoi.com\/index.php?rest_route=\/wp\/v2\/media\/1549"}],"wp:attachment":[{"href":"https:\/\/cungtenhanoi.com\/index.php?rest_route=%2Fwp%2Fv2%2Fmedia&parent=1546"}],"wp:term":[{"taxonomy":"product_cat","embeddable":true,"href":"https:\/\/cungtenhanoi.com\/index.php?rest_route=%2Fwp%2Fv2%2Fproduct_cat&post=1546"},{"taxonomy":"product_tag","embeddable":true,"href":"https:\/\/cungtenhanoi.com\/index.php?rest_route=%2Fwp%2Fv2%2Fproduct_tag&post=1546"}],"curies":[{"name":"wp","href":"https:\/\/api.w.org\/{rel}","templated":true}]}}