{"id":15638,"date":"2023-04-21T22:31:28","date_gmt":"2023-04-21T15:31:28","guid":{"rendered":"https:\/\/cungtenhanoi.com\/?post_type=product&#038;p=15638"},"modified":"2025-05-08T14:37:00","modified_gmt":"2025-05-08T07:37:00","slug":"formula-h8","status":"publish","type":"product","link":"https:\/\/cungtenhanoi.com\/?product=formula-h8","title":{"rendered":"Formula H8"},"content":{"rendered":"<p style=\"text-align: center;\">L\u1ea5y c\u1ea3m h\u1ee9ng t\u1eeb Formula c\u1ee7a Hoyt, H8 l\u00e0 d\u00f2ng cung c\u1ea3i ti\u1ebfn c\u1ee7a Junxing gi\u00fap ng\u01b0\u1eddi ch\u01a1i c\u00f3 th\u1ec3 ti\u1ebfp c\u1eadn v\u1edbi 1 c\u00e2y cung cao c\u1ea5p v\u1edbi gi\u00e1 th\u00e0nh d\u1ec5 ch\u1ecbu h\u01a1n r\u1ea5t nhi\u1ec1u, l\u00e0 d\u00f2ng chuy\u00ean cho target n\u00ean \u0111\u1ed9 ho\u00e0n thi\u1ec7n v\u00e0 hi\u1ec7u qu\u1ea3 r\u1ea5t cao<br \/>\nPh\u00f9 h\u1ee3p v\u1edbi ng\u01b0\u1eddi m\u1edbi v\u00e0 mu\u1ed1n t\u1eadp l\u00ean b\u00e1n chuy\u00ean ho\u1eb7c chuy\u00ean nghi\u1ec7p.<br \/>\nCung kh\u00f4ng 6190k<br \/>\nOption c\u01a1 b\u1ea3n 6590k<br \/>\n<img loading=\"lazy\" class=\"aligncenter size-full wp-image-15639\" src=\"https:\/\/cungtenhanoi.com\/wp-content\/uploads\/2023\/04\/7EF96BC4-8DDB-472D-ADEE-48B20E243CDF.jpeg\" alt=\"\" width=\"525\" height=\"426\" srcset=\"https:\/\/cungtenhanoi.com\/wp-content\/uploads\/2023\/04\/7EF96BC4-8DDB-472D-ADEE-48B20E243CDF.jpeg 525w, https:\/\/cungtenhanoi.com\/wp-content\/uploads\/2023\/04\/7EF96BC4-8DDB-472D-ADEE-48B20E243CDF-493x400.jpeg 493w, https:\/\/cungtenhanoi.com\/wp-content\/uploads\/2023\/04\/7EF96BC4-8DDB-472D-ADEE-48B20E243CDF-64x52.jpeg 64w\" sizes=\"(max-width: 525px) 100vw, 525px\" \/><\/p>\n<p style=\"text-align: center;\"><img loading=\"lazy\" class=\"aligncenter  wp-image-15640\" src=\"https:\/\/cungtenhanoi.com\/wp-content\/uploads\/2023\/04\/993717EB-B235-42FF-9D3A-1392A1C50A04.jpeg\" alt=\"\" width=\"639\" height=\"639\" srcset=\"https:\/\/cungtenhanoi.com\/wp-content\/uploads\/2023\/04\/993717EB-B235-42FF-9D3A-1392A1C50A04.jpeg 800w, https:\/\/cungtenhanoi.com\/wp-content\/uploads\/2023\/04\/993717EB-B235-42FF-9D3A-1392A1C50A04-400x400.jpeg 400w, https:\/\/cungtenhanoi.com\/wp-content\/uploads\/2023\/04\/993717EB-B235-42FF-9D3A-1392A1C50A04-280x280.jpeg 280w, https:\/\/cungtenhanoi.com\/wp-content\/uploads\/2023\/04\/993717EB-B235-42FF-9D3A-1392A1C50A04-768x768.jpeg 768w, https:\/\/cungtenhanoi.com\/wp-content\/uploads\/2023\/04\/993717EB-B235-42FF-9D3A-1392A1C50A04-45x45.jpeg 45w, https:\/\/cungtenhanoi.com\/wp-content\/uploads\/2023\/04\/993717EB-B235-42FF-9D3A-1392A1C50A04-300x300.jpeg 300w, https:\/\/cungtenhanoi.com\/wp-content\/uploads\/2023\/04\/993717EB-B235-42FF-9D3A-1392A1C50A04-600x600.jpeg 600w, https:\/\/cungtenhanoi.com\/wp-content\/uploads\/2023\/04\/993717EB-B235-42FF-9D3A-1392A1C50A04-100x100.jpeg 100w, https:\/\/cungtenhanoi.com\/wp-content\/uploads\/2023\/04\/993717EB-B235-42FF-9D3A-1392A1C50A04-64x64.jpeg 64w\" sizes=\"(max-width: 639px) 100vw, 639px\" \/><\/p>\n<p style=\"text-align: center;\"><img loading=\"lazy\" class=\"aligncenter size-full wp-image-15641\" src=\"https:\/\/cungtenhanoi.com\/wp-content\/uploads\/2023\/04\/FB4B8E09-1F12-4651-B3BA-9991F2632197.jpeg\" alt=\"\" width=\"338\" height=\"515\" srcset=\"https:\/\/cungtenhanoi.com\/wp-content\/uploads\/2023\/04\/FB4B8E09-1F12-4651-B3BA-9991F2632197.jpeg 338w, https:\/\/cungtenhanoi.com\/wp-content\/uploads\/2023\/04\/FB4B8E09-1F12-4651-B3BA-9991F2632197-263x400.jpeg 263w, https:\/\/cungtenhanoi.com\/wp-content\/uploads\/2023\/04\/FB4B8E09-1F12-4651-B3BA-9991F2632197-64x98.jpeg 64w\" sizes=\"(max-width: 338px) 100vw, 338px\" \/><\/p>\n<p style=\"text-align: center;\"><img loading=\"lazy\" class=\"aligncenter size-full wp-image-15642\" src=\"https:\/\/cungtenhanoi.com\/wp-content\/uploads\/2023\/04\/DF6D6EB5-B62A-4881-970A-DC7F837ED9D3.jpeg\" alt=\"\" width=\"450\" height=\"513\" srcset=\"https:\/\/cungtenhanoi.com\/wp-content\/uploads\/2023\/04\/DF6D6EB5-B62A-4881-970A-DC7F837ED9D3.jpeg 450w, https:\/\/cungtenhanoi.com\/wp-content\/uploads\/2023\/04\/DF6D6EB5-B62A-4881-970A-DC7F837ED9D3-351x400.jpeg 351w, https:\/\/cungtenhanoi.com\/wp-content\/uploads\/2023\/04\/DF6D6EB5-B62A-4881-970A-DC7F837ED9D3-64x73.jpeg 64w\" sizes=\"(max-width: 450px) 100vw, 450px\" \/><\/p>\n<p style=\"text-align: center;\"><img loading=\"lazy\" class=\"aligncenter size-full wp-image-15643\" src=\"https:\/\/cungtenhanoi.com\/wp-content\/uploads\/2023\/04\/F73E7A71-4710-4722-A6E6-FCF110522C44.jpeg\" alt=\"\" width=\"800\" height=\"800\" srcset=\"https:\/\/cungtenhanoi.com\/wp-content\/uploads\/2023\/04\/F73E7A71-4710-4722-A6E6-FCF110522C44.jpeg 800w, https:\/\/cungtenhanoi.com\/wp-content\/uploads\/2023\/04\/F73E7A71-4710-4722-A6E6-FCF110522C44-400x400.jpeg 400w, https:\/\/cungtenhanoi.com\/wp-content\/uploads\/2023\/04\/F73E7A71-4710-4722-A6E6-FCF110522C44-280x280.jpeg 280w, https:\/\/cungtenhanoi.com\/wp-content\/uploads\/2023\/04\/F73E7A71-4710-4722-A6E6-FCF110522C44-768x768.jpeg 768w, https:\/\/cungtenhanoi.com\/wp-content\/uploads\/2023\/04\/F73E7A71-4710-4722-A6E6-FCF110522C44-45x45.jpeg 45w, https:\/\/cungtenhanoi.com\/wp-content\/uploads\/2023\/04\/F73E7A71-4710-4722-A6E6-FCF110522C44-300x300.jpeg 300w, https:\/\/cungtenhanoi.com\/wp-content\/uploads\/2023\/04\/F73E7A71-4710-4722-A6E6-FCF110522C44-600x600.jpeg 600w, https:\/\/cungtenhanoi.com\/wp-content\/uploads\/2023\/04\/F73E7A71-4710-4722-A6E6-FCF110522C44-100x100.jpeg 100w, https:\/\/cungtenhanoi.com\/wp-content\/uploads\/2023\/04\/F73E7A71-4710-4722-A6E6-FCF110522C44-64x64.jpeg 64w\" sizes=\"(max-width: 800px) 100vw, 800px\" \/><\/p>\n<p style=\"text-align: center;\"><img loading=\"lazy\" class=\"aligncenter size-full wp-image-15644\" src=\"https:\/\/cungtenhanoi.com\/wp-content\/uploads\/2023\/04\/B500C19F-1E09-4850-B8B6-70FA82F6C7CC.jpeg\" alt=\"\" width=\"800\" height=\"800\" srcset=\"https:\/\/cungtenhanoi.com\/wp-content\/uploads\/2023\/04\/B500C19F-1E09-4850-B8B6-70FA82F6C7CC.jpeg 800w, https:\/\/cungtenhanoi.com\/wp-content\/uploads\/2023\/04\/B500C19F-1E09-4850-B8B6-70FA82F6C7CC-400x400.jpeg 400w, https:\/\/cungtenhanoi.com\/wp-content\/uploads\/2023\/04\/B500C19F-1E09-4850-B8B6-70FA82F6C7CC-280x280.jpeg 280w, https:\/\/cungtenhanoi.com\/wp-content\/uploads\/2023\/04\/B500C19F-1E09-4850-B8B6-70FA82F6C7CC-768x768.jpeg 768w, https:\/\/cungtenhanoi.com\/wp-content\/uploads\/2023\/04\/B500C19F-1E09-4850-B8B6-70FA82F6C7CC-45x45.jpeg 45w, https:\/\/cungtenhanoi.com\/wp-content\/uploads\/2023\/04\/B500C19F-1E09-4850-B8B6-70FA82F6C7CC-300x300.jpeg 300w, https:\/\/cungtenhanoi.com\/wp-content\/uploads\/2023\/04\/B500C19F-1E09-4850-B8B6-70FA82F6C7CC-600x600.jpeg 600w, https:\/\/cungtenhanoi.com\/wp-content\/uploads\/2023\/04\/B500C19F-1E09-4850-B8B6-70FA82F6C7CC-100x100.jpeg 100w, https:\/\/cungtenhanoi.com\/wp-content\/uploads\/2023\/04\/B500C19F-1E09-4850-B8B6-70FA82F6C7CC-64x64.jpeg 64w\" sizes=\"(max-width: 800px) 100vw, 800px\" \/><\/p>\n<p style=\"text-align: center;\"><img loading=\"lazy\" class=\"aligncenter size-full wp-image-15645\" src=\"https:\/\/cungtenhanoi.com\/wp-content\/uploads\/2023\/04\/91507440-E035-47A6-A9EC-693A8F328756.jpeg\" alt=\"\" width=\"800\" height=\"800\" srcset=\"https:\/\/cungtenhanoi.com\/wp-content\/uploads\/2023\/04\/91507440-E035-47A6-A9EC-693A8F328756.jpeg 800w, https:\/\/cungtenhanoi.com\/wp-content\/uploads\/2023\/04\/91507440-E035-47A6-A9EC-693A8F328756-400x400.jpeg 400w, https:\/\/cungtenhanoi.com\/wp-content\/uploads\/2023\/04\/91507440-E035-47A6-A9EC-693A8F328756-280x280.jpeg 280w, https:\/\/cungtenhanoi.com\/wp-content\/uploads\/2023\/04\/91507440-E035-47A6-A9EC-693A8F328756-768x768.jpeg 768w, https:\/\/cungtenhanoi.com\/wp-content\/uploads\/2023\/04\/91507440-E035-47A6-A9EC-693A8F328756-45x45.jpeg 45w, https:\/\/cungtenhanoi.com\/wp-content\/uploads\/2023\/04\/91507440-E035-47A6-A9EC-693A8F328756-300x300.jpeg 300w, https:\/\/cungtenhanoi.com\/wp-content\/uploads\/2023\/04\/91507440-E035-47A6-A9EC-693A8F328756-600x600.jpeg 600w, https:\/\/cungtenhanoi.com\/wp-content\/uploads\/2023\/04\/91507440-E035-47A6-A9EC-693A8F328756-100x100.jpeg 100w, https:\/\/cungtenhanoi.com\/wp-content\/uploads\/2023\/04\/91507440-E035-47A6-A9EC-693A8F328756-64x64.jpeg 64w\" sizes=\"(max-width: 800px) 100vw, 800px\" \/><\/p>\n<p style=\"text-align: center;\"><img loading=\"lazy\" class=\"aligncenter size-full wp-image-15646\" src=\"https:\/\/cungtenhanoi.com\/wp-content\/uploads\/2023\/04\/4E0FA424-C7FF-443A-A6B6-77AD09070E92.jpeg\" alt=\"\" width=\"800\" height=\"800\" srcset=\"https:\/\/cungtenhanoi.com\/wp-content\/uploads\/2023\/04\/4E0FA424-C7FF-443A-A6B6-77AD09070E92.jpeg 800w, https:\/\/cungtenhanoi.com\/wp-content\/uploads\/2023\/04\/4E0FA424-C7FF-443A-A6B6-77AD09070E92-400x400.jpeg 400w, https:\/\/cungtenhanoi.com\/wp-content\/uploads\/2023\/04\/4E0FA424-C7FF-443A-A6B6-77AD09070E92-280x280.jpeg 280w, https:\/\/cungtenhanoi.com\/wp-content\/uploads\/2023\/04\/4E0FA424-C7FF-443A-A6B6-77AD09070E92-768x768.jpeg 768w, https:\/\/cungtenhanoi.com\/wp-content\/uploads\/2023\/04\/4E0FA424-C7FF-443A-A6B6-77AD09070E92-45x45.jpeg 45w, https:\/\/cungtenhanoi.com\/wp-content\/uploads\/2023\/04\/4E0FA424-C7FF-443A-A6B6-77AD09070E92-300x300.jpeg 300w, https:\/\/cungtenhanoi.com\/wp-content\/uploads\/2023\/04\/4E0FA424-C7FF-443A-A6B6-77AD09070E92-600x600.jpeg 600w, https:\/\/cungtenhanoi.com\/wp-content\/uploads\/2023\/04\/4E0FA424-C7FF-443A-A6B6-77AD09070E92-100x100.jpeg 100w, https:\/\/cungtenhanoi.com\/wp-content\/uploads\/2023\/04\/4E0FA424-C7FF-443A-A6B6-77AD09070E92-64x64.jpeg 64w\" sizes=\"(max-width: 800px) 100vw, 800px\" \/><\/p>\n<p style=\"text-align: center;\"><img loading=\"lazy\" class=\"aligncenter size-full wp-image-15647\" src=\"https:\/\/cungtenhanoi.com\/wp-content\/uploads\/2023\/04\/E736781C-CB99-4AEA-8796-F83E0625B462.jpeg\" alt=\"\" width=\"800\" height=\"800\" srcset=\"https:\/\/cungtenhanoi.com\/wp-content\/uploads\/2023\/04\/E736781C-CB99-4AEA-8796-F83E0625B462.jpeg 800w, https:\/\/cungtenhanoi.com\/wp-content\/uploads\/2023\/04\/E736781C-CB99-4AEA-8796-F83E0625B462-400x400.jpeg 400w, https:\/\/cungtenhanoi.com\/wp-content\/uploads\/2023\/04\/E736781C-CB99-4AEA-8796-F83E0625B462-280x280.jpeg 280w, https:\/\/cungtenhanoi.com\/wp-content\/uploads\/2023\/04\/E736781C-CB99-4AEA-8796-F83E0625B462-768x768.jpeg 768w, https:\/\/cungtenhanoi.com\/wp-content\/uploads\/2023\/04\/E736781C-CB99-4AEA-8796-F83E0625B462-45x45.jpeg 45w, https:\/\/cungtenhanoi.com\/wp-content\/uploads\/2023\/04\/E736781C-CB99-4AEA-8796-F83E0625B462-300x300.jpeg 300w, https:\/\/cungtenhanoi.com\/wp-content\/uploads\/2023\/04\/E736781C-CB99-4AEA-8796-F83E0625B462-600x600.jpeg 600w, https:\/\/cungtenhanoi.com\/wp-content\/uploads\/2023\/04\/E736781C-CB99-4AEA-8796-F83E0625B462-100x100.jpeg 100w, https:\/\/cungtenhanoi.com\/wp-content\/uploads\/2023\/04\/E736781C-CB99-4AEA-8796-F83E0625B462-64x64.jpeg 64w\" sizes=\"(max-width: 800px) 100vw, 800px\" \/><\/p>\n<p>&nbsp;<\/p>\n","protected":false},"excerpt":{"rendered":"<p>L\u1ea5y c\u1ea3m h\u1ee9ng t\u1eeb Formula c\u1ee7a Hoyt, H8 l\u00e0 d\u00f2ng cung c\u1ea3i ti\u1ebfn c\u1ee7a Junxing gi\u00fap ng\u01b0\u1eddi ch\u01a1i c\u00f3 th\u1ec3 ti\u1ebfp c\u1eadn v\u1edbi 1 c\u00e2y cung cao c\u1ea5p v\u1edbi gi\u00e1 th\u00e0nh d\u1ec5 ch\u1ecbu h\u01a1n r\u1ea5t nhi\u1ec1u, l\u00e0 d\u00f2ng chuy\u00ean cho target n\u00ean \u0111\u1ed9 ho\u00e0n thi\u1ec7n v\u00e0 hi\u1ec7u qu\u1ea3 r\u1ea5t cao Ph\u00f9 h\u1ee3p v\u1edbi ng\u01b0\u1eddi m\u1edbi<\/p>\n","protected":false},"featured_media":15639,"comment_status":"open","ping_status":"closed","template":"","meta":[],"product_cat":[17],"product_tag":[198,257,1334,1333],"acf":[],"yoast_head":"<!-- This site is optimized with the Yoast SEO plugin v19.8 - https:\/\/yoast.com\/wordpress\/plugins\/seo\/ -->\n<title>Formula H8 - Cung T\u00ean H\u00e0 N\u1ed9i<\/title>\n<meta name=\"description\" content=\"Mua cung t\u00ean, Mua cung t\u00ean th\u1ec3 thao, Mua cung t\u00ean H\u00e0 N\u1ed9i, Mua cung t\u00ean ch\u00ednh h\u00e3ng, Mua cung t\u00ean S\u00e0i g\u00f2n, Cung t\u00ean truy\u1ec1n th\u1ed1ng, Cung tr\u1ee3 l\u1ef1c, Cung 3 d\u00e2y, Cung compound, Cung 1 d\u00e2y, Cung recurve, B\u1eafn cung, Ph\u1ee5 ki\u1ec7n b\u1eafn cung, Mua m\u0169i t\u00ean b\u1eafn cung, H8\" \/>\n<meta name=\"robots\" content=\"index, follow, max-snippet:-1, max-image-preview:large, max-video-preview:-1\" \/>\n<link rel=\"canonical\" href=\"https:\/\/cungtenhanoi.com\/?product=formula-h8\" \/>\n<meta property=\"og:locale\" content=\"vi_VN\" \/>\n<meta property=\"og:type\" content=\"article\" \/>\n<meta property=\"og:title\" content=\"Formula H8 - Cung T\u00ean H\u00e0 N\u1ed9i\" \/>\n<meta property=\"og:description\" content=\"Mua cung t\u00ean, Mua cung t\u00ean th\u1ec3 thao, Mua cung t\u00ean H\u00e0 N\u1ed9i, Mua cung t\u00ean ch\u00ednh h\u00e3ng, Mua cung t\u00ean S\u00e0i g\u00f2n, Cung t\u00ean truy\u1ec1n th\u1ed1ng, Cung tr\u1ee3 l\u1ef1c, Cung 3 d\u00e2y, Cung compound, Cung 1 d\u00e2y, Cung recurve, B\u1eafn cung, Ph\u1ee5 ki\u1ec7n b\u1eafn cung, Mua m\u0169i t\u00ean b\u1eafn cung, H8\" \/>\n<meta property=\"og:url\" content=\"https:\/\/cungtenhanoi.com\/?product=formula-h8\" \/>\n<meta property=\"og:site_name\" content=\"Cung T\u00ean H\u00e0 N\u1ed9i\" \/>\n<meta property=\"article:modified_time\" content=\"2025-05-08T07:37:00+00:00\" \/>\n<meta property=\"og:image\" content=\"https:\/\/cungtenhanoi.com\/wp-content\/uploads\/2023\/04\/7EF96BC4-8DDB-472D-ADEE-48B20E243CDF.jpeg\" \/>\n\t<meta property=\"og:image:width\" content=\"525\" \/>\n\t<meta property=\"og:image:height\" content=\"426\" \/>\n\t<meta property=\"og:image:type\" content=\"image\/jpeg\" \/>\n<meta name=\"twitter:card\" content=\"summary_large_image\" \/>\n<meta name=\"twitter:label1\" content=\"\u01af\u1edbc t\u00ednh th\u1eddi gian \u0111\u1ecdc\" \/>\n\t<meta name=\"twitter:data1\" content=\"3 ph\u00fat\" \/>\n<script type=\"application\/ld+json\" class=\"yoast-schema-graph\">{\"@context\":\"https:\/\/schema.org\",\"@graph\":[{\"@type\":\"WebPage\",\"@id\":\"https:\/\/cungtenhanoi.com\/?product=formula-h8\",\"url\":\"https:\/\/cungtenhanoi.com\/?product=formula-h8\",\"name\":\"Formula H8 - Cung T\u00ean H\u00e0 N\u1ed9i\",\"isPartOf\":{\"@id\":\"https:\/\/cungtenhanoi.com\/#website\"},\"datePublished\":\"2023-04-21T15:31:28+00:00\",\"dateModified\":\"2025-05-08T07:37:00+00:00\",\"description\":\"Mua cung t\u00ean, Mua cung t\u00ean th\u1ec3 thao, Mua cung t\u00ean H\u00e0 N\u1ed9i, Mua cung t\u00ean ch\u00ednh h\u00e3ng, Mua cung t\u00ean S\u00e0i g\u00f2n, Cung t\u00ean truy\u1ec1n th\u1ed1ng, Cung tr\u1ee3 l\u1ef1c, Cung 3 d\u00e2y, Cung compound, Cung 1 d\u00e2y, Cung recurve, B\u1eafn cung, Ph\u1ee5 ki\u1ec7n b\u1eafn cung, Mua m\u0169i t\u00ean b\u1eafn cung, H8\",\"breadcrumb\":{\"@id\":\"https:\/\/cungtenhanoi.com\/?product=formula-h8#breadcrumb\"},\"inLanguage\":\"vi\",\"potentialAction\":[{\"@type\":\"ReadAction\",\"target\":[\"https:\/\/cungtenhanoi.com\/?product=formula-h8\"]}]},{\"@type\":\"BreadcrumbList\",\"@id\":\"https:\/\/cungtenhanoi.com\/?product=formula-h8#breadcrumb\",\"itemListElement\":[{\"@type\":\"ListItem\",\"position\":1,\"name\":\"Trang ch\u1ee7\",\"item\":\"https:\/\/cungtenhanoi.com\/\"},{\"@type\":\"ListItem\",\"position\":2,\"name\":\"Shop\",\"item\":\"https:\/\/cungtenhanoi.com\/?page_id=6\"},{\"@type\":\"ListItem\",\"position\":3,\"name\":\"Cung\",\"item\":\"https:\/\/cungtenhanoi.com\/danh-muc\/cung\/\"},{\"@type\":\"ListItem\",\"position\":4,\"name\":\"Formula H8\"}]},{\"@type\":\"WebSite\",\"@id\":\"https:\/\/cungtenhanoi.com\/#website\",\"url\":\"https:\/\/cungtenhanoi.com\/\",\"name\":\"Cung T\u00ean H\u00e0 N\u1ed9i\",\"description\":\"Cung c\u1ea5p c\u00e1c lo\u1ea1i cung t\u00ean th\u1ec3 thao s\u1ed1 1 Vi\u1ec7t Nam\",\"publisher\":{\"@id\":\"https:\/\/cungtenhanoi.com\/#organization\"},\"potentialAction\":[{\"@type\":\"SearchAction\",\"target\":{\"@type\":\"EntryPoint\",\"urlTemplate\":\"https:\/\/cungtenhanoi.com\/?s={search_term_string}\"},\"query-input\":\"required name=search_term_string\"}],\"inLanguage\":\"vi\"},{\"@type\":\"Organization\",\"@id\":\"https:\/\/cungtenhanoi.com\/#organization\",\"name\":\"Cung T\u00ean H\u00e0 N\u1ed9i\",\"url\":\"https:\/\/cungtenhanoi.com\/\",\"sameAs\":[],\"logo\":{\"@type\":\"ImageObject\",\"inLanguage\":\"vi\",\"@id\":\"https:\/\/cungtenhanoi.com\/#\/schema\/logo\/image\/\",\"url\":\"https:\/\/cungtenhanoi.com\/wp-content\/uploads\/2025\/05\/logo-den-trang.jpg\",\"contentUrl\":\"https:\/\/cungtenhanoi.com\/wp-content\/uploads\/2025\/05\/logo-den-trang.jpg\",\"width\":450,\"height\":450,\"caption\":\"Cung T\u00ean H\u00e0 N\u1ed9i\"},\"image\":{\"@id\":\"https:\/\/cungtenhanoi.com\/#\/schema\/logo\/image\/\"}}]}<\/script>\n<!-- \/ Yoast SEO plugin. -->","yoast_head_json":{"title":"Formula H8 - Cung T\u00ean H\u00e0 N\u1ed9i","description":"Mua cung t\u00ean, Mua cung t\u00ean th\u1ec3 thao, Mua cung t\u00ean H\u00e0 N\u1ed9i, Mua cung t\u00ean ch\u00ednh h\u00e3ng, Mua cung t\u00ean S\u00e0i g\u00f2n, Cung t\u00ean truy\u1ec1n th\u1ed1ng, Cung tr\u1ee3 l\u1ef1c, Cung 3 d\u00e2y, Cung compound, Cung 1 d\u00e2y, Cung recurve, B\u1eafn cung, Ph\u1ee5 ki\u1ec7n b\u1eafn cung, Mua m\u0169i t\u00ean b\u1eafn cung, H8","robots":{"index":"index","follow":"follow","max-snippet":"max-snippet:-1","max-image-preview":"max-image-preview:large","max-video-preview":"max-video-preview:-1"},"canonical":"https:\/\/cungtenhanoi.com\/?product=formula-h8","og_locale":"vi_VN","og_type":"article","og_title":"Formula H8 - Cung T\u00ean H\u00e0 N\u1ed9i","og_description":"Mua cung t\u00ean, Mua cung t\u00ean th\u1ec3 thao, Mua cung t\u00ean H\u00e0 N\u1ed9i, Mua cung t\u00ean ch\u00ednh h\u00e3ng, Mua cung t\u00ean S\u00e0i g\u00f2n, Cung t\u00ean truy\u1ec1n th\u1ed1ng, Cung tr\u1ee3 l\u1ef1c, Cung 3 d\u00e2y, Cung compound, Cung 1 d\u00e2y, Cung recurve, B\u1eafn cung, Ph\u1ee5 ki\u1ec7n b\u1eafn cung, Mua m\u0169i t\u00ean b\u1eafn cung, H8","og_url":"https:\/\/cungtenhanoi.com\/?product=formula-h8","og_site_name":"Cung T\u00ean H\u00e0 N\u1ed9i","article_modified_time":"2025-05-08T07:37:00+00:00","og_image":[{"width":525,"height":426,"url":"https:\/\/cungtenhanoi.com\/wp-content\/uploads\/2023\/04\/7EF96BC4-8DDB-472D-ADEE-48B20E243CDF.jpeg","type":"image\/jpeg"}],"twitter_card":"summary_large_image","twitter_misc":{"\u01af\u1edbc t\u00ednh th\u1eddi gian \u0111\u1ecdc":"3 ph\u00fat"},"schema":{"@context":"https:\/\/schema.org","@graph":[{"@type":"WebPage","@id":"https:\/\/cungtenhanoi.com\/?product=formula-h8","url":"https:\/\/cungtenhanoi.com\/?product=formula-h8","name":"Formula H8 - Cung T\u00ean H\u00e0 N\u1ed9i","isPartOf":{"@id":"https:\/\/cungtenhanoi.com\/#website"},"datePublished":"2023-04-21T15:31:28+00:00","dateModified":"2025-05-08T07:37:00+00:00","description":"Mua cung t\u00ean, Mua cung t\u00ean th\u1ec3 thao, Mua cung t\u00ean H\u00e0 N\u1ed9i, Mua cung t\u00ean ch\u00ednh h\u00e3ng, Mua cung t\u00ean S\u00e0i g\u00f2n, Cung t\u00ean truy\u1ec1n th\u1ed1ng, Cung tr\u1ee3 l\u1ef1c, Cung 3 d\u00e2y, Cung compound, Cung 1 d\u00e2y, Cung recurve, B\u1eafn cung, Ph\u1ee5 ki\u1ec7n b\u1eafn cung, Mua m\u0169i t\u00ean b\u1eafn cung, H8","breadcrumb":{"@id":"https:\/\/cungtenhanoi.com\/?product=formula-h8#breadcrumb"},"inLanguage":"vi","potentialAction":[{"@type":"ReadAction","target":["https:\/\/cungtenhanoi.com\/?product=formula-h8"]}]},{"@type":"BreadcrumbList","@id":"https:\/\/cungtenhanoi.com\/?product=formula-h8#breadcrumb","itemListElement":[{"@type":"ListItem","position":1,"name":"Trang ch\u1ee7","item":"https:\/\/cungtenhanoi.com\/"},{"@type":"ListItem","position":2,"name":"Shop","item":"https:\/\/cungtenhanoi.com\/?page_id=6"},{"@type":"ListItem","position":3,"name":"Cung","item":"https:\/\/cungtenhanoi.com\/danh-muc\/cung\/"},{"@type":"ListItem","position":4,"name":"Formula H8"}]},{"@type":"WebSite","@id":"https:\/\/cungtenhanoi.com\/#website","url":"https:\/\/cungtenhanoi.com\/","name":"Cung T\u00ean H\u00e0 N\u1ed9i","description":"Cung c\u1ea5p c\u00e1c lo\u1ea1i cung t\u00ean th\u1ec3 thao s\u1ed1 1 Vi\u1ec7t Nam","publisher":{"@id":"https:\/\/cungtenhanoi.com\/#organization"},"potentialAction":[{"@type":"SearchAction","target":{"@type":"EntryPoint","urlTemplate":"https:\/\/cungtenhanoi.com\/?s={search_term_string}"},"query-input":"required name=search_term_string"}],"inLanguage":"vi"},{"@type":"Organization","@id":"https:\/\/cungtenhanoi.com\/#organization","name":"Cung T\u00ean H\u00e0 N\u1ed9i","url":"https:\/\/cungtenhanoi.com\/","sameAs":[],"logo":{"@type":"ImageObject","inLanguage":"vi","@id":"https:\/\/cungtenhanoi.com\/#\/schema\/logo\/image\/","url":"https:\/\/cungtenhanoi.com\/wp-content\/uploads\/2025\/05\/logo-den-trang.jpg","contentUrl":"https:\/\/cungtenhanoi.com\/wp-content\/uploads\/2025\/05\/logo-den-trang.jpg","width":450,"height":450,"caption":"Cung T\u00ean H\u00e0 N\u1ed9i"},"image":{"@id":"https:\/\/cungtenhanoi.com\/#\/schema\/logo\/image\/"}}]}},"_links":{"self":[{"href":"https:\/\/cungtenhanoi.com\/index.php?rest_route=\/wp\/v2\/product\/15638"}],"collection":[{"href":"https:\/\/cungtenhanoi.com\/index.php?rest_route=\/wp\/v2\/product"}],"about":[{"href":"https:\/\/cungtenhanoi.com\/index.php?rest_route=\/wp\/v2\/types\/product"}],"replies":[{"embeddable":true,"href":"https:\/\/cungtenhanoi.com\/index.php?rest_route=%2Fwp%2Fv2%2Fcomments&post=15638"}],"wp:featuredmedia":[{"embeddable":true,"href":"https:\/\/cungtenhanoi.com\/index.php?rest_route=\/wp\/v2\/media\/15639"}],"wp:attachment":[{"href":"https:\/\/cungtenhanoi.com\/index.php?rest_route=%2Fwp%2Fv2%2Fmedia&parent=15638"}],"wp:term":[{"taxonomy":"product_cat","embeddable":true,"href":"https:\/\/cungtenhanoi.com\/index.php?rest_route=%2Fwp%2Fv2%2Fproduct_cat&post=15638"},{"taxonomy":"product_tag","embeddable":true,"href":"https:\/\/cungtenhanoi.com\/index.php?rest_route=%2Fwp%2Fv2%2Fproduct_tag&post=15638"}],"curies":[{"name":"wp","href":"https:\/\/api.w.org\/{rel}","templated":true}]}}