{"id":15669,"date":"2023-05-05T23:57:54","date_gmt":"2023-05-05T16:57:54","guid":{"rendered":"https:\/\/cungtenhanoi.com\/?post_type=product&#038;p=15669"},"modified":"2026-05-13T18:24:52","modified_gmt":"2026-05-13T11:24:52","slug":"thuoc-ngam-tommy-hogg","status":"publish","type":"product","link":"https:\/\/cungtenhanoi.com\/?product=thuoc-ngam-tommy-hogg","title":{"rendered":"Th\u01b0\u1edbc ng\u1eafm Tommy Hogg"},"content":{"rendered":"<p style=\"text-align: center;\">Th\u01b0\u1edbc ng\u1eafm nh\u1ecf g\u1ecdn, ph\u00f9 h\u1ee3p v\u1edbi c\u00e1c d\u00f2ng hunting<br \/>\nTinh ch\u1ec9nh d\u1ec5 d\u00e0ng ti\u1ec7n l\u1ee3i<img loading=\"lazy\" class=\"aligncenter size-full wp-image-15670\" src=\"https:\/\/cungtenhanoi.com\/wp-content\/uploads\/2023\/05\/9B120274-642A-4500-80D2-C1767A6F4758.jpeg\" alt=\"\" width=\"700\" height=\"600\" srcset=\"https:\/\/cungtenhanoi.com\/wp-content\/uploads\/2023\/05\/9B120274-642A-4500-80D2-C1767A6F4758.jpeg 700w, https:\/\/cungtenhanoi.com\/wp-content\/uploads\/2023\/05\/9B120274-642A-4500-80D2-C1767A6F4758-467x400.jpeg 467w, https:\/\/cungtenhanoi.com\/wp-content\/uploads\/2023\/05\/9B120274-642A-4500-80D2-C1767A6F4758-600x514.jpeg 600w, https:\/\/cungtenhanoi.com\/wp-content\/uploads\/2023\/05\/9B120274-642A-4500-80D2-C1767A6F4758-64x55.jpeg 64w\" sizes=\"(max-width: 700px) 100vw, 700px\" \/> <img loading=\"lazy\" class=\"aligncenter size-full wp-image-15671\" src=\"https:\/\/cungtenhanoi.com\/wp-content\/uploads\/2023\/05\/3DF0924A-ED8C-4901-BB66-B236313D16C5.jpeg\" alt=\"\" width=\"500\" height=\"375\" srcset=\"https:\/\/cungtenhanoi.com\/wp-content\/uploads\/2023\/05\/3DF0924A-ED8C-4901-BB66-B236313D16C5.jpeg 500w, https:\/\/cungtenhanoi.com\/wp-content\/uploads\/2023\/05\/3DF0924A-ED8C-4901-BB66-B236313D16C5-64x48.jpeg 64w\" sizes=\"(max-width: 500px) 100vw, 500px\" \/> <img loading=\"lazy\" class=\"aligncenter size-full wp-image-15672\" src=\"https:\/\/cungtenhanoi.com\/wp-content\/uploads\/2023\/05\/1E7D9869-1EA8-42A7-8F6C-60F34695C78E.jpeg\" alt=\"\" width=\"1280\" height=\"720\" srcset=\"https:\/\/cungtenhanoi.com\/wp-content\/uploads\/2023\/05\/1E7D9869-1EA8-42A7-8F6C-60F34695C78E.jpeg 1280w, https:\/\/cungtenhanoi.com\/wp-content\/uploads\/2023\/05\/1E7D9869-1EA8-42A7-8F6C-60F34695C78E-711x400.jpeg 711w, https:\/\/cungtenhanoi.com\/wp-content\/uploads\/2023\/05\/1E7D9869-1EA8-42A7-8F6C-60F34695C78E-768x432.jpeg 768w, https:\/\/cungtenhanoi.com\/wp-content\/uploads\/2023\/05\/1E7D9869-1EA8-42A7-8F6C-60F34695C78E-600x338.jpeg 600w, https:\/\/cungtenhanoi.com\/wp-content\/uploads\/2023\/05\/1E7D9869-1EA8-42A7-8F6C-60F34695C78E-64x36.jpeg 64w\" sizes=\"(max-width: 1280px) 100vw, 1280px\" \/> <img loading=\"lazy\" class=\"aligncenter size-full wp-image-15674\" src=\"https:\/\/cungtenhanoi.com\/wp-content\/uploads\/2023\/05\/3CE57ADD-011A-4D58-81E9-4509FAC3CA23.jpeg\" alt=\"\" width=\"750\" height=\"900\" srcset=\"https:\/\/cungtenhanoi.com\/wp-content\/uploads\/2023\/05\/3CE57ADD-011A-4D58-81E9-4509FAC3CA23.jpeg 750w, https:\/\/cungtenhanoi.com\/wp-content\/uploads\/2023\/05\/3CE57ADD-011A-4D58-81E9-4509FAC3CA23-333x400.jpeg 333w, https:\/\/cungtenhanoi.com\/wp-content\/uploads\/2023\/05\/3CE57ADD-011A-4D58-81E9-4509FAC3CA23-667x800.jpeg 667w, https:\/\/cungtenhanoi.com\/wp-content\/uploads\/2023\/05\/3CE57ADD-011A-4D58-81E9-4509FAC3CA23-600x720.jpeg 600w, https:\/\/cungtenhanoi.com\/wp-content\/uploads\/2023\/05\/3CE57ADD-011A-4D58-81E9-4509FAC3CA23-64x77.jpeg 64w\" sizes=\"(max-width: 750px) 100vw, 750px\" \/> <img loading=\"lazy\" class=\"aligncenter size-full wp-image-15675\" src=\"https:\/\/cungtenhanoi.com\/wp-content\/uploads\/2023\/05\/07E5F3D0-E974-467B-B6BC-7FB603E25DA6.jpeg\" alt=\"\" width=\"750\" height=\"950\" srcset=\"https:\/\/cungtenhanoi.com\/wp-content\/uploads\/2023\/05\/07E5F3D0-E974-467B-B6BC-7FB603E25DA6.jpeg 750w, https:\/\/cungtenhanoi.com\/wp-content\/uploads\/2023\/05\/07E5F3D0-E974-467B-B6BC-7FB603E25DA6-316x400.jpeg 316w, https:\/\/cungtenhanoi.com\/wp-content\/uploads\/2023\/05\/07E5F3D0-E974-467B-B6BC-7FB603E25DA6-632x800.jpeg 632w, https:\/\/cungtenhanoi.com\/wp-content\/uploads\/2023\/05\/07E5F3D0-E974-467B-B6BC-7FB603E25DA6-600x760.jpeg 600w, https:\/\/cungtenhanoi.com\/wp-content\/uploads\/2023\/05\/07E5F3D0-E974-467B-B6BC-7FB603E25DA6-64x81.jpeg 64w\" sizes=\"(max-width: 750px) 100vw, 750px\" \/><\/p>\n","protected":false},"excerpt":{"rendered":"<p>Th\u01b0\u1edbc ng\u1eafm nh\u1ecf g\u1ecdn, ph\u00f9 h\u1ee3p v\u1edbi c\u00e1c d\u00f2ng hunting Tinh ch\u1ec9nh d\u1ec5 d\u00e0ng ti\u1ec7n l\u1ee3i<\/p>\n","protected":false},"featured_media":15670,"comment_status":"open","ping_status":"closed","template":"","meta":[],"product_cat":[20],"product_tag":[198,34,86,257,56,225,383,224,399],"acf":[],"yoast_head":"<!-- This site is optimized with the Yoast SEO plugin v19.8 - https:\/\/yoast.com\/wordpress\/plugins\/seo\/ -->\n<title>Th\u01b0\u1edbc ng\u1eafm Tommy Hogg - Cung T\u00ean H\u00e0 N\u1ed9i<\/title>\n<meta name=\"description\" content=\"mua cung t\u00ean th\u1ec3 thao, mua cung t\u00ean t\u1ea1i h\u00e0 n\u1ed9i, cung tr\u1ee3 l\u1ef1c, cung compound, cung t\u00ean ch\u00ednh h\u00e3ng, cung t\u00ean m\u1ea1nh,cung t\u00ean h\u00e0 n\u1ed9i, cung t\u00ean , mua cung t\u00ean S\u00e0i g\u00f2n , mua m\u0169i t\u00ean b\u1eafn cung , cung b\u1eafn bi s\u1eaft , cung t\u00ean mini, th\u01b0\u1edbc ng\u1eafm, th\u01b0\u1edbc ng\u1eafm b\u1eafn cung\" \/>\n<meta name=\"robots\" content=\"index, follow, max-snippet:-1, max-image-preview:large, max-video-preview:-1\" \/>\n<link rel=\"canonical\" href=\"https:\/\/cungtenhanoi.com\/?product=thuoc-ngam-tommy-hogg\" \/>\n<meta property=\"og:locale\" content=\"vi_VN\" \/>\n<meta property=\"og:type\" content=\"article\" \/>\n<meta property=\"og:title\" content=\"Th\u01b0\u1edbc ng\u1eafm Tommy Hogg - Cung T\u00ean H\u00e0 N\u1ed9i\" \/>\n<meta property=\"og:description\" content=\"mua cung t\u00ean th\u1ec3 thao, mua cung t\u00ean t\u1ea1i h\u00e0 n\u1ed9i, cung tr\u1ee3 l\u1ef1c, cung compound, cung t\u00ean ch\u00ednh h\u00e3ng, cung t\u00ean m\u1ea1nh,cung t\u00ean h\u00e0 n\u1ed9i, cung t\u00ean , mua cung t\u00ean S\u00e0i g\u00f2n , mua m\u0169i t\u00ean b\u1eafn cung , cung b\u1eafn bi s\u1eaft , cung t\u00ean mini, th\u01b0\u1edbc ng\u1eafm, th\u01b0\u1edbc ng\u1eafm b\u1eafn cung\" \/>\n<meta property=\"og:url\" content=\"https:\/\/cungtenhanoi.com\/?product=thuoc-ngam-tommy-hogg\" \/>\n<meta property=\"og:site_name\" content=\"Cung T\u00ean H\u00e0 N\u1ed9i\" \/>\n<meta property=\"article:modified_time\" content=\"2026-05-13T11:24:52+00:00\" \/>\n<meta property=\"og:image\" content=\"https:\/\/cungtenhanoi.com\/wp-content\/uploads\/2023\/05\/9B120274-642A-4500-80D2-C1767A6F4758.jpeg\" \/>\n\t<meta property=\"og:image:width\" content=\"700\" \/>\n\t<meta property=\"og:image:height\" content=\"600\" \/>\n\t<meta property=\"og:image:type\" content=\"image\/jpeg\" \/>\n<meta name=\"twitter:card\" content=\"summary_large_image\" \/>\n<meta name=\"twitter:label1\" content=\"\u01af\u1edbc t\u00ednh th\u1eddi gian \u0111\u1ecdc\" \/>\n\t<meta name=\"twitter:data1\" content=\"2 ph\u00fat\" \/>\n<script type=\"application\/ld+json\" class=\"yoast-schema-graph\">{\"@context\":\"https:\/\/schema.org\",\"@graph\":[{\"@type\":\"WebPage\",\"@id\":\"https:\/\/cungtenhanoi.com\/?product=thuoc-ngam-tommy-hogg\",\"url\":\"https:\/\/cungtenhanoi.com\/?product=thuoc-ngam-tommy-hogg\",\"name\":\"Th\u01b0\u1edbc ng\u1eafm Tommy Hogg - Cung T\u00ean H\u00e0 N\u1ed9i\",\"isPartOf\":{\"@id\":\"https:\/\/cungtenhanoi.com\/#website\"},\"datePublished\":\"2023-05-05T16:57:54+00:00\",\"dateModified\":\"2026-05-13T11:24:52+00:00\",\"description\":\"mua cung t\u00ean th\u1ec3 thao, mua cung t\u00ean t\u1ea1i h\u00e0 n\u1ed9i, cung tr\u1ee3 l\u1ef1c, cung compound, cung t\u00ean ch\u00ednh h\u00e3ng, cung t\u00ean m\u1ea1nh,cung t\u00ean h\u00e0 n\u1ed9i, cung t\u00ean , mua cung t\u00ean S\u00e0i g\u00f2n , mua m\u0169i t\u00ean b\u1eafn cung , cung b\u1eafn bi s\u1eaft , cung t\u00ean mini, th\u01b0\u1edbc ng\u1eafm, th\u01b0\u1edbc ng\u1eafm b\u1eafn cung\",\"breadcrumb\":{\"@id\":\"https:\/\/cungtenhanoi.com\/?product=thuoc-ngam-tommy-hogg#breadcrumb\"},\"inLanguage\":\"vi\",\"potentialAction\":[{\"@type\":\"ReadAction\",\"target\":[\"https:\/\/cungtenhanoi.com\/?product=thuoc-ngam-tommy-hogg\"]}]},{\"@type\":\"BreadcrumbList\",\"@id\":\"https:\/\/cungtenhanoi.com\/?product=thuoc-ngam-tommy-hogg#breadcrumb\",\"itemListElement\":[{\"@type\":\"ListItem\",\"position\":1,\"name\":\"Trang ch\u1ee7\",\"item\":\"https:\/\/cungtenhanoi.com\/\"},{\"@type\":\"ListItem\",\"position\":2,\"name\":\"Shop\",\"item\":\"https:\/\/cungtenhanoi.com\/?page_id=6\"},{\"@type\":\"ListItem\",\"position\":3,\"name\":\"Ph\u1ee5 ki\u1ec7n\",\"item\":\"https:\/\/cungtenhanoi.com\/danh-muc\/phu-kien\/\"},{\"@type\":\"ListItem\",\"position\":4,\"name\":\"Th\u01b0\u1edbc ng\u1eafm Tommy Hogg\"}]},{\"@type\":\"WebSite\",\"@id\":\"https:\/\/cungtenhanoi.com\/#website\",\"url\":\"https:\/\/cungtenhanoi.com\/\",\"name\":\"Cung T\u00ean H\u00e0 N\u1ed9i\",\"description\":\"Cung c\u1ea5p c\u00e1c lo\u1ea1i cung t\u00ean th\u1ec3 thao s\u1ed1 1 Vi\u1ec7t Nam\",\"publisher\":{\"@id\":\"https:\/\/cungtenhanoi.com\/#organization\"},\"potentialAction\":[{\"@type\":\"SearchAction\",\"target\":{\"@type\":\"EntryPoint\",\"urlTemplate\":\"https:\/\/cungtenhanoi.com\/?s={search_term_string}\"},\"query-input\":\"required name=search_term_string\"}],\"inLanguage\":\"vi\"},{\"@type\":\"Organization\",\"@id\":\"https:\/\/cungtenhanoi.com\/#organization\",\"name\":\"Cung T\u00ean H\u00e0 N\u1ed9i\",\"url\":\"https:\/\/cungtenhanoi.com\/\",\"sameAs\":[],\"logo\":{\"@type\":\"ImageObject\",\"inLanguage\":\"vi\",\"@id\":\"https:\/\/cungtenhanoi.com\/#\/schema\/logo\/image\/\",\"url\":\"https:\/\/cungtenhanoi.com\/wp-content\/uploads\/2025\/05\/logo-den-trang.jpg\",\"contentUrl\":\"https:\/\/cungtenhanoi.com\/wp-content\/uploads\/2025\/05\/logo-den-trang.jpg\",\"width\":450,\"height\":450,\"caption\":\"Cung T\u00ean H\u00e0 N\u1ed9i\"},\"image\":{\"@id\":\"https:\/\/cungtenhanoi.com\/#\/schema\/logo\/image\/\"}}]}<\/script>\n<!-- \/ Yoast SEO plugin. -->","yoast_head_json":{"title":"Th\u01b0\u1edbc ng\u1eafm Tommy Hogg - Cung T\u00ean H\u00e0 N\u1ed9i","description":"mua cung t\u00ean th\u1ec3 thao, mua cung t\u00ean t\u1ea1i h\u00e0 n\u1ed9i, cung tr\u1ee3 l\u1ef1c, cung compound, cung t\u00ean ch\u00ednh h\u00e3ng, cung t\u00ean m\u1ea1nh,cung t\u00ean h\u00e0 n\u1ed9i, cung t\u00ean , mua cung t\u00ean S\u00e0i g\u00f2n , mua m\u0169i t\u00ean b\u1eafn cung , cung b\u1eafn bi s\u1eaft , cung t\u00ean mini, th\u01b0\u1edbc ng\u1eafm, th\u01b0\u1edbc ng\u1eafm b\u1eafn cung","robots":{"index":"index","follow":"follow","max-snippet":"max-snippet:-1","max-image-preview":"max-image-preview:large","max-video-preview":"max-video-preview:-1"},"canonical":"https:\/\/cungtenhanoi.com\/?product=thuoc-ngam-tommy-hogg","og_locale":"vi_VN","og_type":"article","og_title":"Th\u01b0\u1edbc ng\u1eafm Tommy Hogg - Cung T\u00ean H\u00e0 N\u1ed9i","og_description":"mua cung t\u00ean th\u1ec3 thao, mua cung t\u00ean t\u1ea1i h\u00e0 n\u1ed9i, cung tr\u1ee3 l\u1ef1c, cung compound, cung t\u00ean ch\u00ednh h\u00e3ng, cung t\u00ean m\u1ea1nh,cung t\u00ean h\u00e0 n\u1ed9i, cung t\u00ean , mua cung t\u00ean S\u00e0i g\u00f2n , mua m\u0169i t\u00ean b\u1eafn cung , cung b\u1eafn bi s\u1eaft , cung t\u00ean mini, th\u01b0\u1edbc ng\u1eafm, th\u01b0\u1edbc ng\u1eafm b\u1eafn cung","og_url":"https:\/\/cungtenhanoi.com\/?product=thuoc-ngam-tommy-hogg","og_site_name":"Cung T\u00ean H\u00e0 N\u1ed9i","article_modified_time":"2026-05-13T11:24:52+00:00","og_image":[{"width":700,"height":600,"url":"https:\/\/cungtenhanoi.com\/wp-content\/uploads\/2023\/05\/9B120274-642A-4500-80D2-C1767A6F4758.jpeg","type":"image\/jpeg"}],"twitter_card":"summary_large_image","twitter_misc":{"\u01af\u1edbc t\u00ednh th\u1eddi gian \u0111\u1ecdc":"2 ph\u00fat"},"schema":{"@context":"https:\/\/schema.org","@graph":[{"@type":"WebPage","@id":"https:\/\/cungtenhanoi.com\/?product=thuoc-ngam-tommy-hogg","url":"https:\/\/cungtenhanoi.com\/?product=thuoc-ngam-tommy-hogg","name":"Th\u01b0\u1edbc ng\u1eafm Tommy Hogg - Cung T\u00ean H\u00e0 N\u1ed9i","isPartOf":{"@id":"https:\/\/cungtenhanoi.com\/#website"},"datePublished":"2023-05-05T16:57:54+00:00","dateModified":"2026-05-13T11:24:52+00:00","description":"mua cung t\u00ean th\u1ec3 thao, mua cung t\u00ean t\u1ea1i h\u00e0 n\u1ed9i, cung tr\u1ee3 l\u1ef1c, cung compound, cung t\u00ean ch\u00ednh h\u00e3ng, cung t\u00ean m\u1ea1nh,cung t\u00ean h\u00e0 n\u1ed9i, cung t\u00ean , mua cung t\u00ean S\u00e0i g\u00f2n , mua m\u0169i t\u00ean b\u1eafn cung , cung b\u1eafn bi s\u1eaft , cung t\u00ean mini, th\u01b0\u1edbc ng\u1eafm, th\u01b0\u1edbc ng\u1eafm b\u1eafn cung","breadcrumb":{"@id":"https:\/\/cungtenhanoi.com\/?product=thuoc-ngam-tommy-hogg#breadcrumb"},"inLanguage":"vi","potentialAction":[{"@type":"ReadAction","target":["https:\/\/cungtenhanoi.com\/?product=thuoc-ngam-tommy-hogg"]}]},{"@type":"BreadcrumbList","@id":"https:\/\/cungtenhanoi.com\/?product=thuoc-ngam-tommy-hogg#breadcrumb","itemListElement":[{"@type":"ListItem","position":1,"name":"Trang ch\u1ee7","item":"https:\/\/cungtenhanoi.com\/"},{"@type":"ListItem","position":2,"name":"Shop","item":"https:\/\/cungtenhanoi.com\/?page_id=6"},{"@type":"ListItem","position":3,"name":"Ph\u1ee5 ki\u1ec7n","item":"https:\/\/cungtenhanoi.com\/danh-muc\/phu-kien\/"},{"@type":"ListItem","position":4,"name":"Th\u01b0\u1edbc ng\u1eafm Tommy Hogg"}]},{"@type":"WebSite","@id":"https:\/\/cungtenhanoi.com\/#website","url":"https:\/\/cungtenhanoi.com\/","name":"Cung T\u00ean H\u00e0 N\u1ed9i","description":"Cung c\u1ea5p c\u00e1c lo\u1ea1i cung t\u00ean th\u1ec3 thao s\u1ed1 1 Vi\u1ec7t Nam","publisher":{"@id":"https:\/\/cungtenhanoi.com\/#organization"},"potentialAction":[{"@type":"SearchAction","target":{"@type":"EntryPoint","urlTemplate":"https:\/\/cungtenhanoi.com\/?s={search_term_string}"},"query-input":"required name=search_term_string"}],"inLanguage":"vi"},{"@type":"Organization","@id":"https:\/\/cungtenhanoi.com\/#organization","name":"Cung T\u00ean H\u00e0 N\u1ed9i","url":"https:\/\/cungtenhanoi.com\/","sameAs":[],"logo":{"@type":"ImageObject","inLanguage":"vi","@id":"https:\/\/cungtenhanoi.com\/#\/schema\/logo\/image\/","url":"https:\/\/cungtenhanoi.com\/wp-content\/uploads\/2025\/05\/logo-den-trang.jpg","contentUrl":"https:\/\/cungtenhanoi.com\/wp-content\/uploads\/2025\/05\/logo-den-trang.jpg","width":450,"height":450,"caption":"Cung T\u00ean H\u00e0 N\u1ed9i"},"image":{"@id":"https:\/\/cungtenhanoi.com\/#\/schema\/logo\/image\/"}}]}},"_links":{"self":[{"href":"https:\/\/cungtenhanoi.com\/index.php?rest_route=\/wp\/v2\/product\/15669"}],"collection":[{"href":"https:\/\/cungtenhanoi.com\/index.php?rest_route=\/wp\/v2\/product"}],"about":[{"href":"https:\/\/cungtenhanoi.com\/index.php?rest_route=\/wp\/v2\/types\/product"}],"replies":[{"embeddable":true,"href":"https:\/\/cungtenhanoi.com\/index.php?rest_route=%2Fwp%2Fv2%2Fcomments&post=15669"}],"wp:featuredmedia":[{"embeddable":true,"href":"https:\/\/cungtenhanoi.com\/index.php?rest_route=\/wp\/v2\/media\/15670"}],"wp:attachment":[{"href":"https:\/\/cungtenhanoi.com\/index.php?rest_route=%2Fwp%2Fv2%2Fmedia&parent=15669"}],"wp:term":[{"taxonomy":"product_cat","embeddable":true,"href":"https:\/\/cungtenhanoi.com\/index.php?rest_route=%2Fwp%2Fv2%2Fproduct_cat&post=15669"},{"taxonomy":"product_tag","embeddable":true,"href":"https:\/\/cungtenhanoi.com\/index.php?rest_route=%2Fwp%2Fv2%2Fproduct_tag&post=15669"}],"curies":[{"name":"wp","href":"https:\/\/api.w.org\/{rel}","templated":true}]}}