{"id":15692,"date":"2023-05-23T10:01:10","date_gmt":"2023-05-23T03:01:10","guid":{"rendered":"https:\/\/cungtenhanoi.com\/?post_type=product&#038;p=15692"},"modified":"2025-05-29T11:52:45","modified_gmt":"2025-05-29T04:52:45","slug":"15692","status":"publish","type":"product","link":"https:\/\/cungtenhanoi.com\/?product=15692","title":{"rendered":"Cung Th\u1ed5"},"content":{"rendered":"<p class=\"p1\" style=\"text-align: center;\"><span class=\"s1\">\u2102<\/span><span class=\"s2\">???<\/span> <span class=\"s2\">?<\/span><span class=\"s3\">\u00ea<\/span><span class=\"s2\">?<\/span> <span class=\"s1\">\u210d<\/span><span class=\"s3\">\u00e0 <\/span><span class=\"s4\">\u2115<\/span><span class=\"s3\">\u1ed9<\/span><span class=\"s2\">?<\/span><span class=\"s3\"> | <\/span><span class=\"s2\">??????<\/span> <span class=\"s2\">???<\/span><\/p>\n<p class=\"p3\" style=\"text-align: center;\"><span class=\"s5\">???????<\/span>\u00a0<span class=\"s2\">???<\/span><span class=\"s3\">: D\u00f2ng cung truy\u1ec1n th\u1ed1ng c\u1ee7a \u0111\u1ebf ch\u1ebf Octtoman th\u1ed1ng tr\u1ecb th\u1ebf gi\u1edbi c\u1ed5 \u0111\u1ea1i v\u1edbi t\u1ea7m b\u1eafn kho\u1ea3ng 800m ( theo ghi ch\u00e9p).<\/span><\/p>\n<p class=\"p3\" style=\"text-align: center;\"><span class=\"s5\">?<\/span> <span class=\"s2\">??????<\/span> <span class=\"s2\">???<\/span><span class=\"s3\"> Ph\u00f9 h\u1ee3p v\u1edbi c\u01b0\u1ee1i ng\u1ef1a b\u1eafn cung, b\u1eafn gi\u1ea3i tr\u00ed, thi\u00ean v\u1ec1 c\u1ea3m gi\u00e1c , mu\u1ed1n c\u1ea3m nh\u1eadn s\u1ef1 ch\u00e2n th\u1eadt c\u1ee7a c\u1ea3m gi\u00e1c b\u1eafn cung, tr\u01b0ng b\u00e0y, ch\u1ee5p \u1ea3nh\u2026<\/span><\/p>\n<p class=\"p3\" style=\"text-align: center;\"><span class=\"s3\">\u2014\u2014\u2014\u2014\u2014\u2014\u2014\u2014\u2014\u2014\u2014\u2014\u2014\u2014\u2014<\/span><\/p>\n<p class=\"p3\" style=\"text-align: center;\"><span class=\"s5\">\u25aa\ufe0f<\/span><span class=\"s3\">L\u1ef1c b\u1eafn : 20-50lbs<\/span><\/p>\n<p class=\"p3\" style=\"text-align: center;\"><span class=\"s5\">\u25aa\ufe0f<\/span><span class=\"s3\">Chi\u1ec1u d\u00e0i:124cm <\/span><\/p>\n<p class=\"p3\" style=\"text-align: center;\"><span class=\"s5\">\u25aa\ufe0f<\/span><span class=\"s3\"> M\u00e0u : \u0110\u1ecf<\/span><\/p>\n<p style=\"text-align: center;\"><img loading=\"lazy\" class=\"aligncenter size-full wp-image-15693\" src=\"https:\/\/cungtenhanoi.com\/wp-content\/uploads\/2023\/05\/A8345B60-AD26-405A-9034-DBE47B28C5C3.jpeg\" alt=\"\" width=\"602\" height=\"999\" srcset=\"https:\/\/cungtenhanoi.com\/wp-content\/uploads\/2023\/05\/A8345B60-AD26-405A-9034-DBE47B28C5C3.jpeg 602w, https:\/\/cungtenhanoi.com\/wp-content\/uploads\/2023\/05\/A8345B60-AD26-405A-9034-DBE47B28C5C3-241x400.jpeg 241w, https:\/\/cungtenhanoi.com\/wp-content\/uploads\/2023\/05\/A8345B60-AD26-405A-9034-DBE47B28C5C3-482x800.jpeg 482w, https:\/\/cungtenhanoi.com\/wp-content\/uploads\/2023\/05\/A8345B60-AD26-405A-9034-DBE47B28C5C3-600x996.jpeg 600w, https:\/\/cungtenhanoi.com\/wp-content\/uploads\/2023\/05\/A8345B60-AD26-405A-9034-DBE47B28C5C3-64x106.jpeg 64w\" sizes=\"(max-width: 602px) 100vw, 602px\" \/> <img loading=\"lazy\" class=\"aligncenter size-full wp-image-15694\" src=\"https:\/\/cungtenhanoi.com\/wp-content\/uploads\/2023\/05\/A6139DED-7BCE-4EE5-845E-0D9AFAC8A37A.jpeg\" alt=\"\" width=\"750\" height=\"1000\" srcset=\"https:\/\/cungtenhanoi.com\/wp-content\/uploads\/2023\/05\/A6139DED-7BCE-4EE5-845E-0D9AFAC8A37A.jpeg 750w, https:\/\/cungtenhanoi.com\/wp-content\/uploads\/2023\/05\/A6139DED-7BCE-4EE5-845E-0D9AFAC8A37A-300x400.jpeg 300w, https:\/\/cungtenhanoi.com\/wp-content\/uploads\/2023\/05\/A6139DED-7BCE-4EE5-845E-0D9AFAC8A37A-600x800.jpeg 600w, https:\/\/cungtenhanoi.com\/wp-content\/uploads\/2023\/05\/A6139DED-7BCE-4EE5-845E-0D9AFAC8A37A-64x85.jpeg 64w\" sizes=\"(max-width: 750px) 100vw, 750px\" \/> <img loading=\"lazy\" class=\"aligncenter size-full wp-image-15695\" src=\"https:\/\/cungtenhanoi.com\/wp-content\/uploads\/2023\/05\/953C573D-2C06-4C26-8950-D481B4EC8F2A.jpeg\" alt=\"\" width=\"1000\" height=\"750\" srcset=\"https:\/\/cungtenhanoi.com\/wp-content\/uploads\/2023\/05\/953C573D-2C06-4C26-8950-D481B4EC8F2A.jpeg 1000w, https:\/\/cungtenhanoi.com\/wp-content\/uploads\/2023\/05\/953C573D-2C06-4C26-8950-D481B4EC8F2A-533x400.jpeg 533w, https:\/\/cungtenhanoi.com\/wp-content\/uploads\/2023\/05\/953C573D-2C06-4C26-8950-D481B4EC8F2A-768x576.jpeg 768w, https:\/\/cungtenhanoi.com\/wp-content\/uploads\/2023\/05\/953C573D-2C06-4C26-8950-D481B4EC8F2A-600x450.jpeg 600w, https:\/\/cungtenhanoi.com\/wp-content\/uploads\/2023\/05\/953C573D-2C06-4C26-8950-D481B4EC8F2A-64x48.jpeg 64w\" sizes=\"(max-width: 1000px) 100vw, 1000px\" \/> <img loading=\"lazy\" class=\"aligncenter size-full wp-image-15696\" src=\"https:\/\/cungtenhanoi.com\/wp-content\/uploads\/2023\/05\/AC3E5BDA-D18E-43C1-B918-ACE7A28C26D5.jpeg\" alt=\"\" width=\"750\" height=\"1000\" srcset=\"https:\/\/cungtenhanoi.com\/wp-content\/uploads\/2023\/05\/AC3E5BDA-D18E-43C1-B918-ACE7A28C26D5.jpeg 750w, https:\/\/cungtenhanoi.com\/wp-content\/uploads\/2023\/05\/AC3E5BDA-D18E-43C1-B918-ACE7A28C26D5-300x400.jpeg 300w, https:\/\/cungtenhanoi.com\/wp-content\/uploads\/2023\/05\/AC3E5BDA-D18E-43C1-B918-ACE7A28C26D5-600x800.jpeg 600w, https:\/\/cungtenhanoi.com\/wp-content\/uploads\/2023\/05\/AC3E5BDA-D18E-43C1-B918-ACE7A28C26D5-64x85.jpeg 64w\" sizes=\"(max-width: 750px) 100vw, 750px\" \/> <img loading=\"lazy\" class=\"aligncenter size-full wp-image-15697\" src=\"https:\/\/cungtenhanoi.com\/wp-content\/uploads\/2023\/05\/FE31A889-52F6-4F36-B82A-207935C1AB7D.jpeg\" alt=\"\" width=\"750\" height=\"1000\" srcset=\"https:\/\/cungtenhanoi.com\/wp-content\/uploads\/2023\/05\/FE31A889-52F6-4F36-B82A-207935C1AB7D.jpeg 750w, https:\/\/cungtenhanoi.com\/wp-content\/uploads\/2023\/05\/FE31A889-52F6-4F36-B82A-207935C1AB7D-300x400.jpeg 300w, https:\/\/cungtenhanoi.com\/wp-content\/uploads\/2023\/05\/FE31A889-52F6-4F36-B82A-207935C1AB7D-600x800.jpeg 600w, https:\/\/cungtenhanoi.com\/wp-content\/uploads\/2023\/05\/FE31A889-52F6-4F36-B82A-207935C1AB7D-64x85.jpeg 64w\" sizes=\"(max-width: 750px) 100vw, 750px\" \/> <img loading=\"lazy\" class=\"aligncenter size-full wp-image-15698\" src=\"https:\/\/cungtenhanoi.com\/wp-content\/uploads\/2023\/05\/13F0D8D3-0E6C-4D10-9F88-B3E30BBF33B1.jpeg\" alt=\"\" width=\"1000\" height=\"1000\" srcset=\"https:\/\/cungtenhanoi.com\/wp-content\/uploads\/2023\/05\/13F0D8D3-0E6C-4D10-9F88-B3E30BBF33B1.jpeg 1000w, https:\/\/cungtenhanoi.com\/wp-content\/uploads\/2023\/05\/13F0D8D3-0E6C-4D10-9F88-B3E30BBF33B1-400x400.jpeg 400w, https:\/\/cungtenhanoi.com\/wp-content\/uploads\/2023\/05\/13F0D8D3-0E6C-4D10-9F88-B3E30BBF33B1-800x800.jpeg 800w, https:\/\/cungtenhanoi.com\/wp-content\/uploads\/2023\/05\/13F0D8D3-0E6C-4D10-9F88-B3E30BBF33B1-280x280.jpeg 280w, https:\/\/cungtenhanoi.com\/wp-content\/uploads\/2023\/05\/13F0D8D3-0E6C-4D10-9F88-B3E30BBF33B1-768x768.jpeg 768w, https:\/\/cungtenhanoi.com\/wp-content\/uploads\/2023\/05\/13F0D8D3-0E6C-4D10-9F88-B3E30BBF33B1-45x45.jpeg 45w, https:\/\/cungtenhanoi.com\/wp-content\/uploads\/2023\/05\/13F0D8D3-0E6C-4D10-9F88-B3E30BBF33B1-300x300.jpeg 300w, https:\/\/cungtenhanoi.com\/wp-content\/uploads\/2023\/05\/13F0D8D3-0E6C-4D10-9F88-B3E30BBF33B1-600x600.jpeg 600w, https:\/\/cungtenhanoi.com\/wp-content\/uploads\/2023\/05\/13F0D8D3-0E6C-4D10-9F88-B3E30BBF33B1-100x100.jpeg 100w, https:\/\/cungtenhanoi.com\/wp-content\/uploads\/2023\/05\/13F0D8D3-0E6C-4D10-9F88-B3E30BBF33B1-64x64.jpeg 64w\" sizes=\"(max-width: 1000px) 100vw, 1000px\" \/> <img loading=\"lazy\" class=\"aligncenter size-full wp-image-15699\" src=\"https:\/\/cungtenhanoi.com\/wp-content\/uploads\/2023\/05\/8AF75DAA-F93E-4C75-AFA3-3C1FBCF2625C.jpeg\" alt=\"\" width=\"750\" height=\"1000\" srcset=\"https:\/\/cungtenhanoi.com\/wp-content\/uploads\/2023\/05\/8AF75DAA-F93E-4C75-AFA3-3C1FBCF2625C.jpeg 750w, https:\/\/cungtenhanoi.com\/wp-content\/uploads\/2023\/05\/8AF75DAA-F93E-4C75-AFA3-3C1FBCF2625C-300x400.jpeg 300w, https:\/\/cungtenhanoi.com\/wp-content\/uploads\/2023\/05\/8AF75DAA-F93E-4C75-AFA3-3C1FBCF2625C-600x800.jpeg 600w, https:\/\/cungtenhanoi.com\/wp-content\/uploads\/2023\/05\/8AF75DAA-F93E-4C75-AFA3-3C1FBCF2625C-64x85.jpeg 64w\" sizes=\"(max-width: 750px) 100vw, 750px\" \/> <img loading=\"lazy\" class=\"aligncenter size-full wp-image-15700\" src=\"https:\/\/cungtenhanoi.com\/wp-content\/uploads\/2023\/05\/60532E59-3C83-402E-BF6D-BEB7654194A4.jpeg\" alt=\"\" width=\"1240\" height=\"1248\" srcset=\"https:\/\/cungtenhanoi.com\/wp-content\/uploads\/2023\/05\/60532E59-3C83-402E-BF6D-BEB7654194A4.jpeg 1240w, https:\/\/cungtenhanoi.com\/wp-content\/uploads\/2023\/05\/60532E59-3C83-402E-BF6D-BEB7654194A4-397x400.jpeg 397w, https:\/\/cungtenhanoi.com\/wp-content\/uploads\/2023\/05\/60532E59-3C83-402E-BF6D-BEB7654194A4-795x800.jpeg 795w, https:\/\/cungtenhanoi.com\/wp-content\/uploads\/2023\/05\/60532E59-3C83-402E-BF6D-BEB7654194A4-768x773.jpeg 768w, https:\/\/cungtenhanoi.com\/wp-content\/uploads\/2023\/05\/60532E59-3C83-402E-BF6D-BEB7654194A4-45x45.jpeg 45w, https:\/\/cungtenhanoi.com\/wp-content\/uploads\/2023\/05\/60532E59-3C83-402E-BF6D-BEB7654194A4-600x604.jpeg 600w, https:\/\/cungtenhanoi.com\/wp-content\/uploads\/2023\/05\/60532E59-3C83-402E-BF6D-BEB7654194A4-100x100.jpeg 100w, https:\/\/cungtenhanoi.com\/wp-content\/uploads\/2023\/05\/60532E59-3C83-402E-BF6D-BEB7654194A4-64x64.jpeg 64w\" sizes=\"(max-width: 1240px) 100vw, 1240px\" \/><\/p>\n","protected":false},"excerpt":{"rendered":"<p>Cung + 5 t\u00ean + tab + guarm<\/p>\n","protected":false},"featured_media":15695,"comment_status":"open","ping_status":"closed","template":"","meta":[],"product_cat":[17],"product_tag":[434,53,514,1338,1337],"acf":[],"yoast_head":"<!-- This site is optimized with the Yoast SEO plugin v19.8 - https:\/\/yoast.com\/wordpress\/plugins\/seo\/ -->\n<title>Cung Th\u1ed5 - Cung T\u00ean H\u00e0 N\u1ed9i<\/title>\n<meta name=\"description\" content=\"mua cung t\u00ean th\u1ec3 thao, mua cung t\u00ean t\u1ea1i h\u00e0 n\u1ed9i, cung tr\u1ee3 l\u1ef1c, cung compound, cung t\u00ean ch\u00ednh h\u00e3ng, cung t\u00ean m\u1ea1nh,cung t\u00ean h\u00e0 n\u1ed9i, cung t\u00ean , mua cung t\u00ean S\u00e0i g\u00f2n , mua m\u0169i t\u00ean b\u1eafn cung , cung b\u1eafn bi s\u1eaft , cung t\u00ean mini, cung th\u1ed5 , cung octtoman\" \/>\n<meta name=\"robots\" content=\"index, follow, max-snippet:-1, max-image-preview:large, max-video-preview:-1\" \/>\n<link rel=\"canonical\" href=\"https:\/\/cungtenhanoi.com\/?product=15692\" \/>\n<meta property=\"og:locale\" content=\"vi_VN\" \/>\n<meta property=\"og:type\" content=\"article\" \/>\n<meta property=\"og:title\" content=\"Cung Th\u1ed5 - Cung T\u00ean H\u00e0 N\u1ed9i\" \/>\n<meta property=\"og:description\" content=\"mua cung t\u00ean th\u1ec3 thao, mua cung t\u00ean t\u1ea1i h\u00e0 n\u1ed9i, cung tr\u1ee3 l\u1ef1c, cung compound, cung t\u00ean ch\u00ednh h\u00e3ng, cung t\u00ean m\u1ea1nh,cung t\u00ean h\u00e0 n\u1ed9i, cung t\u00ean , mua cung t\u00ean S\u00e0i g\u00f2n , mua m\u0169i t\u00ean b\u1eafn cung , cung b\u1eafn bi s\u1eaft , cung t\u00ean mini, cung th\u1ed5 , cung octtoman\" \/>\n<meta property=\"og:url\" content=\"https:\/\/cungtenhanoi.com\/?product=15692\" \/>\n<meta property=\"og:site_name\" content=\"Cung T\u00ean H\u00e0 N\u1ed9i\" \/>\n<meta property=\"article:modified_time\" content=\"2025-05-29T04:52:45+00:00\" \/>\n<meta property=\"og:image\" content=\"https:\/\/cungtenhanoi.com\/wp-content\/uploads\/2023\/05\/953C573D-2C06-4C26-8950-D481B4EC8F2A.jpeg\" \/>\n\t<meta property=\"og:image:width\" content=\"1000\" \/>\n\t<meta property=\"og:image:height\" content=\"750\" \/>\n\t<meta property=\"og:image:type\" content=\"image\/jpeg\" \/>\n<meta name=\"twitter:card\" content=\"summary_large_image\" \/>\n<meta name=\"twitter:label1\" content=\"\u01af\u1edbc t\u00ednh th\u1eddi gian \u0111\u1ecdc\" \/>\n\t<meta name=\"twitter:data1\" content=\"2 ph\u00fat\" \/>\n<script type=\"application\/ld+json\" class=\"yoast-schema-graph\">{\"@context\":\"https:\/\/schema.org\",\"@graph\":[{\"@type\":\"WebPage\",\"@id\":\"https:\/\/cungtenhanoi.com\/?product=15692\",\"url\":\"https:\/\/cungtenhanoi.com\/?product=15692\",\"name\":\"Cung Th\u1ed5 - Cung T\u00ean H\u00e0 N\u1ed9i\",\"isPartOf\":{\"@id\":\"https:\/\/cungtenhanoi.com\/#website\"},\"datePublished\":\"2023-05-23T03:01:10+00:00\",\"dateModified\":\"2025-05-29T04:52:45+00:00\",\"description\":\"mua cung t\u00ean th\u1ec3 thao, mua cung t\u00ean t\u1ea1i h\u00e0 n\u1ed9i, cung tr\u1ee3 l\u1ef1c, cung compound, cung t\u00ean ch\u00ednh h\u00e3ng, cung t\u00ean m\u1ea1nh,cung t\u00ean h\u00e0 n\u1ed9i, cung t\u00ean , mua cung t\u00ean S\u00e0i g\u00f2n , mua m\u0169i t\u00ean b\u1eafn cung , cung b\u1eafn bi s\u1eaft , cung t\u00ean mini, cung th\u1ed5 , cung octtoman\",\"breadcrumb\":{\"@id\":\"https:\/\/cungtenhanoi.com\/?product=15692#breadcrumb\"},\"inLanguage\":\"vi\",\"potentialAction\":[{\"@type\":\"ReadAction\",\"target\":[\"https:\/\/cungtenhanoi.com\/?product=15692\"]}]},{\"@type\":\"BreadcrumbList\",\"@id\":\"https:\/\/cungtenhanoi.com\/?product=15692#breadcrumb\",\"itemListElement\":[{\"@type\":\"ListItem\",\"position\":1,\"name\":\"Trang ch\u1ee7\",\"item\":\"https:\/\/cungtenhanoi.com\/\"},{\"@type\":\"ListItem\",\"position\":2,\"name\":\"Shop\",\"item\":\"https:\/\/cungtenhanoi.com\/?page_id=6\"},{\"@type\":\"ListItem\",\"position\":3,\"name\":\"Cung\",\"item\":\"https:\/\/cungtenhanoi.com\/danh-muc\/cung\/\"},{\"@type\":\"ListItem\",\"position\":4,\"name\":\"Cung Th\u1ed5\"}]},{\"@type\":\"WebSite\",\"@id\":\"https:\/\/cungtenhanoi.com\/#website\",\"url\":\"https:\/\/cungtenhanoi.com\/\",\"name\":\"Cung T\u00ean H\u00e0 N\u1ed9i\",\"description\":\"Cung c\u1ea5p c\u00e1c lo\u1ea1i cung t\u00ean th\u1ec3 thao s\u1ed1 1 Vi\u1ec7t Nam\",\"publisher\":{\"@id\":\"https:\/\/cungtenhanoi.com\/#organization\"},\"potentialAction\":[{\"@type\":\"SearchAction\",\"target\":{\"@type\":\"EntryPoint\",\"urlTemplate\":\"https:\/\/cungtenhanoi.com\/?s={search_term_string}\"},\"query-input\":\"required name=search_term_string\"}],\"inLanguage\":\"vi\"},{\"@type\":\"Organization\",\"@id\":\"https:\/\/cungtenhanoi.com\/#organization\",\"name\":\"Cung T\u00ean H\u00e0 N\u1ed9i\",\"url\":\"https:\/\/cungtenhanoi.com\/\",\"sameAs\":[],\"logo\":{\"@type\":\"ImageObject\",\"inLanguage\":\"vi\",\"@id\":\"https:\/\/cungtenhanoi.com\/#\/schema\/logo\/image\/\",\"url\":\"https:\/\/cungtenhanoi.com\/wp-content\/uploads\/2025\/05\/logo-den-trang.jpg\",\"contentUrl\":\"https:\/\/cungtenhanoi.com\/wp-content\/uploads\/2025\/05\/logo-den-trang.jpg\",\"width\":450,\"height\":450,\"caption\":\"Cung T\u00ean H\u00e0 N\u1ed9i\"},\"image\":{\"@id\":\"https:\/\/cungtenhanoi.com\/#\/schema\/logo\/image\/\"}}]}<\/script>\n<!-- \/ Yoast SEO plugin. -->","yoast_head_json":{"title":"Cung Th\u1ed5 - Cung T\u00ean H\u00e0 N\u1ed9i","description":"mua cung t\u00ean th\u1ec3 thao, mua cung t\u00ean t\u1ea1i h\u00e0 n\u1ed9i, cung tr\u1ee3 l\u1ef1c, cung compound, cung t\u00ean ch\u00ednh h\u00e3ng, cung t\u00ean m\u1ea1nh,cung t\u00ean h\u00e0 n\u1ed9i, cung t\u00ean , mua cung t\u00ean S\u00e0i g\u00f2n , mua m\u0169i t\u00ean b\u1eafn cung , cung b\u1eafn bi s\u1eaft , cung t\u00ean mini, cung th\u1ed5 , cung octtoman","robots":{"index":"index","follow":"follow","max-snippet":"max-snippet:-1","max-image-preview":"max-image-preview:large","max-video-preview":"max-video-preview:-1"},"canonical":"https:\/\/cungtenhanoi.com\/?product=15692","og_locale":"vi_VN","og_type":"article","og_title":"Cung Th\u1ed5 - Cung T\u00ean H\u00e0 N\u1ed9i","og_description":"mua cung t\u00ean th\u1ec3 thao, mua cung t\u00ean t\u1ea1i h\u00e0 n\u1ed9i, cung tr\u1ee3 l\u1ef1c, cung compound, cung t\u00ean ch\u00ednh h\u00e3ng, cung t\u00ean m\u1ea1nh,cung t\u00ean h\u00e0 n\u1ed9i, cung t\u00ean , mua cung t\u00ean S\u00e0i g\u00f2n , mua m\u0169i t\u00ean b\u1eafn cung , cung b\u1eafn bi s\u1eaft , cung t\u00ean mini, cung th\u1ed5 , cung octtoman","og_url":"https:\/\/cungtenhanoi.com\/?product=15692","og_site_name":"Cung T\u00ean H\u00e0 N\u1ed9i","article_modified_time":"2025-05-29T04:52:45+00:00","og_image":[{"width":1000,"height":750,"url":"https:\/\/cungtenhanoi.com\/wp-content\/uploads\/2023\/05\/953C573D-2C06-4C26-8950-D481B4EC8F2A.jpeg","type":"image\/jpeg"}],"twitter_card":"summary_large_image","twitter_misc":{"\u01af\u1edbc t\u00ednh th\u1eddi gian \u0111\u1ecdc":"2 ph\u00fat"},"schema":{"@context":"https:\/\/schema.org","@graph":[{"@type":"WebPage","@id":"https:\/\/cungtenhanoi.com\/?product=15692","url":"https:\/\/cungtenhanoi.com\/?product=15692","name":"Cung Th\u1ed5 - Cung T\u00ean H\u00e0 N\u1ed9i","isPartOf":{"@id":"https:\/\/cungtenhanoi.com\/#website"},"datePublished":"2023-05-23T03:01:10+00:00","dateModified":"2025-05-29T04:52:45+00:00","description":"mua cung t\u00ean th\u1ec3 thao, mua cung t\u00ean t\u1ea1i h\u00e0 n\u1ed9i, cung tr\u1ee3 l\u1ef1c, cung compound, cung t\u00ean ch\u00ednh h\u00e3ng, cung t\u00ean m\u1ea1nh,cung t\u00ean h\u00e0 n\u1ed9i, cung t\u00ean , mua cung t\u00ean S\u00e0i g\u00f2n , mua m\u0169i t\u00ean b\u1eafn cung , cung b\u1eafn bi s\u1eaft , cung t\u00ean mini, cung th\u1ed5 , cung octtoman","breadcrumb":{"@id":"https:\/\/cungtenhanoi.com\/?product=15692#breadcrumb"},"inLanguage":"vi","potentialAction":[{"@type":"ReadAction","target":["https:\/\/cungtenhanoi.com\/?product=15692"]}]},{"@type":"BreadcrumbList","@id":"https:\/\/cungtenhanoi.com\/?product=15692#breadcrumb","itemListElement":[{"@type":"ListItem","position":1,"name":"Trang ch\u1ee7","item":"https:\/\/cungtenhanoi.com\/"},{"@type":"ListItem","position":2,"name":"Shop","item":"https:\/\/cungtenhanoi.com\/?page_id=6"},{"@type":"ListItem","position":3,"name":"Cung","item":"https:\/\/cungtenhanoi.com\/danh-muc\/cung\/"},{"@type":"ListItem","position":4,"name":"Cung Th\u1ed5"}]},{"@type":"WebSite","@id":"https:\/\/cungtenhanoi.com\/#website","url":"https:\/\/cungtenhanoi.com\/","name":"Cung T\u00ean H\u00e0 N\u1ed9i","description":"Cung c\u1ea5p c\u00e1c lo\u1ea1i cung t\u00ean th\u1ec3 thao s\u1ed1 1 Vi\u1ec7t Nam","publisher":{"@id":"https:\/\/cungtenhanoi.com\/#organization"},"potentialAction":[{"@type":"SearchAction","target":{"@type":"EntryPoint","urlTemplate":"https:\/\/cungtenhanoi.com\/?s={search_term_string}"},"query-input":"required name=search_term_string"}],"inLanguage":"vi"},{"@type":"Organization","@id":"https:\/\/cungtenhanoi.com\/#organization","name":"Cung T\u00ean H\u00e0 N\u1ed9i","url":"https:\/\/cungtenhanoi.com\/","sameAs":[],"logo":{"@type":"ImageObject","inLanguage":"vi","@id":"https:\/\/cungtenhanoi.com\/#\/schema\/logo\/image\/","url":"https:\/\/cungtenhanoi.com\/wp-content\/uploads\/2025\/05\/logo-den-trang.jpg","contentUrl":"https:\/\/cungtenhanoi.com\/wp-content\/uploads\/2025\/05\/logo-den-trang.jpg","width":450,"height":450,"caption":"Cung T\u00ean H\u00e0 N\u1ed9i"},"image":{"@id":"https:\/\/cungtenhanoi.com\/#\/schema\/logo\/image\/"}}]}},"_links":{"self":[{"href":"https:\/\/cungtenhanoi.com\/index.php?rest_route=\/wp\/v2\/product\/15692"}],"collection":[{"href":"https:\/\/cungtenhanoi.com\/index.php?rest_route=\/wp\/v2\/product"}],"about":[{"href":"https:\/\/cungtenhanoi.com\/index.php?rest_route=\/wp\/v2\/types\/product"}],"replies":[{"embeddable":true,"href":"https:\/\/cungtenhanoi.com\/index.php?rest_route=%2Fwp%2Fv2%2Fcomments&post=15692"}],"wp:featuredmedia":[{"embeddable":true,"href":"https:\/\/cungtenhanoi.com\/index.php?rest_route=\/wp\/v2\/media\/15695"}],"wp:attachment":[{"href":"https:\/\/cungtenhanoi.com\/index.php?rest_route=%2Fwp%2Fv2%2Fmedia&parent=15692"}],"wp:term":[{"taxonomy":"product_cat","embeddable":true,"href":"https:\/\/cungtenhanoi.com\/index.php?rest_route=%2Fwp%2Fv2%2Fproduct_cat&post=15692"},{"taxonomy":"product_tag","embeddable":true,"href":"https:\/\/cungtenhanoi.com\/index.php?rest_route=%2Fwp%2Fv2%2Fproduct_tag&post=15692"}],"curies":[{"name":"wp","href":"https:\/\/api.w.org\/{rel}","templated":true}]}}