{"id":15847,"date":"2024-05-22T15:02:00","date_gmt":"2024-05-22T08:02:00","guid":{"rendered":"https:\/\/cungtenhanoi.com\/?post_type=product&#038;p=15847"},"modified":"2026-03-30T22:28:13","modified_gmt":"2026-03-30T15:28:13","slug":"rail-ban-ten-cho-cung-compound","status":"publish","type":"product","link":"https:\/\/cungtenhanoi.com\/?product=rail-ban-ten-cho-cung-compound","title":{"rendered":"Rail b\u1eafn bi s\u1eaft cho cung compound"},"content":{"rendered":"<p style=\"text-align: center;\">S\u1eed d\u1ee5ng bi 15mm b\u1eafn \u0111\u01b0\u1ee3c 15 vi\u00ean 1 l\u00fac<\/p>\n<p style=\"text-align: center;\">D\u00f9ng cho c\u00e1c d\u00f2ng cung compound<\/p>\n<p style=\"text-align: center;\">\u00a0N\u00ean d\u00f9ng cho d\u00f2ng c\u00f3 l\u1ef1c b\u1eafn m\u1ea1nh 60 tr\u1edf l\u00ean<\/p>\n<p style=\"text-align: center;\"><img loading=\"lazy\" class=\"size-medium wp-image-15848 aligncenter\" src=\"https:\/\/cungtenhanoi.com\/wp-content\/uploads\/2024\/05\/2C63619F-001B-4025-AF99-C79238BF29DD-595x400.jpeg\" alt=\"\" width=\"595\" height=\"400\" srcset=\"https:\/\/cungtenhanoi.com\/wp-content\/uploads\/2024\/05\/2C63619F-001B-4025-AF99-C79238BF29DD-595x400.jpeg 595w, https:\/\/cungtenhanoi.com\/wp-content\/uploads\/2024\/05\/2C63619F-001B-4025-AF99-C79238BF29DD-1190x800.jpeg 1190w, https:\/\/cungtenhanoi.com\/wp-content\/uploads\/2024\/05\/2C63619F-001B-4025-AF99-C79238BF29DD-768x516.jpeg 768w, https:\/\/cungtenhanoi.com\/wp-content\/uploads\/2024\/05\/2C63619F-001B-4025-AF99-C79238BF29DD-1536x1032.jpeg 1536w, https:\/\/cungtenhanoi.com\/wp-content\/uploads\/2024\/05\/2C63619F-001B-4025-AF99-C79238BF29DD-2048x1377.jpeg 2048w, https:\/\/cungtenhanoi.com\/wp-content\/uploads\/2024\/05\/2C63619F-001B-4025-AF99-C79238BF29DD-600x403.jpeg 600w, https:\/\/cungtenhanoi.com\/wp-content\/uploads\/2024\/05\/2C63619F-001B-4025-AF99-C79238BF29DD-64x43.jpeg 64w\" sizes=\"(max-width: 595px) 100vw, 595px\" \/> <img loading=\"lazy\" class=\"size-medium wp-image-15849 aligncenter\" src=\"https:\/\/cungtenhanoi.com\/wp-content\/uploads\/2024\/05\/BD1723C0-F741-45E0-859F-78EA49DFF48B-479x400.jpeg\" alt=\"\" width=\"479\" height=\"400\" srcset=\"https:\/\/cungtenhanoi.com\/wp-content\/uploads\/2024\/05\/BD1723C0-F741-45E0-859F-78EA49DFF48B-479x400.jpeg 479w, https:\/\/cungtenhanoi.com\/wp-content\/uploads\/2024\/05\/BD1723C0-F741-45E0-859F-78EA49DFF48B-958x800.jpeg 958w, https:\/\/cungtenhanoi.com\/wp-content\/uploads\/2024\/05\/BD1723C0-F741-45E0-859F-78EA49DFF48B-768x641.jpeg 768w, https:\/\/cungtenhanoi.com\/wp-content\/uploads\/2024\/05\/BD1723C0-F741-45E0-859F-78EA49DFF48B-600x501.jpeg 600w, https:\/\/cungtenhanoi.com\/wp-content\/uploads\/2024\/05\/BD1723C0-F741-45E0-859F-78EA49DFF48B-64x53.jpeg 64w, https:\/\/cungtenhanoi.com\/wp-content\/uploads\/2024\/05\/BD1723C0-F741-45E0-859F-78EA49DFF48B.jpeg 970w\" sizes=\"(max-width: 479px) 100vw, 479px\" \/> <img loading=\"lazy\" class=\"size-medium wp-image-15850 aligncenter\" src=\"https:\/\/cungtenhanoi.com\/wp-content\/uploads\/2024\/05\/B8108522-D300-40E2-BE9E-BC404AB1FA52-405x400.jpeg\" alt=\"\" width=\"405\" height=\"400\" srcset=\"https:\/\/cungtenhanoi.com\/wp-content\/uploads\/2024\/05\/B8108522-D300-40E2-BE9E-BC404AB1FA52-405x400.jpeg 405w, https:\/\/cungtenhanoi.com\/wp-content\/uploads\/2024\/05\/B8108522-D300-40E2-BE9E-BC404AB1FA52-809x800.jpeg 809w, https:\/\/cungtenhanoi.com\/wp-content\/uploads\/2024\/05\/B8108522-D300-40E2-BE9E-BC404AB1FA52-768x759.jpeg 768w, https:\/\/cungtenhanoi.com\/wp-content\/uploads\/2024\/05\/B8108522-D300-40E2-BE9E-BC404AB1FA52-45x45.jpeg 45w, https:\/\/cungtenhanoi.com\/wp-content\/uploads\/2024\/05\/B8108522-D300-40E2-BE9E-BC404AB1FA52-600x593.jpeg 600w, https:\/\/cungtenhanoi.com\/wp-content\/uploads\/2024\/05\/B8108522-D300-40E2-BE9E-BC404AB1FA52-100x100.jpeg 100w, https:\/\/cungtenhanoi.com\/wp-content\/uploads\/2024\/05\/B8108522-D300-40E2-BE9E-BC404AB1FA52-64x63.jpeg 64w, https:\/\/cungtenhanoi.com\/wp-content\/uploads\/2024\/05\/B8108522-D300-40E2-BE9E-BC404AB1FA52.jpeg 969w\" sizes=\"(max-width: 405px) 100vw, 405px\" \/> <img loading=\"lazy\" class=\"size-medium wp-image-15851 aligncenter\" src=\"https:\/\/cungtenhanoi.com\/wp-content\/uploads\/2024\/05\/2D874767-4B9C-40CC-B11B-EB8DF7C06DC8-800x355.jpeg\" alt=\"\" width=\"800\" height=\"355\" srcset=\"https:\/\/cungtenhanoi.com\/wp-content\/uploads\/2024\/05\/2D874767-4B9C-40CC-B11B-EB8DF7C06DC8-800x355.jpeg 800w, https:\/\/cungtenhanoi.com\/wp-content\/uploads\/2024\/05\/2D874767-4B9C-40CC-B11B-EB8DF7C06DC8-768x340.jpeg 768w, https:\/\/cungtenhanoi.com\/wp-content\/uploads\/2024\/05\/2D874767-4B9C-40CC-B11B-EB8DF7C06DC8-600x266.jpeg 600w, https:\/\/cungtenhanoi.com\/wp-content\/uploads\/2024\/05\/2D874767-4B9C-40CC-B11B-EB8DF7C06DC8-64x28.jpeg 64w, https:\/\/cungtenhanoi.com\/wp-content\/uploads\/2024\/05\/2D874767-4B9C-40CC-B11B-EB8DF7C06DC8.jpeg 970w\" sizes=\"(max-width: 800px) 100vw, 800px\" \/> <img loading=\"lazy\" class=\"size-medium wp-image-15852 aligncenter\" src=\"https:\/\/cungtenhanoi.com\/wp-content\/uploads\/2024\/05\/63DBC538-5932-4802-B34C-606CD3B1EC71-527x400.jpeg\" alt=\"\" width=\"527\" height=\"400\" srcset=\"https:\/\/cungtenhanoi.com\/wp-content\/uploads\/2024\/05\/63DBC538-5932-4802-B34C-606CD3B1EC71-527x400.jpeg 527w, https:\/\/cungtenhanoi.com\/wp-content\/uploads\/2024\/05\/63DBC538-5932-4802-B34C-606CD3B1EC71-1054x800.jpeg 1054w, https:\/\/cungtenhanoi.com\/wp-content\/uploads\/2024\/05\/63DBC538-5932-4802-B34C-606CD3B1EC71-768x583.jpeg 768w, https:\/\/cungtenhanoi.com\/wp-content\/uploads\/2024\/05\/63DBC538-5932-4802-B34C-606CD3B1EC71-600x455.jpeg 600w, https:\/\/cungtenhanoi.com\/wp-content\/uploads\/2024\/05\/63DBC538-5932-4802-B34C-606CD3B1EC71-64x49.jpeg 64w, https:\/\/cungtenhanoi.com\/wp-content\/uploads\/2024\/05\/63DBC538-5932-4802-B34C-606CD3B1EC71.jpeg 1500w\" sizes=\"(max-width: 527px) 100vw, 527px\" \/> <img loading=\"lazy\" class=\"size-medium wp-image-15853 aligncenter\" src=\"https:\/\/cungtenhanoi.com\/wp-content\/uploads\/2024\/05\/B5A155F8-1D46-4338-89A3-3B6A11488ED1-704x400.jpeg\" alt=\"\" width=\"704\" height=\"400\" srcset=\"https:\/\/cungtenhanoi.com\/wp-content\/uploads\/2024\/05\/B5A155F8-1D46-4338-89A3-3B6A11488ED1-704x400.jpeg 704w, https:\/\/cungtenhanoi.com\/wp-content\/uploads\/2024\/05\/B5A155F8-1D46-4338-89A3-3B6A11488ED1-768x436.jpeg 768w, https:\/\/cungtenhanoi.com\/wp-content\/uploads\/2024\/05\/B5A155F8-1D46-4338-89A3-3B6A11488ED1-600x341.jpeg 600w, https:\/\/cungtenhanoi.com\/wp-content\/uploads\/2024\/05\/B5A155F8-1D46-4338-89A3-3B6A11488ED1-64x36.jpeg 64w, https:\/\/cungtenhanoi.com\/wp-content\/uploads\/2024\/05\/B5A155F8-1D46-4338-89A3-3B6A11488ED1.jpeg 968w\" sizes=\"(max-width: 704px) 100vw, 704px\" \/> <img loading=\"lazy\" class=\"size-medium wp-image-15854 aligncenter\" src=\"https:\/\/cungtenhanoi.com\/wp-content\/uploads\/2024\/05\/C195E4BB-1E2B-40F4-90C6-F04D1E45F82A-300x400.jpeg\" alt=\"\" width=\"300\" height=\"400\" srcset=\"https:\/\/cungtenhanoi.com\/wp-content\/uploads\/2024\/05\/C195E4BB-1E2B-40F4-90C6-F04D1E45F82A-300x400.jpeg 300w, https:\/\/cungtenhanoi.com\/wp-content\/uploads\/2024\/05\/C195E4BB-1E2B-40F4-90C6-F04D1E45F82A-600x800.jpeg 600w, https:\/\/cungtenhanoi.com\/wp-content\/uploads\/2024\/05\/C195E4BB-1E2B-40F4-90C6-F04D1E45F82A-768x1024.jpeg 768w, https:\/\/cungtenhanoi.com\/wp-content\/uploads\/2024\/05\/C195E4BB-1E2B-40F4-90C6-F04D1E45F82A-1152x1536.jpeg 1152w, https:\/\/cungtenhanoi.com\/wp-content\/uploads\/2024\/05\/C195E4BB-1E2B-40F4-90C6-F04D1E45F82A-1536x2048.jpeg 1536w, https:\/\/cungtenhanoi.com\/wp-content\/uploads\/2024\/05\/C195E4BB-1E2B-40F4-90C6-F04D1E45F82A-64x85.jpeg 64w, https:\/\/cungtenhanoi.com\/wp-content\/uploads\/2024\/05\/C195E4BB-1E2B-40F4-90C6-F04D1E45F82A-scaled.jpeg 1920w\" sizes=\"(max-width: 300px) 100vw, 300px\" \/> <img loading=\"lazy\" class=\"size-medium wp-image-15855 aligncenter\" src=\"https:\/\/cungtenhanoi.com\/wp-content\/uploads\/2024\/05\/2F8721A6-2B14-4B44-8E24-ABE83E5B22C9-300x400.jpeg\" alt=\"\" width=\"300\" height=\"400\" srcset=\"https:\/\/cungtenhanoi.com\/wp-content\/uploads\/2024\/05\/2F8721A6-2B14-4B44-8E24-ABE83E5B22C9-300x400.jpeg 300w, https:\/\/cungtenhanoi.com\/wp-content\/uploads\/2024\/05\/2F8721A6-2B14-4B44-8E24-ABE83E5B22C9-600x800.jpeg 600w, https:\/\/cungtenhanoi.com\/wp-content\/uploads\/2024\/05\/2F8721A6-2B14-4B44-8E24-ABE83E5B22C9-768x1024.jpeg 768w, https:\/\/cungtenhanoi.com\/wp-content\/uploads\/2024\/05\/2F8721A6-2B14-4B44-8E24-ABE83E5B22C9-1152x1536.jpeg 1152w, https:\/\/cungtenhanoi.com\/wp-content\/uploads\/2024\/05\/2F8721A6-2B14-4B44-8E24-ABE83E5B22C9-1536x2048.jpeg 1536w, https:\/\/cungtenhanoi.com\/wp-content\/uploads\/2024\/05\/2F8721A6-2B14-4B44-8E24-ABE83E5B22C9-64x85.jpeg 64w, https:\/\/cungtenhanoi.com\/wp-content\/uploads\/2024\/05\/2F8721A6-2B14-4B44-8E24-ABE83E5B22C9-scaled.jpeg 1920w\" sizes=\"(max-width: 300px) 100vw, 300px\" \/> <img loading=\"lazy\" class=\"size-medium wp-image-15856 aligncenter\" src=\"https:\/\/cungtenhanoi.com\/wp-content\/uploads\/2024\/05\/F7B21691-C7D1-4233-A75A-BF5C4BAB9A8D-335x400.jpeg\" alt=\"\" width=\"335\" height=\"400\" srcset=\"https:\/\/cungtenhanoi.com\/wp-content\/uploads\/2024\/05\/F7B21691-C7D1-4233-A75A-BF5C4BAB9A8D-335x400.jpeg 335w, https:\/\/cungtenhanoi.com\/wp-content\/uploads\/2024\/05\/F7B21691-C7D1-4233-A75A-BF5C4BAB9A8D-669x800.jpeg 669w, https:\/\/cungtenhanoi.com\/wp-content\/uploads\/2024\/05\/F7B21691-C7D1-4233-A75A-BF5C4BAB9A8D-768x918.jpeg 768w, https:\/\/cungtenhanoi.com\/wp-content\/uploads\/2024\/05\/F7B21691-C7D1-4233-A75A-BF5C4BAB9A8D-1285x1536.jpeg 1285w, https:\/\/cungtenhanoi.com\/wp-content\/uploads\/2024\/05\/F7B21691-C7D1-4233-A75A-BF5C4BAB9A8D-1713x2048.jpeg 1713w, https:\/\/cungtenhanoi.com\/wp-content\/uploads\/2024\/05\/F7B21691-C7D1-4233-A75A-BF5C4BAB9A8D-600x717.jpeg 600w, https:\/\/cungtenhanoi.com\/wp-content\/uploads\/2024\/05\/F7B21691-C7D1-4233-A75A-BF5C4BAB9A8D-64x77.jpeg 64w\" sizes=\"(max-width: 335px) 100vw, 335px\" \/> <img loading=\"lazy\" class=\"alignnone size-medium wp-image-15857\" src=\"https:\/\/cungtenhanoi.com\/wp-content\/uploads\/2024\/05\/1ACF69E0-3E02-4C7B-B3EB-1BFF957F8F7B-400x400.jpeg\" alt=\"\" width=\"400\" height=\"400\" srcset=\"https:\/\/cungtenhanoi.com\/wp-content\/uploads\/2024\/05\/1ACF69E0-3E02-4C7B-B3EB-1BFF957F8F7B-400x400.jpeg 400w, https:\/\/cungtenhanoi.com\/wp-content\/uploads\/2024\/05\/1ACF69E0-3E02-4C7B-B3EB-1BFF957F8F7B-280x280.jpeg 280w, https:\/\/cungtenhanoi.com\/wp-content\/uploads\/2024\/05\/1ACF69E0-3E02-4C7B-B3EB-1BFF957F8F7B-768x768.jpeg 768w, https:\/\/cungtenhanoi.com\/wp-content\/uploads\/2024\/05\/1ACF69E0-3E02-4C7B-B3EB-1BFF957F8F7B-45x45.jpeg 45w, https:\/\/cungtenhanoi.com\/wp-content\/uploads\/2024\/05\/1ACF69E0-3E02-4C7B-B3EB-1BFF957F8F7B-300x300.jpeg 300w, https:\/\/cungtenhanoi.com\/wp-content\/uploads\/2024\/05\/1ACF69E0-3E02-4C7B-B3EB-1BFF957F8F7B-600x600.jpeg 600w, https:\/\/cungtenhanoi.com\/wp-content\/uploads\/2024\/05\/1ACF69E0-3E02-4C7B-B3EB-1BFF957F8F7B-100x100.jpeg 100w, https:\/\/cungtenhanoi.com\/wp-content\/uploads\/2024\/05\/1ACF69E0-3E02-4C7B-B3EB-1BFF957F8F7B-64x64.jpeg 64w, https:\/\/cungtenhanoi.com\/wp-content\/uploads\/2024\/05\/1ACF69E0-3E02-4C7B-B3EB-1BFF957F8F7B.jpeg 800w\" sizes=\"(max-width: 400px) 100vw, 400px\" \/><\/p>\n<p style=\"text-align: center;\">Ch\u1ea5t li\u1ec7u h\u1ee3p kim b\u1ec1n ch\u1eafc \u0111\u1ed9 th\u1ea9m m\u1ef9 cao<\/p>\n<p><iframe loading=\"lazy\" title=\"H\u01b0\u1edbng d\u1eabn s\u1eed d\u1ee5ng Rail b\u1eafn bi s\u1eaft cho compound - cung t\u00ean H\u00e0 N\u1ed9i\" width=\"1020\" height=\"574\" src=\"https:\/\/www.youtube.com\/embed\/lv0gMjXkl-o?feature=oembed\" frameborder=\"0\" allow=\"accelerometer; autoplay; clipboard-write; encrypted-media; gyroscope; picture-in-picture; web-share\" referrerpolicy=\"strict-origin-when-cross-origin\" allowfullscreen><\/iframe><\/p>\n<p style=\"text-align: center;\">\n","protected":false},"excerpt":{"rendered":"<p>S\u1eed d\u1ee5ng bi 15mm b\u1eafn \u0111\u01b0\u1ee3c 15 vi\u00ean 1 l\u00fac D\u00f9ng cho c\u00e1c d\u00f2ng cung compound \u00a0N\u00ean d\u00f9ng cho d\u00f2ng c\u00f3 l\u1ef1c b\u1eafn m\u1ea1nh 60 tr\u1edf l\u00ean Ch\u1ea5t li\u1ec7u h\u1ee3p kim b\u1ec1n ch\u1eafc \u0111\u1ed9 th\u1ea9m m\u1ef9 cao<\/p>\n","protected":false},"featured_media":15857,"comment_status":"open","ping_status":"closed","template":"","meta":[],"product_cat":[20],"product_tag":[566,34,1357,257,264,1356],"acf":[],"yoast_head":"<!-- This site is optimized with the Yoast SEO plugin v19.8 - https:\/\/yoast.com\/wordpress\/plugins\/seo\/ -->\n<title>Rail b\u1eafn bi s\u1eaft cho cung compound - Cung T\u00ean H\u00e0 N\u1ed9i<\/title>\n<meta name=\"description\" content=\"Mua cung t\u00ean th\u1ec3 thao, Cung b\u1eafn bi s\u1eaft, Mua cung t\u00ean t\u1ea1i h\u00e0 n\u1ed9i, Cung tr\u1ee3 l\u1ef1c, Cung compound, Cung t\u00ean ch\u00ednh h\u00e3ng, Cung t\u00ean m\u1ea1nh, Cung t\u00ean h\u00e0 n\u1ed9i, Cung t\u00ean , Mua cung t\u00ean S\u00e0i g\u00f2n , Mua m\u0169i t\u00ean b\u1eafn cung , Cung t\u00ean mini, Cung 1 d\u00e2y , Cung olympic, cung barebow, cung t\u00ean truy\u1ec1n th\u1ed1ng, cung t\u00ean gi\u00e1 r\u1ebb, m\u0169i t\u00ean, Recurve bow, Ph\u1ee5 ki\u1ec7n cung t\u00ean, rail b\u1eafn t\u00ean\" \/>\n<meta name=\"robots\" content=\"index, follow, max-snippet:-1, max-image-preview:large, max-video-preview:-1\" \/>\n<link rel=\"canonical\" href=\"https:\/\/cungtenhanoi.com\/?product=rail-ban-ten-cho-cung-compound\" \/>\n<meta property=\"og:locale\" content=\"vi_VN\" \/>\n<meta property=\"og:type\" content=\"article\" \/>\n<meta property=\"og:title\" content=\"Rail b\u1eafn bi s\u1eaft cho cung compound - Cung T\u00ean H\u00e0 N\u1ed9i\" \/>\n<meta property=\"og:description\" content=\"Mua cung t\u00ean th\u1ec3 thao, Cung b\u1eafn bi s\u1eaft, Mua cung t\u00ean t\u1ea1i h\u00e0 n\u1ed9i, Cung tr\u1ee3 l\u1ef1c, Cung compound, Cung t\u00ean ch\u00ednh h\u00e3ng, Cung t\u00ean m\u1ea1nh, Cung t\u00ean h\u00e0 n\u1ed9i, Cung t\u00ean , Mua cung t\u00ean S\u00e0i g\u00f2n , Mua m\u0169i t\u00ean b\u1eafn cung , Cung t\u00ean mini, Cung 1 d\u00e2y , Cung olympic, cung barebow, cung t\u00ean truy\u1ec1n th\u1ed1ng, cung t\u00ean gi\u00e1 r\u1ebb, m\u0169i t\u00ean, Recurve bow, Ph\u1ee5 ki\u1ec7n cung t\u00ean, rail b\u1eafn t\u00ean\" \/>\n<meta property=\"og:url\" content=\"https:\/\/cungtenhanoi.com\/?product=rail-ban-ten-cho-cung-compound\" \/>\n<meta property=\"og:site_name\" content=\"Cung T\u00ean H\u00e0 N\u1ed9i\" \/>\n<meta property=\"article:modified_time\" content=\"2026-03-30T15:28:13+00:00\" \/>\n<meta property=\"og:image\" content=\"https:\/\/cungtenhanoi.com\/wp-content\/uploads\/2024\/05\/1ACF69E0-3E02-4C7B-B3EB-1BFF957F8F7B.jpeg\" \/>\n\t<meta property=\"og:image:width\" content=\"800\" \/>\n\t<meta property=\"og:image:height\" content=\"800\" \/>\n\t<meta property=\"og:image:type\" content=\"image\/jpeg\" \/>\n<meta name=\"twitter:card\" content=\"summary_large_image\" \/>\n<meta name=\"twitter:label1\" content=\"\u01af\u1edbc t\u00ednh th\u1eddi gian \u0111\u1ecdc\" \/>\n\t<meta name=\"twitter:data1\" content=\"3 ph\u00fat\" \/>\n<script type=\"application\/ld+json\" class=\"yoast-schema-graph\">{\"@context\":\"https:\/\/schema.org\",\"@graph\":[{\"@type\":\"WebPage\",\"@id\":\"https:\/\/cungtenhanoi.com\/?product=rail-ban-ten-cho-cung-compound\",\"url\":\"https:\/\/cungtenhanoi.com\/?product=rail-ban-ten-cho-cung-compound\",\"name\":\"Rail b\u1eafn bi s\u1eaft cho cung compound - Cung T\u00ean H\u00e0 N\u1ed9i\",\"isPartOf\":{\"@id\":\"https:\/\/cungtenhanoi.com\/#website\"},\"datePublished\":\"2024-05-22T08:02:00+00:00\",\"dateModified\":\"2026-03-30T15:28:13+00:00\",\"description\":\"Mua cung t\u00ean th\u1ec3 thao, Cung b\u1eafn bi s\u1eaft, Mua cung t\u00ean t\u1ea1i h\u00e0 n\u1ed9i, Cung tr\u1ee3 l\u1ef1c, Cung compound, Cung t\u00ean ch\u00ednh h\u00e3ng, Cung t\u00ean m\u1ea1nh, Cung t\u00ean h\u00e0 n\u1ed9i, Cung t\u00ean , Mua cung t\u00ean S\u00e0i g\u00f2n , Mua m\u0169i t\u00ean b\u1eafn cung , Cung t\u00ean mini, Cung 1 d\u00e2y , Cung olympic, cung barebow, cung t\u00ean truy\u1ec1n th\u1ed1ng, cung t\u00ean gi\u00e1 r\u1ebb, m\u0169i t\u00ean, Recurve bow, Ph\u1ee5 ki\u1ec7n cung t\u00ean, rail b\u1eafn t\u00ean\",\"breadcrumb\":{\"@id\":\"https:\/\/cungtenhanoi.com\/?product=rail-ban-ten-cho-cung-compound#breadcrumb\"},\"inLanguage\":\"vi\",\"potentialAction\":[{\"@type\":\"ReadAction\",\"target\":[\"https:\/\/cungtenhanoi.com\/?product=rail-ban-ten-cho-cung-compound\"]}]},{\"@type\":\"BreadcrumbList\",\"@id\":\"https:\/\/cungtenhanoi.com\/?product=rail-ban-ten-cho-cung-compound#breadcrumb\",\"itemListElement\":[{\"@type\":\"ListItem\",\"position\":1,\"name\":\"Trang ch\u1ee7\",\"item\":\"https:\/\/cungtenhanoi.com\/\"},{\"@type\":\"ListItem\",\"position\":2,\"name\":\"Shop\",\"item\":\"https:\/\/cungtenhanoi.com\/?page_id=6\"},{\"@type\":\"ListItem\",\"position\":3,\"name\":\"Ph\u1ee5 ki\u1ec7n\",\"item\":\"https:\/\/cungtenhanoi.com\/danh-muc\/phu-kien\/\"},{\"@type\":\"ListItem\",\"position\":4,\"name\":\"Rail b\u1eafn bi s\u1eaft cho cung compound\"}]},{\"@type\":\"WebSite\",\"@id\":\"https:\/\/cungtenhanoi.com\/#website\",\"url\":\"https:\/\/cungtenhanoi.com\/\",\"name\":\"Cung T\u00ean H\u00e0 N\u1ed9i\",\"description\":\"Cung c\u1ea5p c\u00e1c lo\u1ea1i cung t\u00ean th\u1ec3 thao s\u1ed1 1 Vi\u1ec7t Nam\",\"publisher\":{\"@id\":\"https:\/\/cungtenhanoi.com\/#organization\"},\"potentialAction\":[{\"@type\":\"SearchAction\",\"target\":{\"@type\":\"EntryPoint\",\"urlTemplate\":\"https:\/\/cungtenhanoi.com\/?s={search_term_string}\"},\"query-input\":\"required name=search_term_string\"}],\"inLanguage\":\"vi\"},{\"@type\":\"Organization\",\"@id\":\"https:\/\/cungtenhanoi.com\/#organization\",\"name\":\"Cung T\u00ean H\u00e0 N\u1ed9i\",\"url\":\"https:\/\/cungtenhanoi.com\/\",\"sameAs\":[],\"logo\":{\"@type\":\"ImageObject\",\"inLanguage\":\"vi\",\"@id\":\"https:\/\/cungtenhanoi.com\/#\/schema\/logo\/image\/\",\"url\":\"https:\/\/cungtenhanoi.com\/wp-content\/uploads\/2025\/05\/logo-den-trang.jpg\",\"contentUrl\":\"https:\/\/cungtenhanoi.com\/wp-content\/uploads\/2025\/05\/logo-den-trang.jpg\",\"width\":450,\"height\":450,\"caption\":\"Cung T\u00ean H\u00e0 N\u1ed9i\"},\"image\":{\"@id\":\"https:\/\/cungtenhanoi.com\/#\/schema\/logo\/image\/\"}}]}<\/script>\n<!-- \/ Yoast SEO plugin. -->","yoast_head_json":{"title":"Rail b\u1eafn bi s\u1eaft cho cung compound - Cung T\u00ean H\u00e0 N\u1ed9i","description":"Mua cung t\u00ean th\u1ec3 thao, Cung b\u1eafn bi s\u1eaft, Mua cung t\u00ean t\u1ea1i h\u00e0 n\u1ed9i, Cung tr\u1ee3 l\u1ef1c, Cung compound, Cung t\u00ean ch\u00ednh h\u00e3ng, Cung t\u00ean m\u1ea1nh, Cung t\u00ean h\u00e0 n\u1ed9i, Cung t\u00ean , Mua cung t\u00ean S\u00e0i g\u00f2n , Mua m\u0169i t\u00ean b\u1eafn cung , Cung t\u00ean mini, Cung 1 d\u00e2y , Cung olympic, cung barebow, cung t\u00ean truy\u1ec1n th\u1ed1ng, cung t\u00ean gi\u00e1 r\u1ebb, m\u0169i t\u00ean, Recurve bow, Ph\u1ee5 ki\u1ec7n cung t\u00ean, rail b\u1eafn t\u00ean","robots":{"index":"index","follow":"follow","max-snippet":"max-snippet:-1","max-image-preview":"max-image-preview:large","max-video-preview":"max-video-preview:-1"},"canonical":"https:\/\/cungtenhanoi.com\/?product=rail-ban-ten-cho-cung-compound","og_locale":"vi_VN","og_type":"article","og_title":"Rail b\u1eafn bi s\u1eaft cho cung compound - Cung T\u00ean H\u00e0 N\u1ed9i","og_description":"Mua cung t\u00ean th\u1ec3 thao, Cung b\u1eafn bi s\u1eaft, Mua cung t\u00ean t\u1ea1i h\u00e0 n\u1ed9i, Cung tr\u1ee3 l\u1ef1c, Cung compound, Cung t\u00ean ch\u00ednh h\u00e3ng, Cung t\u00ean m\u1ea1nh, Cung t\u00ean h\u00e0 n\u1ed9i, Cung t\u00ean , Mua cung t\u00ean S\u00e0i g\u00f2n , Mua m\u0169i t\u00ean b\u1eafn cung , Cung t\u00ean mini, Cung 1 d\u00e2y , Cung olympic, cung barebow, cung t\u00ean truy\u1ec1n th\u1ed1ng, cung t\u00ean gi\u00e1 r\u1ebb, m\u0169i t\u00ean, Recurve bow, Ph\u1ee5 ki\u1ec7n cung t\u00ean, rail b\u1eafn t\u00ean","og_url":"https:\/\/cungtenhanoi.com\/?product=rail-ban-ten-cho-cung-compound","og_site_name":"Cung T\u00ean H\u00e0 N\u1ed9i","article_modified_time":"2026-03-30T15:28:13+00:00","og_image":[{"width":800,"height":800,"url":"https:\/\/cungtenhanoi.com\/wp-content\/uploads\/2024\/05\/1ACF69E0-3E02-4C7B-B3EB-1BFF957F8F7B.jpeg","type":"image\/jpeg"}],"twitter_card":"summary_large_image","twitter_misc":{"\u01af\u1edbc t\u00ednh th\u1eddi gian \u0111\u1ecdc":"3 ph\u00fat"},"schema":{"@context":"https:\/\/schema.org","@graph":[{"@type":"WebPage","@id":"https:\/\/cungtenhanoi.com\/?product=rail-ban-ten-cho-cung-compound","url":"https:\/\/cungtenhanoi.com\/?product=rail-ban-ten-cho-cung-compound","name":"Rail b\u1eafn bi s\u1eaft cho cung compound - Cung T\u00ean H\u00e0 N\u1ed9i","isPartOf":{"@id":"https:\/\/cungtenhanoi.com\/#website"},"datePublished":"2024-05-22T08:02:00+00:00","dateModified":"2026-03-30T15:28:13+00:00","description":"Mua cung t\u00ean th\u1ec3 thao, Cung b\u1eafn bi s\u1eaft, Mua cung t\u00ean t\u1ea1i h\u00e0 n\u1ed9i, Cung tr\u1ee3 l\u1ef1c, Cung compound, Cung t\u00ean ch\u00ednh h\u00e3ng, Cung t\u00ean m\u1ea1nh, Cung t\u00ean h\u00e0 n\u1ed9i, Cung t\u00ean , Mua cung t\u00ean S\u00e0i g\u00f2n , Mua m\u0169i t\u00ean b\u1eafn cung , Cung t\u00ean mini, Cung 1 d\u00e2y , Cung olympic, cung barebow, cung t\u00ean truy\u1ec1n th\u1ed1ng, cung t\u00ean gi\u00e1 r\u1ebb, m\u0169i t\u00ean, Recurve bow, Ph\u1ee5 ki\u1ec7n cung t\u00ean, rail b\u1eafn t\u00ean","breadcrumb":{"@id":"https:\/\/cungtenhanoi.com\/?product=rail-ban-ten-cho-cung-compound#breadcrumb"},"inLanguage":"vi","potentialAction":[{"@type":"ReadAction","target":["https:\/\/cungtenhanoi.com\/?product=rail-ban-ten-cho-cung-compound"]}]},{"@type":"BreadcrumbList","@id":"https:\/\/cungtenhanoi.com\/?product=rail-ban-ten-cho-cung-compound#breadcrumb","itemListElement":[{"@type":"ListItem","position":1,"name":"Trang ch\u1ee7","item":"https:\/\/cungtenhanoi.com\/"},{"@type":"ListItem","position":2,"name":"Shop","item":"https:\/\/cungtenhanoi.com\/?page_id=6"},{"@type":"ListItem","position":3,"name":"Ph\u1ee5 ki\u1ec7n","item":"https:\/\/cungtenhanoi.com\/danh-muc\/phu-kien\/"},{"@type":"ListItem","position":4,"name":"Rail b\u1eafn bi s\u1eaft cho cung compound"}]},{"@type":"WebSite","@id":"https:\/\/cungtenhanoi.com\/#website","url":"https:\/\/cungtenhanoi.com\/","name":"Cung T\u00ean H\u00e0 N\u1ed9i","description":"Cung c\u1ea5p c\u00e1c lo\u1ea1i cung t\u00ean th\u1ec3 thao s\u1ed1 1 Vi\u1ec7t Nam","publisher":{"@id":"https:\/\/cungtenhanoi.com\/#organization"},"potentialAction":[{"@type":"SearchAction","target":{"@type":"EntryPoint","urlTemplate":"https:\/\/cungtenhanoi.com\/?s={search_term_string}"},"query-input":"required name=search_term_string"}],"inLanguage":"vi"},{"@type":"Organization","@id":"https:\/\/cungtenhanoi.com\/#organization","name":"Cung T\u00ean H\u00e0 N\u1ed9i","url":"https:\/\/cungtenhanoi.com\/","sameAs":[],"logo":{"@type":"ImageObject","inLanguage":"vi","@id":"https:\/\/cungtenhanoi.com\/#\/schema\/logo\/image\/","url":"https:\/\/cungtenhanoi.com\/wp-content\/uploads\/2025\/05\/logo-den-trang.jpg","contentUrl":"https:\/\/cungtenhanoi.com\/wp-content\/uploads\/2025\/05\/logo-den-trang.jpg","width":450,"height":450,"caption":"Cung T\u00ean H\u00e0 N\u1ed9i"},"image":{"@id":"https:\/\/cungtenhanoi.com\/#\/schema\/logo\/image\/"}}]}},"_links":{"self":[{"href":"https:\/\/cungtenhanoi.com\/index.php?rest_route=\/wp\/v2\/product\/15847"}],"collection":[{"href":"https:\/\/cungtenhanoi.com\/index.php?rest_route=\/wp\/v2\/product"}],"about":[{"href":"https:\/\/cungtenhanoi.com\/index.php?rest_route=\/wp\/v2\/types\/product"}],"replies":[{"embeddable":true,"href":"https:\/\/cungtenhanoi.com\/index.php?rest_route=%2Fwp%2Fv2%2Fcomments&post=15847"}],"wp:featuredmedia":[{"embeddable":true,"href":"https:\/\/cungtenhanoi.com\/index.php?rest_route=\/wp\/v2\/media\/15857"}],"wp:attachment":[{"href":"https:\/\/cungtenhanoi.com\/index.php?rest_route=%2Fwp%2Fv2%2Fmedia&parent=15847"}],"wp:term":[{"taxonomy":"product_cat","embeddable":true,"href":"https:\/\/cungtenhanoi.com\/index.php?rest_route=%2Fwp%2Fv2%2Fproduct_cat&post=15847"},{"taxonomy":"product_tag","embeddable":true,"href":"https:\/\/cungtenhanoi.com\/index.php?rest_route=%2Fwp%2Fv2%2Fproduct_tag&post=15847"}],"curies":[{"name":"wp","href":"https:\/\/api.w.org\/{rel}","templated":true}]}}