{"id":15937,"date":"2024-11-06T14:59:34","date_gmt":"2024-11-06T07:59:34","guid":{"rendered":"https:\/\/cungtenhanoi.com\/?post_type=product&#038;p=15937"},"modified":"2025-08-18T21:40:57","modified_gmt":"2025-08-18T14:40:57","slug":"cung-thanh","status":"publish","type":"product","link":"https:\/\/cungtenhanoi.com\/?product=cung-thanh","title":{"rendered":"Cung Thanh &#8211; L\u01b0\u01a1ng Ch\u00ed"},"content":{"rendered":"<p style=\"text-align: center;\">\u00a0 \u00a0 \u00a0 Nh\u00e0 Thanh l\u00e0 tri\u1ec1u \u0111\u1ea1i cu\u1ed1i c\u00f9ng c\u1ee7a lich s\u1eed phong ki\u1ebfn Trung Qu\u1ed1c, cung nh\u00e0 Thanh c\u0169ng l\u00e0 cung cu\u1ed1i c\u00f9ng \u0111\u01b0\u1ee3c s\u1eed d\u1ee5ng trong chi\u1ebfn tranh tr\u01b0\u1edbc khi \u0111\u01b0\u1ee3c thay th\u1ebf b\u1eb1ng c\u00e1c lo\u1ea1i s\u00fang.\u00a0\u00a0 V\u1eabn c\u00f2n nhi\u1ec1u \u0111\u1ed3 v\u1eadt \u0111\u01b0\u1ee3c b\u1ea3o qu\u1ea3n t\u1ed1t.\u00a0Cung r\u00f5 r\u00e0ng l\u00e0 cung c\u00f3 \u0111\u1ea7u d\u00e0i, \u0111i\u1ec3m kh\u00e1c bi\u1ec7t l\u00e0 ph\u1ea7n \u0111\u1ea7u cung kh\u00e1 d\u00e0i so v\u1edbi cung c\u1ee7a c\u00e1c tri\u1ec1u \u0111\u1ea1i kh\u00e1c, \u0111\u1ea7u cung t\u01b0\u01a1ng t\u1ef1 nh\u01b0 \u0111\u00f2n b\u1ea9y, c\u00f3 l\u1ee3i cho vi\u1ec7c t\u0103ng t\u1ed1c v\u00e0 k\u00e9o nh\u1eb9 h\u01a1n.\u00a0H\u00ecnh d\u1ea1ng c\u00e1nh cung \u0111\u1ed9c \u0111\u00e1o c\u1ee7a cung Qing khi\u1ebfn n\u00f3 c\u00f3 kho\u1ea3ng c\u00e1ch k\u00e9o l\u1edbn h\u01a1n, c\u1ea3m gi\u00e1c k\u00e9o t\u1ed1t h\u01a1n v\u00e0 m\u0169i t\u00ean n\u1eb7ng h\u01a1n.<\/p>\n<p style=\"text-align: center;\">\u00a0. \u0110\u1ed9 rung c\u1ee7a c\u00e1c m\u0169i t\u00ean n\u1eb7ng \u0111\u01b0\u1ee3c gi\u1ea3m \u0111\u00e1ng k\u1ec3, th\u1ebf n\u00ean t\u00ean c\u00f3 tr\u1ecdng l\u01b0\u1ee3ng 1g cho m\u1ed7i pound. Th\u1eddi n\u00e0y n\u1ed5i ti\u1ebfng v\u1edbi t\u00ean \u201d l\u1ee5c l\u1ea1ng ti\u1ec5n\u201d, \u0111\u1ec3 xuy\u00ean gi\u00e1p ch\u1ed1ng l\u1ea1i s\u00fang trong th\u1eddi k\u1ef3 \u0111\u1ea7u c\u1ee7a th\u1eddi \u0111\u1ea1i s\u00fang b\u1eaft \u0111\u1ea7u th\u1ecbnh h\u00e0nh trong chi\u1ebfn tranh<br \/>\nNgh\u1ec7 nh\u00e2n L\u01b0\u01a1ng ch\u00ed FangBow \u0111\u01b0\u1ee3c c\u1ea5p b\u1eb1ng s\u00e1ng ch\u1ebf \u0111\u1ed9c quy\u1ec1n m\u1eabu cung n\u00e0y.<br \/>\nChi\u1ec1u d\u00e0i: 162 cm<br \/>\nL\u1ef1c b\u1eafn 30- 120lbs max 150lbs<\/p>\n<p><img loading=\"lazy\" class=\"alignnone wp-image-15939 aligncenter\" src=\"https:\/\/cungtenhanoi.com\/wp-content\/uploads\/2024\/11\/IMG_4987-174x400.jpeg\" alt=\"\" width=\"176\" height=\"405\" srcset=\"https:\/\/cungtenhanoi.com\/wp-content\/uploads\/2024\/11\/IMG_4987-174x400.jpeg 174w, https:\/\/cungtenhanoi.com\/wp-content\/uploads\/2024\/11\/IMG_4987-347x800.jpeg 347w, https:\/\/cungtenhanoi.com\/wp-content\/uploads\/2024\/11\/IMG_4987-768x1768.jpeg 768w, https:\/\/cungtenhanoi.com\/wp-content\/uploads\/2024\/11\/IMG_4987-667x1536.jpeg 667w, https:\/\/cungtenhanoi.com\/wp-content\/uploads\/2024\/11\/IMG_4987-889x2048.jpeg 889w, https:\/\/cungtenhanoi.com\/wp-content\/uploads\/2024\/11\/IMG_4987-600x1382.jpeg 600w, https:\/\/cungtenhanoi.com\/wp-content\/uploads\/2024\/11\/IMG_4987-64x147.jpeg 64w, https:\/\/cungtenhanoi.com\/wp-content\/uploads\/2024\/11\/IMG_4987-scaled.jpeg 1112w\" sizes=\"(max-width: 176px) 100vw, 176px\" \/> <img loading=\"lazy\" class=\"alignnone wp-image-15942 aligncenter\" src=\"https:\/\/cungtenhanoi.com\/wp-content\/uploads\/2024\/11\/IMG_4978-189x400.jpeg\" alt=\"\" width=\"178\" height=\"377\" srcset=\"https:\/\/cungtenhanoi.com\/wp-content\/uploads\/2024\/11\/IMG_4978-189x400.jpeg 189w, https:\/\/cungtenhanoi.com\/wp-content\/uploads\/2024\/11\/IMG_4978-378x800.jpeg 378w, https:\/\/cungtenhanoi.com\/wp-content\/uploads\/2024\/11\/IMG_4978-768x1624.jpeg 768w, https:\/\/cungtenhanoi.com\/wp-content\/uploads\/2024\/11\/IMG_4978-726x1536.jpeg 726w, https:\/\/cungtenhanoi.com\/wp-content\/uploads\/2024\/11\/IMG_4978-968x2048.jpeg 968w, https:\/\/cungtenhanoi.com\/wp-content\/uploads\/2024\/11\/IMG_4978-600x1269.jpeg 600w, https:\/\/cungtenhanoi.com\/wp-content\/uploads\/2024\/11\/IMG_4978-64x135.jpeg 64w, https:\/\/cungtenhanoi.com\/wp-content\/uploads\/2024\/11\/IMG_4978-scaled.jpeg 1210w\" sizes=\"(max-width: 178px) 100vw, 178px\" \/> <img loading=\"lazy\" class=\"alignnone size-medium wp-image-15943 aligncenter\" src=\"https:\/\/cungtenhanoi.com\/wp-content\/uploads\/2024\/11\/IMG_4988-178x400.jpeg\" alt=\"\" width=\"178\" height=\"400\" srcset=\"https:\/\/cungtenhanoi.com\/wp-content\/uploads\/2024\/11\/IMG_4988-178x400.jpeg 178w, https:\/\/cungtenhanoi.com\/wp-content\/uploads\/2024\/11\/IMG_4988-356x800.jpeg 356w, https:\/\/cungtenhanoi.com\/wp-content\/uploads\/2024\/11\/IMG_4988-768x1727.jpeg 768w, https:\/\/cungtenhanoi.com\/wp-content\/uploads\/2024\/11\/IMG_4988-683x1536.jpeg 683w, https:\/\/cungtenhanoi.com\/wp-content\/uploads\/2024\/11\/IMG_4988-911x2048.jpeg 911w, https:\/\/cungtenhanoi.com\/wp-content\/uploads\/2024\/11\/IMG_4988-600x1349.jpeg 600w, https:\/\/cungtenhanoi.com\/wp-content\/uploads\/2024\/11\/IMG_4988-64x144.jpeg 64w, https:\/\/cungtenhanoi.com\/wp-content\/uploads\/2024\/11\/IMG_4988-scaled.jpeg 1138w\" sizes=\"(max-width: 178px) 100vw, 178px\" \/><img loading=\"lazy\" class=\"alignnone size-medium wp-image-15940 aligncenter\" src=\"https:\/\/cungtenhanoi.com\/wp-content\/uploads\/2024\/11\/IMG_4979-368x400.jpeg\" alt=\"\" width=\"368\" height=\"400\" srcset=\"https:\/\/cungtenhanoi.com\/wp-content\/uploads\/2024\/11\/IMG_4979-368x400.jpeg 368w, https:\/\/cungtenhanoi.com\/wp-content\/uploads\/2024\/11\/IMG_4979-735x800.jpeg 735w, https:\/\/cungtenhanoi.com\/wp-content\/uploads\/2024\/11\/IMG_4979-768x836.jpeg 768w, https:\/\/cungtenhanoi.com\/wp-content\/uploads\/2024\/11\/IMG_4979-600x653.jpeg 600w, https:\/\/cungtenhanoi.com\/wp-content\/uploads\/2024\/11\/IMG_4979-64x70.jpeg 64w, https:\/\/cungtenhanoi.com\/wp-content\/uploads\/2024\/11\/IMG_4979.jpeg 950w\" sizes=\"(max-width: 368px) 100vw, 368px\" \/><img loading=\"lazy\" class=\"size-medium wp-image-15950 aligncenter\" src=\"https:\/\/cungtenhanoi.com\/wp-content\/uploads\/2024\/11\/ffa-800x400.jpg\" alt=\"\" width=\"800\" height=\"400\" srcset=\"https:\/\/cungtenhanoi.com\/wp-content\/uploads\/2024\/11\/ffa-800x400.jpg 800w, https:\/\/cungtenhanoi.com\/wp-content\/uploads\/2024\/11\/ffa-768x384.jpg 768w, https:\/\/cungtenhanoi.com\/wp-content\/uploads\/2024\/11\/ffa-600x300.jpg 600w, https:\/\/cungtenhanoi.com\/wp-content\/uploads\/2024\/11\/ffa-64x32.jpg 64w, https:\/\/cungtenhanoi.com\/wp-content\/uploads\/2024\/11\/ffa.jpg 1291w\" sizes=\"(max-width: 800px) 100vw, 800px\" \/>\u00a0 <img loading=\"lazy\" class=\"size-medium wp-image-15949 aligncenter\" src=\"https:\/\/cungtenhanoi.com\/wp-content\/uploads\/2024\/11\/sd-800x362.jpg\" alt=\"\" width=\"800\" height=\"362\" srcset=\"https:\/\/cungtenhanoi.com\/wp-content\/uploads\/2024\/11\/sd-800x362.jpg 800w, https:\/\/cungtenhanoi.com\/wp-content\/uploads\/2024\/11\/sd-1400x633.jpg 1400w, https:\/\/cungtenhanoi.com\/wp-content\/uploads\/2024\/11\/sd-768x347.jpg 768w, https:\/\/cungtenhanoi.com\/wp-content\/uploads\/2024\/11\/sd-1536x694.jpg 1536w, https:\/\/cungtenhanoi.com\/wp-content\/uploads\/2024\/11\/sd-600x271.jpg 600w, https:\/\/cungtenhanoi.com\/wp-content\/uploads\/2024\/11\/sd-64x29.jpg 64w, https:\/\/cungtenhanoi.com\/wp-content\/uploads\/2024\/11\/sd.jpg 1602w\" sizes=\"(max-width: 800px) 100vw, 800px\" \/><img loading=\"lazy\" class=\"size-medium wp-image-15938 aligncenter\" style=\"font-size: 14.4px;\" src=\"https:\/\/cungtenhanoi.com\/wp-content\/uploads\/2024\/11\/IMG_4944-800x396.jpeg\" alt=\"\" width=\"800\" height=\"396\" srcset=\"https:\/\/cungtenhanoi.com\/wp-content\/uploads\/2024\/11\/IMG_4944-800x396.jpeg 800w, https:\/\/cungtenhanoi.com\/wp-content\/uploads\/2024\/11\/IMG_4944-768x380.jpeg 768w, https:\/\/cungtenhanoi.com\/wp-content\/uploads\/2024\/11\/IMG_4944-600x297.jpeg 600w, https:\/\/cungtenhanoi.com\/wp-content\/uploads\/2024\/11\/IMG_4944-64x32.jpeg 64w, https:\/\/cungtenhanoi.com\/wp-content\/uploads\/2024\/11\/IMG_4944.jpeg 1200w\" sizes=\"(max-width: 800px) 100vw, 800px\" \/><\/p>\n","protected":false},"excerpt":{"rendered":"<p>\u00a0 \u00a0 \u00a0 Nh\u00e0 Thanh l\u00e0 tri\u1ec1u \u0111\u1ea1i cu\u1ed1i c\u00f9ng c\u1ee7a lich s\u1eed phong ki\u1ebfn Trung Qu\u1ed1c, cung nh\u00e0 Thanh c\u0169ng l\u00e0 cung cu\u1ed1i c\u00f9ng \u0111\u01b0\u1ee3c s\u1eed d\u1ee5ng trong chi\u1ebfn tranh tr\u01b0\u1edbc khi \u0111\u01b0\u1ee3c thay th\u1ebf b\u1eb1ng c\u00e1c lo\u1ea1i s\u00fang.\u00a0\u00a0 V\u1eabn c\u00f2n nhi\u1ec1u \u0111\u1ed3 v\u1eadt \u0111\u01b0\u1ee3c b\u1ea3o qu\u1ea3n t\u1ed1t.\u00a0Cung r\u00f5 r\u00e0ng l\u00e0 cung c\u00f3 \u0111\u1ea7u<\/p>\n","protected":false},"featured_media":15948,"comment_status":"open","ping_status":"closed","template":"","meta":[],"product_cat":[627,17],"product_tag":[257,315,439],"acf":[],"yoast_head":"<!-- This site is optimized with the Yoast SEO plugin v19.8 - https:\/\/yoast.com\/wordpress\/plugins\/seo\/ -->\n<title>Cung Thanh - L\u01b0\u01a1ng Ch\u00ed - Cung T\u00ean H\u00e0 N\u1ed9i<\/title>\n<meta name=\"description\" content=\"Mua cung t\u00ean th\u1ec3 thao, Mua cung t\u00ean t\u1ea1i h\u00e0 n\u1ed9i, Cung tr\u1ee3 l\u1ef1c, Cung compound, Cung t\u00ean ch\u00ednh h\u00e3ng, , Cung t\u00ean h\u00e0 n\u1ed9i, Cung t\u00ean , Mua cung t\u00ean S\u00e0i g\u00f2n , Mua m\u0169i t\u00ean b\u1eafn cung , Cung b\u1eafn bi s\u1eaft , cung t\u00ean mini, Cung truy\u1ec1n th\u1ed1ng, Cung c\u1ed5 \u0111i\u1ec3n, Cung trang tr\u00ed, Cung tr\u01b0ng b\u00e0y, cung t\u00ean m\u1ea1nh, mua ph\u1ee5 ki\u1ec7n b\u1eafn cung, cung nh\u00e0 thanh\" \/>\n<meta name=\"robots\" content=\"index, follow, max-snippet:-1, max-image-preview:large, max-video-preview:-1\" \/>\n<link rel=\"canonical\" href=\"https:\/\/cungtenhanoi.com\/?product=cung-thanh\" \/>\n<meta property=\"og:locale\" content=\"vi_VN\" \/>\n<meta property=\"og:type\" content=\"article\" \/>\n<meta property=\"og:title\" content=\"cung truy\u1ec1n th\u1ed1ng\" \/>\n<meta property=\"og:description\" content=\"Cung truy\u1ec1n th\u1ed1ng nh\u00e0 Thanh\" \/>\n<meta property=\"og:url\" content=\"https:\/\/cungtenhanoi.com\/?product=cung-thanh\" \/>\n<meta property=\"og:site_name\" content=\"Cung T\u00ean H\u00e0 N\u1ed9i\" \/>\n<meta property=\"article:modified_time\" content=\"2025-08-18T14:40:57+00:00\" \/>\n<meta property=\"og:image\" content=\"https:\/\/cungtenhanoi.com\/wp-content\/uploads\/2024\/11\/sd.jpg\" \/>\n\t<meta property=\"og:image:width\" content=\"1602\" \/>\n\t<meta property=\"og:image:height\" content=\"724\" \/>\n\t<meta property=\"og:image:type\" content=\"image\/jpeg\" \/>\n<meta name=\"twitter:card\" content=\"summary_large_image\" \/>\n<meta name=\"twitter:label1\" content=\"\u01af\u1edbc t\u00ednh th\u1eddi gian \u0111\u1ecdc\" \/>\n\t<meta name=\"twitter:data1\" content=\"3 ph\u00fat\" \/>\n<script type=\"application\/ld+json\" class=\"yoast-schema-graph\">{\"@context\":\"https:\/\/schema.org\",\"@graph\":[{\"@type\":\"WebPage\",\"@id\":\"https:\/\/cungtenhanoi.com\/?product=cung-thanh\",\"url\":\"https:\/\/cungtenhanoi.com\/?product=cung-thanh\",\"name\":\"Cung Thanh - L\u01b0\u01a1ng Ch\u00ed - Cung T\u00ean H\u00e0 N\u1ed9i\",\"isPartOf\":{\"@id\":\"https:\/\/cungtenhanoi.com\/#website\"},\"datePublished\":\"2024-11-06T07:59:34+00:00\",\"dateModified\":\"2025-08-18T14:40:57+00:00\",\"description\":\"Mua cung t\u00ean th\u1ec3 thao, Mua cung t\u00ean t\u1ea1i h\u00e0 n\u1ed9i, Cung tr\u1ee3 l\u1ef1c, Cung compound, Cung t\u00ean ch\u00ednh h\u00e3ng, , Cung t\u00ean h\u00e0 n\u1ed9i, Cung t\u00ean , Mua cung t\u00ean S\u00e0i g\u00f2n , Mua m\u0169i t\u00ean b\u1eafn cung , Cung b\u1eafn bi s\u1eaft , cung t\u00ean mini, Cung truy\u1ec1n th\u1ed1ng, Cung c\u1ed5 \u0111i\u1ec3n, Cung trang tr\u00ed, Cung tr\u01b0ng b\u00e0y, cung t\u00ean m\u1ea1nh, mua ph\u1ee5 ki\u1ec7n b\u1eafn cung, cung nh\u00e0 thanh\",\"breadcrumb\":{\"@id\":\"https:\/\/cungtenhanoi.com\/?product=cung-thanh#breadcrumb\"},\"inLanguage\":\"vi\",\"potentialAction\":[{\"@type\":\"ReadAction\",\"target\":[\"https:\/\/cungtenhanoi.com\/?product=cung-thanh\"]}]},{\"@type\":\"BreadcrumbList\",\"@id\":\"https:\/\/cungtenhanoi.com\/?product=cung-thanh#breadcrumb\",\"itemListElement\":[{\"@type\":\"ListItem\",\"position\":1,\"name\":\"Trang ch\u1ee7\",\"item\":\"https:\/\/cungtenhanoi.com\/\"},{\"@type\":\"ListItem\",\"position\":2,\"name\":\"Shop\",\"item\":\"https:\/\/cungtenhanoi.com\/?page_id=6\"},{\"@type\":\"ListItem\",\"position\":3,\"name\":\"Uncategorized\",\"item\":\"https:\/\/cungtenhanoi.com\/danh-muc\/uncategorized\/\"},{\"@type\":\"ListItem\",\"position\":4,\"name\":\"Cung Thanh &#8211; L\u01b0\u01a1ng Ch\u00ed\"}]},{\"@type\":\"WebSite\",\"@id\":\"https:\/\/cungtenhanoi.com\/#website\",\"url\":\"https:\/\/cungtenhanoi.com\/\",\"name\":\"Cung T\u00ean H\u00e0 N\u1ed9i\",\"description\":\"Cung c\u1ea5p c\u00e1c lo\u1ea1i cung t\u00ean th\u1ec3 thao s\u1ed1 1 Vi\u1ec7t Nam\",\"publisher\":{\"@id\":\"https:\/\/cungtenhanoi.com\/#organization\"},\"potentialAction\":[{\"@type\":\"SearchAction\",\"target\":{\"@type\":\"EntryPoint\",\"urlTemplate\":\"https:\/\/cungtenhanoi.com\/?s={search_term_string}\"},\"query-input\":\"required name=search_term_string\"}],\"inLanguage\":\"vi\"},{\"@type\":\"Organization\",\"@id\":\"https:\/\/cungtenhanoi.com\/#organization\",\"name\":\"Cung T\u00ean H\u00e0 N\u1ed9i\",\"url\":\"https:\/\/cungtenhanoi.com\/\",\"sameAs\":[],\"logo\":{\"@type\":\"ImageObject\",\"inLanguage\":\"vi\",\"@id\":\"https:\/\/cungtenhanoi.com\/#\/schema\/logo\/image\/\",\"url\":\"https:\/\/cungtenhanoi.com\/wp-content\/uploads\/2025\/05\/logo-den-trang.jpg\",\"contentUrl\":\"https:\/\/cungtenhanoi.com\/wp-content\/uploads\/2025\/05\/logo-den-trang.jpg\",\"width\":450,\"height\":450,\"caption\":\"Cung T\u00ean H\u00e0 N\u1ed9i\"},\"image\":{\"@id\":\"https:\/\/cungtenhanoi.com\/#\/schema\/logo\/image\/\"}}]}<\/script>\n<!-- \/ Yoast SEO plugin. -->","yoast_head_json":{"title":"Cung Thanh - L\u01b0\u01a1ng Ch\u00ed - Cung T\u00ean H\u00e0 N\u1ed9i","description":"Mua cung t\u00ean th\u1ec3 thao, Mua cung t\u00ean t\u1ea1i h\u00e0 n\u1ed9i, Cung tr\u1ee3 l\u1ef1c, Cung compound, Cung t\u00ean ch\u00ednh h\u00e3ng, , Cung t\u00ean h\u00e0 n\u1ed9i, Cung t\u00ean , Mua cung t\u00ean S\u00e0i g\u00f2n , Mua m\u0169i t\u00ean b\u1eafn cung , Cung b\u1eafn bi s\u1eaft , cung t\u00ean mini, Cung truy\u1ec1n th\u1ed1ng, Cung c\u1ed5 \u0111i\u1ec3n, Cung trang tr\u00ed, Cung tr\u01b0ng b\u00e0y, cung t\u00ean m\u1ea1nh, mua ph\u1ee5 ki\u1ec7n b\u1eafn cung, cung nh\u00e0 thanh","robots":{"index":"index","follow":"follow","max-snippet":"max-snippet:-1","max-image-preview":"max-image-preview:large","max-video-preview":"max-video-preview:-1"},"canonical":"https:\/\/cungtenhanoi.com\/?product=cung-thanh","og_locale":"vi_VN","og_type":"article","og_title":"cung truy\u1ec1n th\u1ed1ng","og_description":"Cung truy\u1ec1n th\u1ed1ng nh\u00e0 Thanh","og_url":"https:\/\/cungtenhanoi.com\/?product=cung-thanh","og_site_name":"Cung T\u00ean H\u00e0 N\u1ed9i","article_modified_time":"2025-08-18T14:40:57+00:00","og_image":[{"width":1602,"height":724,"url":"https:\/\/cungtenhanoi.com\/wp-content\/uploads\/2024\/11\/sd.jpg","type":"image\/jpeg"}],"twitter_card":"summary_large_image","twitter_misc":{"\u01af\u1edbc t\u00ednh th\u1eddi gian \u0111\u1ecdc":"3 ph\u00fat"},"schema":{"@context":"https:\/\/schema.org","@graph":[{"@type":"WebPage","@id":"https:\/\/cungtenhanoi.com\/?product=cung-thanh","url":"https:\/\/cungtenhanoi.com\/?product=cung-thanh","name":"Cung Thanh - L\u01b0\u01a1ng Ch\u00ed - Cung T\u00ean H\u00e0 N\u1ed9i","isPartOf":{"@id":"https:\/\/cungtenhanoi.com\/#website"},"datePublished":"2024-11-06T07:59:34+00:00","dateModified":"2025-08-18T14:40:57+00:00","description":"Mua cung t\u00ean th\u1ec3 thao, Mua cung t\u00ean t\u1ea1i h\u00e0 n\u1ed9i, Cung tr\u1ee3 l\u1ef1c, Cung compound, Cung t\u00ean ch\u00ednh h\u00e3ng, , Cung t\u00ean h\u00e0 n\u1ed9i, Cung t\u00ean , Mua cung t\u00ean S\u00e0i g\u00f2n , Mua m\u0169i t\u00ean b\u1eafn cung , Cung b\u1eafn bi s\u1eaft , cung t\u00ean mini, Cung truy\u1ec1n th\u1ed1ng, Cung c\u1ed5 \u0111i\u1ec3n, Cung trang tr\u00ed, Cung tr\u01b0ng b\u00e0y, cung t\u00ean m\u1ea1nh, mua ph\u1ee5 ki\u1ec7n b\u1eafn cung, cung nh\u00e0 thanh","breadcrumb":{"@id":"https:\/\/cungtenhanoi.com\/?product=cung-thanh#breadcrumb"},"inLanguage":"vi","potentialAction":[{"@type":"ReadAction","target":["https:\/\/cungtenhanoi.com\/?product=cung-thanh"]}]},{"@type":"BreadcrumbList","@id":"https:\/\/cungtenhanoi.com\/?product=cung-thanh#breadcrumb","itemListElement":[{"@type":"ListItem","position":1,"name":"Trang ch\u1ee7","item":"https:\/\/cungtenhanoi.com\/"},{"@type":"ListItem","position":2,"name":"Shop","item":"https:\/\/cungtenhanoi.com\/?page_id=6"},{"@type":"ListItem","position":3,"name":"Uncategorized","item":"https:\/\/cungtenhanoi.com\/danh-muc\/uncategorized\/"},{"@type":"ListItem","position":4,"name":"Cung Thanh &#8211; L\u01b0\u01a1ng Ch\u00ed"}]},{"@type":"WebSite","@id":"https:\/\/cungtenhanoi.com\/#website","url":"https:\/\/cungtenhanoi.com\/","name":"Cung T\u00ean H\u00e0 N\u1ed9i","description":"Cung c\u1ea5p c\u00e1c lo\u1ea1i cung t\u00ean th\u1ec3 thao s\u1ed1 1 Vi\u1ec7t Nam","publisher":{"@id":"https:\/\/cungtenhanoi.com\/#organization"},"potentialAction":[{"@type":"SearchAction","target":{"@type":"EntryPoint","urlTemplate":"https:\/\/cungtenhanoi.com\/?s={search_term_string}"},"query-input":"required name=search_term_string"}],"inLanguage":"vi"},{"@type":"Organization","@id":"https:\/\/cungtenhanoi.com\/#organization","name":"Cung T\u00ean H\u00e0 N\u1ed9i","url":"https:\/\/cungtenhanoi.com\/","sameAs":[],"logo":{"@type":"ImageObject","inLanguage":"vi","@id":"https:\/\/cungtenhanoi.com\/#\/schema\/logo\/image\/","url":"https:\/\/cungtenhanoi.com\/wp-content\/uploads\/2025\/05\/logo-den-trang.jpg","contentUrl":"https:\/\/cungtenhanoi.com\/wp-content\/uploads\/2025\/05\/logo-den-trang.jpg","width":450,"height":450,"caption":"Cung T\u00ean H\u00e0 N\u1ed9i"},"image":{"@id":"https:\/\/cungtenhanoi.com\/#\/schema\/logo\/image\/"}}]}},"_links":{"self":[{"href":"https:\/\/cungtenhanoi.com\/index.php?rest_route=\/wp\/v2\/product\/15937"}],"collection":[{"href":"https:\/\/cungtenhanoi.com\/index.php?rest_route=\/wp\/v2\/product"}],"about":[{"href":"https:\/\/cungtenhanoi.com\/index.php?rest_route=\/wp\/v2\/types\/product"}],"replies":[{"embeddable":true,"href":"https:\/\/cungtenhanoi.com\/index.php?rest_route=%2Fwp%2Fv2%2Fcomments&post=15937"}],"wp:featuredmedia":[{"embeddable":true,"href":"https:\/\/cungtenhanoi.com\/index.php?rest_route=\/wp\/v2\/media\/15948"}],"wp:attachment":[{"href":"https:\/\/cungtenhanoi.com\/index.php?rest_route=%2Fwp%2Fv2%2Fmedia&parent=15937"}],"wp:term":[{"taxonomy":"product_cat","embeddable":true,"href":"https:\/\/cungtenhanoi.com\/index.php?rest_route=%2Fwp%2Fv2%2Fproduct_cat&post=15937"},{"taxonomy":"product_tag","embeddable":true,"href":"https:\/\/cungtenhanoi.com\/index.php?rest_route=%2Fwp%2Fv2%2Fproduct_tag&post=15937"}],"curies":[{"name":"wp","href":"https:\/\/api.w.org\/{rel}","templated":true}]}}