{"id":15983,"date":"2025-01-06T22:49:15","date_gmt":"2025-01-06T15:49:15","guid":{"rendered":"https:\/\/cungtenhanoi.com\/?post_type=product&#038;p=15983"},"modified":"2026-04-15T15:15:26","modified_gmt":"2026-04-15T08:15:26","slug":"do-ten-spg","status":"publish","type":"product","link":"https:\/\/cungtenhanoi.com\/?product=do-ten-spg","title":{"rendered":"\u0110\u1ee0 T\u00caN \u0110A N\u0102NG \u2013 B\u1eaeN BI &#038; T\u00caN KH\u00d4NG C\u1ea6N TH\u00c1O"},"content":{"rendered":"<p style=\"text-align: center;\">???? Gi\u1ea3i ph\u00e1p c\u1ef1c ti\u1ec7n cho ng\u01b0\u1eddi ch\u01a1i cung compound hi\u1ec7n \u0111\u1ea1i<\/p>\n<p style=\"text-align: center;\">???? Chuy\u1ec3n \u0111\u1ed5i b\u1eafn bi &amp; t\u00ean \u2013 kh\u00f4ng c\u1ea7n th\u00e1o l\u1eafp!<\/p>\n<p style=\"text-align: center;\">\u2705 M\u00d4 T\u1ea2 S\u1ea2N PH\u1ea8M<\/p>\n<p style=\"text-align: center;\">Lo\u1ea1i: Rest \u0111\u1ee1 t\u00ean \u0111a n\u0103ng<\/p>\n<p style=\"text-align: center;\">T\u01b0\u01a1ng th\u00edch: Cung compound (\u0111\u1eb7c bi\u1ec7t d\u00f2ng b\u1eafn bi &amp; t\u00ean)<\/p>\n<p style=\"text-align: center;\">Ch\u1ea5t li\u1ec7u: H\u1ee3p kim b\u1ec1n ch\u1eafc + chi ti\u1ebft gia c\u00f4ng ch\u00ednh x\u00e1c<\/p>\n<p style=\"text-align: center;\">L\u1eafp \u0111\u1eb7t: G\u1eafn tr\u1ef1c ti\u1ebfp, d\u1ec5 c\u0103n ch\u1ec9nh<\/p>\n<p style=\"text-align: center;\">???? \u01afU \u0110I\u1ec2M N\u1ed4I B\u1eacT<\/p>\n<p style=\"text-align: center;\">\u2714\ufe0f 2 trong 1: B\u1eafn BI &amp; T\u00caN c\u1ef1c ti\u1ec7n<\/p>\n<p style=\"text-align: center;\">\u2714\ufe0f Kh\u00f4ng c\u1ea7n th\u00e1o rest khi \u0111\u1ed5i ch\u1ebf \u0111\u1ed9<\/p>\n<p style=\"text-align: center;\">\u2714\ufe0f Gi\u1eef t\u00ean \u1ed5n \u0111\u1ecbnh \u2013 t\u0103ng \u0111\u1ed9 ch\u00ednh x\u00e1c<\/p>\n<p style=\"text-align: center;\">\u2714\ufe0f Thi\u1ebft k\u1ebf th\u00f4ng minh \u2013 chuy\u1ec3n \u0111\u1ed5i nhanh<\/p>\n<p style=\"text-align: center;\">\u2714\ufe0f Ph\u00f9 h\u1ee3p c\u1ea3 ng\u01b0\u1eddi m\u1edbi &amp; ng\u01b0\u1eddi ch\u01a1i l\u00e2u n\u0103m<\/p>\n<p style=\"text-align: center;\">???? L\u1ee2I \u00cdCH TH\u1ef0C T\u1ebe<\/p>\n<p style=\"text-align: center;\">Ti\u1ebft ki\u1ec7m th\u1eddi gian khi t\u1eadp luy\u1ec7n<\/p>\n<p style=\"text-align: center;\">Tr\u1ea3i nghi\u1ec7m linh ho\u1ea1t: v\u1eeba gi\u1ea3i tr\u00ed (b\u1eafn bi) v\u1eeba th\u1ec3 thao (b\u1eafn t\u00ean)<\/p>\n<p style=\"text-align: center;\">Gi\u1ea3m hao m\u00f2n thi\u1ebft b\u1ecb do th\u00e1o l\u1eafp nhi\u1ec1u<\/p>\n<p style=\"text-align: center;\">???? PH\u00d9 H\u1ee2P CHO<\/p>\n<p style=\"text-align: center;\">Ng\u01b0\u1eddi d\u00f9ng cung compound \u0111a n\u0103ng<\/p>\n<p style=\"text-align: center;\">Ng\u01b0\u1eddi ch\u01a1i th\u00edch tr\u1ea3i nghi\u1ec7m c\u1ea3 2 ch\u1ebf \u0111\u1ed9<\/p>\n<p style=\"text-align: center;\">Shop, CLB b\u1eafn cung c\u1ea7n thi\u1ebft b\u1ecb linh ho\u1ea1t<\/p>\n<p style=\"text-align: center;\">???? CAM K\u1ebeT SHOP<\/p>\n<p style=\"text-align: center;\">\u2705 H\u00e0ng chu\u1ea9n, ki\u1ec3m tra tr\u01b0\u1edbc khi g\u1eedi<\/p>\n<p style=\"text-align: center;\">\u2705 H\u1ed7 tr\u1ee3 k\u1ef9 thu\u1eadt l\u1eafp \u0111\u1eb7t<\/p>\n<p style=\"text-align: center;\">\u2705 \u0110\u1ed5i tr\u1ea3 n\u1ebfu l\u1ed7i s\u1ea3n ph\u1ea9m<\/p>\n<ul>\n<li><img loading=\"lazy\" class=\"size-medium wp-image-15984 aligncenter\" src=\"https:\/\/cungtenhanoi.com\/wp-content\/uploads\/2025\/01\/IMG_5469-431x400.jpeg\" alt=\"\" width=\"431\" height=\"400\" srcset=\"https:\/\/cungtenhanoi.com\/wp-content\/uploads\/2025\/01\/IMG_5469-431x400.jpeg 431w, https:\/\/cungtenhanoi.com\/wp-content\/uploads\/2025\/01\/IMG_5469-861x800.jpeg 861w, https:\/\/cungtenhanoi.com\/wp-content\/uploads\/2025\/01\/IMG_5469-768x713.jpeg 768w, https:\/\/cungtenhanoi.com\/wp-content\/uploads\/2025\/01\/IMG_5469-600x557.jpeg 600w, https:\/\/cungtenhanoi.com\/wp-content\/uploads\/2025\/01\/IMG_5469-64x59.jpeg 64w, https:\/\/cungtenhanoi.com\/wp-content\/uploads\/2025\/01\/IMG_5469.jpeg 1290w\" sizes=\"(max-width: 431px) 100vw, 431px\" \/> <img loading=\"lazy\" class=\"size-medium wp-image-15985 aligncenter\" src=\"https:\/\/cungtenhanoi.com\/wp-content\/uploads\/2025\/01\/IMG_5468-367x400.jpeg\" alt=\"\" width=\"367\" height=\"400\" srcset=\"https:\/\/cungtenhanoi.com\/wp-content\/uploads\/2025\/01\/IMG_5468-367x400.jpeg 367w, https:\/\/cungtenhanoi.com\/wp-content\/uploads\/2025\/01\/IMG_5468-733x800.jpeg 733w, https:\/\/cungtenhanoi.com\/wp-content\/uploads\/2025\/01\/IMG_5468-768x838.jpeg 768w, https:\/\/cungtenhanoi.com\/wp-content\/uploads\/2025\/01\/IMG_5468-600x654.jpeg 600w, https:\/\/cungtenhanoi.com\/wp-content\/uploads\/2025\/01\/IMG_5468-64x70.jpeg 64w, https:\/\/cungtenhanoi.com\/wp-content\/uploads\/2025\/01\/IMG_5468.jpeg 1290w\" sizes=\"(max-width: 367px) 100vw, 367px\" \/> <img loading=\"lazy\" class=\"aligncenter\" src=\"https:\/\/cungtenhanoi.com\/wp-content\/uploads\/2025\/01\/IMG_5467-325x400.jpeg\" alt=\"\" width=\"325\" height=\"400\" \/><!--more--><\/li>\n<\/ul>\n","protected":false},"excerpt":{"rendered":"<p>\u0110\u1ee1 t\u00ean g\u1eadp ti\u1ec7n l\u1ee3i d\u1ec5 s\u1eed d\u1ee5ng, hi\u1ec7u qu\u1ea3 cao, \u0111\u1eb7c bi\u1ec7t t\u1ed1t cho d\u00f2ng b\u1eafn c\u1ea3 bi s\u1eaft v\u00e0 t\u00ean<\/p>\n","protected":false},"featured_media":15986,"comment_status":"open","ping_status":"closed","template":"","meta":[],"product_cat":[20],"product_tag":[132,420,574,1402,1396,1401,86,1394,267,257,1397,1400,315,1392,1369,1387,1395,313,1399,59,425,57],"acf":[],"yoast_head":"<!-- This site is optimized with the Yoast SEO plugin v19.8 - https:\/\/yoast.com\/wordpress\/plugins\/seo\/ -->\n<title>\u0110\u1ee0 T\u00caN \u0110A N\u0102NG \u2013 B\u1eaeN BI &amp; T\u00caN KH\u00d4NG C\u1ea6N TH\u00c1O - Cung T\u00ean H\u00e0 N\u1ed9i<\/title>\n<meta name=\"description\" content=\"Mua cung t\u00ean th\u1ec3 thao, Cung b\u1eafn bi s\u1eaft, Mua cung t\u00ean t\u1ea1i h\u00e0 n\u1ed9i, Cung tr\u1ee3 l\u1ef1c, Cung compound, Cung t\u00ean ch\u00ednh h\u00e3ng, Cung t\u00ean m\u1ea1nh, Cung t\u00ean h\u00e0 n\u1ed9i, Cung t\u00ean , Mua cung t\u00ean S\u00e0i g\u00f2n , Mua m\u0169i t\u00ean b\u1eafn cung , Cung t\u00ean mini, Cung 1 d\u00e2y , Cung olympic, cung barebow, cung t\u00ean truy\u1ec1n th\u1ed1ng, cung t\u00ean gi\u00e1 r\u1ebb, m\u0169i t\u00ean, Recurve bow, Ph\u1ee5 ki\u1ec7n cung t\u00ean\" \/>\n<meta name=\"robots\" content=\"index, follow, max-snippet:-1, max-image-preview:large, max-video-preview:-1\" \/>\n<link rel=\"canonical\" href=\"https:\/\/cungtenhanoi.com\/?product=do-ten-spg\" \/>\n<meta property=\"og:locale\" content=\"vi_VN\" \/>\n<meta property=\"og:type\" content=\"article\" \/>\n<meta property=\"og:title\" content=\"\u0110\u1ee0 T\u00caN \u0110A N\u0102NG \u2013 B\u1eaeN BI &amp; T\u00caN KH\u00d4NG C\u1ea6N TH\u00c1O - Cung T\u00ean H\u00e0 N\u1ed9i\" \/>\n<meta property=\"og:description\" content=\"Mua cung t\u00ean th\u1ec3 thao, Cung b\u1eafn bi s\u1eaft, Mua cung t\u00ean t\u1ea1i h\u00e0 n\u1ed9i, Cung tr\u1ee3 l\u1ef1c, Cung compound, Cung t\u00ean ch\u00ednh h\u00e3ng, Cung t\u00ean m\u1ea1nh, Cung t\u00ean h\u00e0 n\u1ed9i, Cung t\u00ean , Mua cung t\u00ean S\u00e0i g\u00f2n , Mua m\u0169i t\u00ean b\u1eafn cung , Cung t\u00ean mini, Cung 1 d\u00e2y , Cung olympic, cung barebow, cung t\u00ean truy\u1ec1n th\u1ed1ng, cung t\u00ean gi\u00e1 r\u1ebb, m\u0169i t\u00ean, Recurve bow, Ph\u1ee5 ki\u1ec7n cung t\u00ean\" \/>\n<meta property=\"og:url\" content=\"https:\/\/cungtenhanoi.com\/?product=do-ten-spg\" \/>\n<meta property=\"og:site_name\" content=\"Cung T\u00ean H\u00e0 N\u1ed9i\" \/>\n<meta property=\"article:modified_time\" content=\"2026-04-15T08:15:26+00:00\" \/>\n<meta property=\"og:image\" content=\"https:\/\/cungtenhanoi.com\/wp-content\/uploads\/2025\/01\/IMG_5467.jpeg\" \/>\n\t<meta property=\"og:image:width\" content=\"1289\" \/>\n\t<meta property=\"og:image:height\" content=\"1588\" \/>\n\t<meta property=\"og:image:type\" content=\"image\/jpeg\" \/>\n<meta name=\"twitter:card\" content=\"summary_large_image\" \/>\n<meta name=\"twitter:label1\" content=\"\u01af\u1edbc t\u00ednh th\u1eddi gian \u0111\u1ecdc\" \/>\n\t<meta name=\"twitter:data1\" content=\"2 ph\u00fat\" \/>\n<script type=\"application\/ld+json\" class=\"yoast-schema-graph\">{\"@context\":\"https:\/\/schema.org\",\"@graph\":[{\"@type\":\"WebPage\",\"@id\":\"https:\/\/cungtenhanoi.com\/?product=do-ten-spg\",\"url\":\"https:\/\/cungtenhanoi.com\/?product=do-ten-spg\",\"name\":\"\u0110\u1ee0 T\u00caN \u0110A N\u0102NG \u2013 B\u1eaeN BI & T\u00caN KH\u00d4NG C\u1ea6N TH\u00c1O - Cung T\u00ean H\u00e0 N\u1ed9i\",\"isPartOf\":{\"@id\":\"https:\/\/cungtenhanoi.com\/#website\"},\"datePublished\":\"2025-01-06T15:49:15+00:00\",\"dateModified\":\"2026-04-15T08:15:26+00:00\",\"description\":\"Mua cung t\u00ean th\u1ec3 thao, Cung b\u1eafn bi s\u1eaft, Mua cung t\u00ean t\u1ea1i h\u00e0 n\u1ed9i, Cung tr\u1ee3 l\u1ef1c, Cung compound, Cung t\u00ean ch\u00ednh h\u00e3ng, Cung t\u00ean m\u1ea1nh, Cung t\u00ean h\u00e0 n\u1ed9i, Cung t\u00ean , Mua cung t\u00ean S\u00e0i g\u00f2n , Mua m\u0169i t\u00ean b\u1eafn cung , Cung t\u00ean mini, Cung 1 d\u00e2y , Cung olympic, cung barebow, cung t\u00ean truy\u1ec1n th\u1ed1ng, cung t\u00ean gi\u00e1 r\u1ebb, m\u0169i t\u00ean, Recurve bow, Ph\u1ee5 ki\u1ec7n cung t\u00ean\",\"breadcrumb\":{\"@id\":\"https:\/\/cungtenhanoi.com\/?product=do-ten-spg#breadcrumb\"},\"inLanguage\":\"vi\",\"potentialAction\":[{\"@type\":\"ReadAction\",\"target\":[\"https:\/\/cungtenhanoi.com\/?product=do-ten-spg\"]}]},{\"@type\":\"BreadcrumbList\",\"@id\":\"https:\/\/cungtenhanoi.com\/?product=do-ten-spg#breadcrumb\",\"itemListElement\":[{\"@type\":\"ListItem\",\"position\":1,\"name\":\"Trang ch\u1ee7\",\"item\":\"https:\/\/cungtenhanoi.com\/\"},{\"@type\":\"ListItem\",\"position\":2,\"name\":\"Shop\",\"item\":\"https:\/\/cungtenhanoi.com\/?page_id=6\"},{\"@type\":\"ListItem\",\"position\":3,\"name\":\"Ph\u1ee5 ki\u1ec7n\",\"item\":\"https:\/\/cungtenhanoi.com\/danh-muc\/phu-kien\/\"},{\"@type\":\"ListItem\",\"position\":4,\"name\":\"\u0110\u1ee0 T\u00caN \u0110A N\u0102NG \u2013 B\u1eaeN BI &#038; T\u00caN KH\u00d4NG C\u1ea6N TH\u00c1O\"}]},{\"@type\":\"WebSite\",\"@id\":\"https:\/\/cungtenhanoi.com\/#website\",\"url\":\"https:\/\/cungtenhanoi.com\/\",\"name\":\"Cung T\u00ean H\u00e0 N\u1ed9i\",\"description\":\"Cung c\u1ea5p c\u00e1c lo\u1ea1i cung t\u00ean th\u1ec3 thao s\u1ed1 1 Vi\u1ec7t Nam\",\"publisher\":{\"@id\":\"https:\/\/cungtenhanoi.com\/#organization\"},\"potentialAction\":[{\"@type\":\"SearchAction\",\"target\":{\"@type\":\"EntryPoint\",\"urlTemplate\":\"https:\/\/cungtenhanoi.com\/?s={search_term_string}\"},\"query-input\":\"required name=search_term_string\"}],\"inLanguage\":\"vi\"},{\"@type\":\"Organization\",\"@id\":\"https:\/\/cungtenhanoi.com\/#organization\",\"name\":\"Cung T\u00ean H\u00e0 N\u1ed9i\",\"url\":\"https:\/\/cungtenhanoi.com\/\",\"sameAs\":[],\"logo\":{\"@type\":\"ImageObject\",\"inLanguage\":\"vi\",\"@id\":\"https:\/\/cungtenhanoi.com\/#\/schema\/logo\/image\/\",\"url\":\"https:\/\/cungtenhanoi.com\/wp-content\/uploads\/2025\/05\/logo-den-trang.jpg\",\"contentUrl\":\"https:\/\/cungtenhanoi.com\/wp-content\/uploads\/2025\/05\/logo-den-trang.jpg\",\"width\":450,\"height\":450,\"caption\":\"Cung T\u00ean H\u00e0 N\u1ed9i\"},\"image\":{\"@id\":\"https:\/\/cungtenhanoi.com\/#\/schema\/logo\/image\/\"}}]}<\/script>\n<!-- \/ Yoast SEO plugin. -->","yoast_head_json":{"title":"\u0110\u1ee0 T\u00caN \u0110A N\u0102NG \u2013 B\u1eaeN BI & T\u00caN KH\u00d4NG C\u1ea6N TH\u00c1O - Cung T\u00ean H\u00e0 N\u1ed9i","description":"Mua cung t\u00ean th\u1ec3 thao, Cung b\u1eafn bi s\u1eaft, Mua cung t\u00ean t\u1ea1i h\u00e0 n\u1ed9i, Cung tr\u1ee3 l\u1ef1c, Cung compound, Cung t\u00ean ch\u00ednh h\u00e3ng, Cung t\u00ean m\u1ea1nh, Cung t\u00ean h\u00e0 n\u1ed9i, Cung t\u00ean , Mua cung t\u00ean S\u00e0i g\u00f2n , Mua m\u0169i t\u00ean b\u1eafn cung , Cung t\u00ean mini, Cung 1 d\u00e2y , Cung olympic, cung barebow, cung t\u00ean truy\u1ec1n th\u1ed1ng, cung t\u00ean gi\u00e1 r\u1ebb, m\u0169i t\u00ean, Recurve bow, Ph\u1ee5 ki\u1ec7n cung t\u00ean","robots":{"index":"index","follow":"follow","max-snippet":"max-snippet:-1","max-image-preview":"max-image-preview:large","max-video-preview":"max-video-preview:-1"},"canonical":"https:\/\/cungtenhanoi.com\/?product=do-ten-spg","og_locale":"vi_VN","og_type":"article","og_title":"\u0110\u1ee0 T\u00caN \u0110A N\u0102NG \u2013 B\u1eaeN BI & T\u00caN KH\u00d4NG C\u1ea6N TH\u00c1O - Cung T\u00ean H\u00e0 N\u1ed9i","og_description":"Mua cung t\u00ean th\u1ec3 thao, Cung b\u1eafn bi s\u1eaft, Mua cung t\u00ean t\u1ea1i h\u00e0 n\u1ed9i, Cung tr\u1ee3 l\u1ef1c, Cung compound, Cung t\u00ean ch\u00ednh h\u00e3ng, Cung t\u00ean m\u1ea1nh, Cung t\u00ean h\u00e0 n\u1ed9i, Cung t\u00ean , Mua cung t\u00ean S\u00e0i g\u00f2n , Mua m\u0169i t\u00ean b\u1eafn cung , Cung t\u00ean mini, Cung 1 d\u00e2y , Cung olympic, cung barebow, cung t\u00ean truy\u1ec1n th\u1ed1ng, cung t\u00ean gi\u00e1 r\u1ebb, m\u0169i t\u00ean, Recurve bow, Ph\u1ee5 ki\u1ec7n cung t\u00ean","og_url":"https:\/\/cungtenhanoi.com\/?product=do-ten-spg","og_site_name":"Cung T\u00ean H\u00e0 N\u1ed9i","article_modified_time":"2026-04-15T08:15:26+00:00","og_image":[{"width":1289,"height":1588,"url":"https:\/\/cungtenhanoi.com\/wp-content\/uploads\/2025\/01\/IMG_5467.jpeg","type":"image\/jpeg"}],"twitter_card":"summary_large_image","twitter_misc":{"\u01af\u1edbc t\u00ednh th\u1eddi gian \u0111\u1ecdc":"2 ph\u00fat"},"schema":{"@context":"https:\/\/schema.org","@graph":[{"@type":"WebPage","@id":"https:\/\/cungtenhanoi.com\/?product=do-ten-spg","url":"https:\/\/cungtenhanoi.com\/?product=do-ten-spg","name":"\u0110\u1ee0 T\u00caN \u0110A N\u0102NG \u2013 B\u1eaeN BI & T\u00caN KH\u00d4NG C\u1ea6N TH\u00c1O - Cung T\u00ean H\u00e0 N\u1ed9i","isPartOf":{"@id":"https:\/\/cungtenhanoi.com\/#website"},"datePublished":"2025-01-06T15:49:15+00:00","dateModified":"2026-04-15T08:15:26+00:00","description":"Mua cung t\u00ean th\u1ec3 thao, Cung b\u1eafn bi s\u1eaft, Mua cung t\u00ean t\u1ea1i h\u00e0 n\u1ed9i, Cung tr\u1ee3 l\u1ef1c, Cung compound, Cung t\u00ean ch\u00ednh h\u00e3ng, Cung t\u00ean m\u1ea1nh, Cung t\u00ean h\u00e0 n\u1ed9i, Cung t\u00ean , Mua cung t\u00ean S\u00e0i g\u00f2n , Mua m\u0169i t\u00ean b\u1eafn cung , Cung t\u00ean mini, Cung 1 d\u00e2y , Cung olympic, cung barebow, cung t\u00ean truy\u1ec1n th\u1ed1ng, cung t\u00ean gi\u00e1 r\u1ebb, m\u0169i t\u00ean, Recurve bow, Ph\u1ee5 ki\u1ec7n cung t\u00ean","breadcrumb":{"@id":"https:\/\/cungtenhanoi.com\/?product=do-ten-spg#breadcrumb"},"inLanguage":"vi","potentialAction":[{"@type":"ReadAction","target":["https:\/\/cungtenhanoi.com\/?product=do-ten-spg"]}]},{"@type":"BreadcrumbList","@id":"https:\/\/cungtenhanoi.com\/?product=do-ten-spg#breadcrumb","itemListElement":[{"@type":"ListItem","position":1,"name":"Trang ch\u1ee7","item":"https:\/\/cungtenhanoi.com\/"},{"@type":"ListItem","position":2,"name":"Shop","item":"https:\/\/cungtenhanoi.com\/?page_id=6"},{"@type":"ListItem","position":3,"name":"Ph\u1ee5 ki\u1ec7n","item":"https:\/\/cungtenhanoi.com\/danh-muc\/phu-kien\/"},{"@type":"ListItem","position":4,"name":"\u0110\u1ee0 T\u00caN \u0110A N\u0102NG \u2013 B\u1eaeN BI &#038; T\u00caN KH\u00d4NG C\u1ea6N TH\u00c1O"}]},{"@type":"WebSite","@id":"https:\/\/cungtenhanoi.com\/#website","url":"https:\/\/cungtenhanoi.com\/","name":"Cung T\u00ean H\u00e0 N\u1ed9i","description":"Cung c\u1ea5p c\u00e1c lo\u1ea1i cung t\u00ean th\u1ec3 thao s\u1ed1 1 Vi\u1ec7t Nam","publisher":{"@id":"https:\/\/cungtenhanoi.com\/#organization"},"potentialAction":[{"@type":"SearchAction","target":{"@type":"EntryPoint","urlTemplate":"https:\/\/cungtenhanoi.com\/?s={search_term_string}"},"query-input":"required name=search_term_string"}],"inLanguage":"vi"},{"@type":"Organization","@id":"https:\/\/cungtenhanoi.com\/#organization","name":"Cung T\u00ean H\u00e0 N\u1ed9i","url":"https:\/\/cungtenhanoi.com\/","sameAs":[],"logo":{"@type":"ImageObject","inLanguage":"vi","@id":"https:\/\/cungtenhanoi.com\/#\/schema\/logo\/image\/","url":"https:\/\/cungtenhanoi.com\/wp-content\/uploads\/2025\/05\/logo-den-trang.jpg","contentUrl":"https:\/\/cungtenhanoi.com\/wp-content\/uploads\/2025\/05\/logo-den-trang.jpg","width":450,"height":450,"caption":"Cung T\u00ean H\u00e0 N\u1ed9i"},"image":{"@id":"https:\/\/cungtenhanoi.com\/#\/schema\/logo\/image\/"}}]}},"_links":{"self":[{"href":"https:\/\/cungtenhanoi.com\/index.php?rest_route=\/wp\/v2\/product\/15983"}],"collection":[{"href":"https:\/\/cungtenhanoi.com\/index.php?rest_route=\/wp\/v2\/product"}],"about":[{"href":"https:\/\/cungtenhanoi.com\/index.php?rest_route=\/wp\/v2\/types\/product"}],"replies":[{"embeddable":true,"href":"https:\/\/cungtenhanoi.com\/index.php?rest_route=%2Fwp%2Fv2%2Fcomments&post=15983"}],"wp:featuredmedia":[{"embeddable":true,"href":"https:\/\/cungtenhanoi.com\/index.php?rest_route=\/wp\/v2\/media\/15986"}],"wp:attachment":[{"href":"https:\/\/cungtenhanoi.com\/index.php?rest_route=%2Fwp%2Fv2%2Fmedia&parent=15983"}],"wp:term":[{"taxonomy":"product_cat","embeddable":true,"href":"https:\/\/cungtenhanoi.com\/index.php?rest_route=%2Fwp%2Fv2%2Fproduct_cat&post=15983"},{"taxonomy":"product_tag","embeddable":true,"href":"https:\/\/cungtenhanoi.com\/index.php?rest_route=%2Fwp%2Fv2%2Fproduct_tag&post=15983"}],"curies":[{"name":"wp","href":"https:\/\/api.w.org\/{rel}","templated":true}]}}