{"id":15997,"date":"2025-03-29T17:43:43","date_gmt":"2025-03-29T10:43:43","guid":{"rendered":"https:\/\/cungtenhanoi.com\/?post_type=product&#038;p=15997"},"modified":"2025-08-18T21:40:41","modified_gmt":"2025-08-18T14:40:41","slug":"cung-mini-ban-ca-bi-sat-va-ten-m109ea","status":"publish","type":"product","link":"https:\/\/cungtenhanoi.com\/?product=cung-mini-ban-ca-bi-sat-va-ten-m109ea","title":{"rendered":"Cung Mini b\u1eafn c\u1ea3 bi s\u1eaft v\u00e0 t\u00ean M109EA"},"content":{"rendered":"<p style=\"text-align: center;\"><strong>Cung T\u00ean H\u00e0 N\u1ed9i | M109EA<\/strong><\/p>\n<h3 style=\"text-align: center;\">Phi\u00ean b\u1ea3n c\u1ea3i ti\u1ebfn c\u1ee7a ng\u01b0\u1eddi ti\u1ec1n nhi\u1ec7m M109E<br \/>\nM109EA \u0111\u00e3 cho thi\u1ebft k\u1ebf m\u1edbi v\u1edbi b\u00e1nh xe v\u00e0 tr\u1ee5c stringstop m\u1edbi t\u0103ng hi\u1ec7u su\u1ea5t \u0111\u00e1ng k\u1ec3 v\u1edbi t\u1ed1c \u0111\u1ed9 b\u1eafn bi l\u00ean \u0111\u1ebfn 340fps\/s v\u00e0 \u0111\u1ed9 th\u1ea9m m\u1ef9 c\u0169ng ho\u00e0n thi\u1ec7n h\u01a1n\u2026<\/h3>\n<h3 style=\"text-align: center;\">Cung b\u1eafn bi M109EA l\u00e0 m\u1eabu cung mini hi\u1ec7n \u0111\u1ea1i, l\u1ef1c m\u1ea1nh, \u0111\u01b0\u1ee3c ph\u00e2n ph\u1ed1i ch\u00ednh h\u00e3ng t\u1ea1i Cung T\u00ean H\u00e0 N\u1ed9i \u2013 \u0111\u1ecba ch\u1ec9 uy t\u00edn d\u00e0nh cho ng\u01b0\u1eddi ch\u01a1i y\u00eau th\u00edch th\u1ec3 thao b\u1eafn bi.<\/h3>\n<h2 class=\"\" style=\"text-align: center;\" data-start=\"250\" data-end=\"309\">???? Mua Cung B\u1eafn Bi M109EA Ch\u00ednh H\u00e3ng T\u1ea1i Cung T\u00ean H\u00e0 N\u1ed9i<\/h2>\n<h3 class=\"\" style=\"text-align: center;\" data-start=\"311\" data-end=\"354\">\u2705 Thi\u1ebft k\u1ebf nh\u1ecf g\u1ecdn \u2013 L\u1ef1c m\u1ea1nh \u2013 \u0110a n\u0103ng<\/h3>\n<h3 class=\"\" style=\"text-align: center;\" data-start=\"1220\" data-end=\"1258\">???? \u01afu \u0111i\u1ec3m n\u1ed5i b\u1eadt c\u1ee7a cung M109EA<\/h3>\n<ul style=\"text-align: center;\" data-start=\"1260\" data-end=\"1700\">\n<li class=\"\" data-start=\"1260\" data-end=\"1347\">\n<p class=\"\" data-start=\"1262\" data-end=\"1347\">\u2705 <strong data-start=\"1264\" data-end=\"1286\">Thi\u1ebft k\u1ebf ti\u1ec7n d\u1ee5ng<\/strong>: G\u1ecdn nh\u1eb9, d\u1ec5 mang theo khi \u0111i ch\u01a1i, d\u00e3 ngo\u1ea1i ho\u1eb7c t\u1eadp luy\u1ec7n v\u1edbi ch\u1ec9 48cm<\/p>\n<\/li>\n<li class=\"\" data-start=\"1348\" data-end=\"1425\">\n<p class=\"\" data-start=\"1350\" data-end=\"1425\">\u2705 <strong data-start=\"1352\" data-end=\"1387\">L\u1ef1c k\u00e9o m\u1ea1nh \u2013 \u0110\u1ed9 ch\u00ednh x\u00e1c cao<\/strong>: L\u1ef1c b\u1eafn l\u00ean \u0111\u1ebfn 70lbs &#8211; Ph\u00f9 h\u1ee3p b\u1eafn m\u1ee5c ti\u00eau t\u1ea7m trung \u2013 xa.<\/p>\n<\/li>\n<li class=\"\" data-start=\"1426\" data-end=\"1507\">\n<p class=\"\" data-start=\"1428\" data-end=\"1507\">\u2705 <strong data-start=\"1430\" data-end=\"1450\">Ch\u1ea5t li\u1ec7u b\u1ec1n b\u1ec9<\/strong>: Th\u00e2n h\u1ee3p kim b\u1ec1n, ch\u1ecbu l\u1ef1c t\u1ed1t, s\u1eed d\u1ee5ng l\u00e2u d\u00e0i.<\/p>\n<\/li>\n<li class=\"\" data-start=\"1508\" data-end=\"1603\">\n<p class=\"\" data-start=\"1510\" data-end=\"1603\">\u2705 <strong data-start=\"1512\" data-end=\"1526\">D\u1ec5 s\u1eed d\u1ee5ng<\/strong>: Ph\u00f9 h\u1ee3p c\u1ea3 cho ng\u01b0\u1eddi m\u1edbi b\u1eaft \u0111\u1ea7u v\u00e0 ng\u01b0\u1eddi ch\u01a1i l\u00e2u n\u0103m<\/p>\n<\/li>\n<li class=\"\" data-start=\"1604\" data-end=\"1700\">\n<p class=\"\" data-start=\"1606\" data-end=\"1700\">\u2705 <strong data-start=\"1608\" data-end=\"1628\">Gi\u00e1 th\u00e0nh h\u1ee3p l\u00fd<\/strong>: So v\u1edbi hi\u1ec7u n\u0103ng, M109EA l\u00e0 m\u1eabu cung b\u1eafn bi c\u00f3 hi\u1ec7u su\u1ea5t\/gi\u00e1 t\u1ed1t nh\u1ea5t.<\/p>\n<\/li>\n<\/ul>\n<h3 style=\"text-align: center;\">Video \u0111\u00e1nh gi\u00e1 chi ti\u1ebft. YouTube\/CungtenHanoi<\/h3>\n<h3 style=\"text-align: center;\"><img loading=\"lazy\" class=\"size-medium wp-image-15998 aligncenter\" src=\"https:\/\/cungtenhanoi.com\/wp-content\/uploads\/2025\/03\/z6443548953008_ede62bb7013273f47f8c4d20b9245a89-349x400.jpeg\" alt=\"\" width=\"349\" height=\"400\" srcset=\"https:\/\/cungtenhanoi.com\/wp-content\/uploads\/2025\/03\/z6443548953008_ede62bb7013273f47f8c4d20b9245a89-349x400.jpeg 349w, https:\/\/cungtenhanoi.com\/wp-content\/uploads\/2025\/03\/z6443548953008_ede62bb7013273f47f8c4d20b9245a89-699x800.jpeg 699w, https:\/\/cungtenhanoi.com\/wp-content\/uploads\/2025\/03\/z6443548953008_ede62bb7013273f47f8c4d20b9245a89-768x879.jpeg 768w, https:\/\/cungtenhanoi.com\/wp-content\/uploads\/2025\/03\/z6443548953008_ede62bb7013273f47f8c4d20b9245a89-600x687.jpeg 600w, https:\/\/cungtenhanoi.com\/wp-content\/uploads\/2025\/03\/z6443548953008_ede62bb7013273f47f8c4d20b9245a89-64x73.jpeg 64w, https:\/\/cungtenhanoi.com\/wp-content\/uploads\/2025\/03\/z6443548953008_ede62bb7013273f47f8c4d20b9245a89.jpeg 987w\" sizes=\"(max-width: 349px) 100vw, 349px\" \/> <img loading=\"lazy\" class=\"size-medium wp-image-15999 aligncenter\" src=\"https:\/\/cungtenhanoi.com\/wp-content\/uploads\/2025\/03\/IMG_0304-401x400.webp\" alt=\"\" width=\"401\" height=\"400\" srcset=\"https:\/\/cungtenhanoi.com\/wp-content\/uploads\/2025\/03\/IMG_0304-401x400.webp 401w, https:\/\/cungtenhanoi.com\/wp-content\/uploads\/2025\/03\/IMG_0304-801x800.webp 801w, https:\/\/cungtenhanoi.com\/wp-content\/uploads\/2025\/03\/IMG_0304-280x280.webp 280w, https:\/\/cungtenhanoi.com\/wp-content\/uploads\/2025\/03\/IMG_0304-768x767.webp 768w, https:\/\/cungtenhanoi.com\/wp-content\/uploads\/2025\/03\/IMG_0304-45x45.webp 45w, https:\/\/cungtenhanoi.com\/wp-content\/uploads\/2025\/03\/IMG_0304-300x300.webp 300w, https:\/\/cungtenhanoi.com\/wp-content\/uploads\/2025\/03\/IMG_0304-600x599.webp 600w, https:\/\/cungtenhanoi.com\/wp-content\/uploads\/2025\/03\/IMG_0304-100x100.webp 100w, https:\/\/cungtenhanoi.com\/wp-content\/uploads\/2025\/03\/IMG_0304-64x64.webp 64w, https:\/\/cungtenhanoi.com\/wp-content\/uploads\/2025\/03\/IMG_0304.webp 1446w\" sizes=\"(max-width: 401px) 100vw, 401px\" \/> <img loading=\"lazy\" class=\"size-medium wp-image-16000 aligncenter\" src=\"https:\/\/cungtenhanoi.com\/wp-content\/uploads\/2025\/03\/IMG_0305-395x400.jpeg\" alt=\"\" width=\"395\" height=\"400\" srcset=\"https:\/\/cungtenhanoi.com\/wp-content\/uploads\/2025\/03\/IMG_0305-395x400.jpeg 395w, https:\/\/cungtenhanoi.com\/wp-content\/uploads\/2025\/03\/IMG_0305-790x800.jpeg 790w, https:\/\/cungtenhanoi.com\/wp-content\/uploads\/2025\/03\/IMG_0305-768x778.jpeg 768w, https:\/\/cungtenhanoi.com\/wp-content\/uploads\/2025\/03\/IMG_0305-45x45.jpeg 45w, https:\/\/cungtenhanoi.com\/wp-content\/uploads\/2025\/03\/IMG_0305-600x608.jpeg 600w, https:\/\/cungtenhanoi.com\/wp-content\/uploads\/2025\/03\/IMG_0305-100x100.jpeg 100w, https:\/\/cungtenhanoi.com\/wp-content\/uploads\/2025\/03\/IMG_0305-64x65.jpeg 64w, https:\/\/cungtenhanoi.com\/wp-content\/uploads\/2025\/03\/IMG_0305.jpeg 987w\" sizes=\"(max-width: 395px) 100vw, 395px\" \/> <img loading=\"lazy\" class=\"size-medium wp-image-16001 aligncenter\" src=\"https:\/\/cungtenhanoi.com\/wp-content\/uploads\/2025\/03\/IMG_0308-400x400.webp\" alt=\"\" width=\"400\" height=\"400\" srcset=\"https:\/\/cungtenhanoi.com\/wp-content\/uploads\/2025\/03\/IMG_0308-400x400.webp 400w, https:\/\/cungtenhanoi.com\/wp-content\/uploads\/2025\/03\/IMG_0308-800x800.webp 800w, https:\/\/cungtenhanoi.com\/wp-content\/uploads\/2025\/03\/IMG_0308-280x280.webp 280w, https:\/\/cungtenhanoi.com\/wp-content\/uploads\/2025\/03\/IMG_0308-768x768.webp 768w, https:\/\/cungtenhanoi.com\/wp-content\/uploads\/2025\/03\/IMG_0308-1536x1536.webp 1536w, https:\/\/cungtenhanoi.com\/wp-content\/uploads\/2025\/03\/IMG_0308-45x45.webp 45w, https:\/\/cungtenhanoi.com\/wp-content\/uploads\/2025\/03\/IMG_0308-300x300.webp 300w, https:\/\/cungtenhanoi.com\/wp-content\/uploads\/2025\/03\/IMG_0308-600x600.webp 600w, https:\/\/cungtenhanoi.com\/wp-content\/uploads\/2025\/03\/IMG_0308-100x100.webp 100w, https:\/\/cungtenhanoi.com\/wp-content\/uploads\/2025\/03\/IMG_0308-64x64.webp 64w, https:\/\/cungtenhanoi.com\/wp-content\/uploads\/2025\/03\/IMG_0308.webp 1800w\" sizes=\"(max-width: 400px) 100vw, 400px\" \/> <img loading=\"lazy\" class=\"size-medium wp-image-16002 aligncenter\" src=\"https:\/\/cungtenhanoi.com\/wp-content\/uploads\/2025\/03\/IMG_0306-400x400.jpeg\" alt=\"\" width=\"400\" height=\"400\" srcset=\"https:\/\/cungtenhanoi.com\/wp-content\/uploads\/2025\/03\/IMG_0306-400x400.jpeg 400w, https:\/\/cungtenhanoi.com\/wp-content\/uploads\/2025\/03\/IMG_0306-280x280.jpeg 280w, https:\/\/cungtenhanoi.com\/wp-content\/uploads\/2025\/03\/IMG_0306-768x768.jpeg 768w, https:\/\/cungtenhanoi.com\/wp-content\/uploads\/2025\/03\/IMG_0306-45x45.jpeg 45w, https:\/\/cungtenhanoi.com\/wp-content\/uploads\/2025\/03\/IMG_0306-300x300.jpeg 300w, https:\/\/cungtenhanoi.com\/wp-content\/uploads\/2025\/03\/IMG_0306-600x600.jpeg 600w, https:\/\/cungtenhanoi.com\/wp-content\/uploads\/2025\/03\/IMG_0306-100x100.jpeg 100w, https:\/\/cungtenhanoi.com\/wp-content\/uploads\/2025\/03\/IMG_0306-64x64.jpeg 64w, https:\/\/cungtenhanoi.com\/wp-content\/uploads\/2025\/03\/IMG_0306.jpeg 800w\" sizes=\"(max-width: 400px) 100vw, 400px\" \/> <img loading=\"lazy\" class=\"size-medium wp-image-16003 aligncenter\" src=\"https:\/\/cungtenhanoi.com\/wp-content\/uploads\/2025\/03\/IMG_0303-400x400.webp\" alt=\"\" width=\"400\" height=\"400\" srcset=\"https:\/\/cungtenhanoi.com\/wp-content\/uploads\/2025\/03\/IMG_0303-400x400.webp 400w, https:\/\/cungtenhanoi.com\/wp-content\/uploads\/2025\/03\/IMG_0303-800x800.webp 800w, https:\/\/cungtenhanoi.com\/wp-content\/uploads\/2025\/03\/IMG_0303-280x280.webp 280w, https:\/\/cungtenhanoi.com\/wp-content\/uploads\/2025\/03\/IMG_0303-768x768.webp 768w, https:\/\/cungtenhanoi.com\/wp-content\/uploads\/2025\/03\/IMG_0303-1536x1536.webp 1536w, https:\/\/cungtenhanoi.com\/wp-content\/uploads\/2025\/03\/IMG_0303-2048x2048.webp 2048w, https:\/\/cungtenhanoi.com\/wp-content\/uploads\/2025\/03\/IMG_0303-45x45.webp 45w, https:\/\/cungtenhanoi.com\/wp-content\/uploads\/2025\/03\/IMG_0303-300x300.webp 300w, https:\/\/cungtenhanoi.com\/wp-content\/uploads\/2025\/03\/IMG_0303-600x600.webp 600w, https:\/\/cungtenhanoi.com\/wp-content\/uploads\/2025\/03\/IMG_0303-100x100.webp 100w, https:\/\/cungtenhanoi.com\/wp-content\/uploads\/2025\/03\/IMG_0303-64x64.webp 64w\" sizes=\"(max-width: 400px) 100vw, 400px\" \/> <img loading=\"lazy\" class=\"size-medium wp-image-16004 aligncenter\" src=\"https:\/\/cungtenhanoi.com\/wp-content\/uploads\/2025\/03\/bc6208586fdb600992507956d196be97-400x400.jpeg\" alt=\"\" width=\"400\" height=\"400\" srcset=\"https:\/\/cungtenhanoi.com\/wp-content\/uploads\/2025\/03\/bc6208586fdb600992507956d196be97-400x400.jpeg 400w, https:\/\/cungtenhanoi.com\/wp-content\/uploads\/2025\/03\/bc6208586fdb600992507956d196be97-800x800.jpeg 800w, https:\/\/cungtenhanoi.com\/wp-content\/uploads\/2025\/03\/bc6208586fdb600992507956d196be97-280x280.jpeg 280w, https:\/\/cungtenhanoi.com\/wp-content\/uploads\/2025\/03\/bc6208586fdb600992507956d196be97-768x768.jpeg 768w, https:\/\/cungtenhanoi.com\/wp-content\/uploads\/2025\/03\/bc6208586fdb600992507956d196be97-1536x1536.jpeg 1536w, https:\/\/cungtenhanoi.com\/wp-content\/uploads\/2025\/03\/bc6208586fdb600992507956d196be97-2048x2048.jpeg 2048w, https:\/\/cungtenhanoi.com\/wp-content\/uploads\/2025\/03\/bc6208586fdb600992507956d196be97-45x45.jpeg 45w, https:\/\/cungtenhanoi.com\/wp-content\/uploads\/2025\/03\/bc6208586fdb600992507956d196be97-300x300.jpeg 300w, https:\/\/cungtenhanoi.com\/wp-content\/uploads\/2025\/03\/bc6208586fdb600992507956d196be97-600x600.jpeg 600w, https:\/\/cungtenhanoi.com\/wp-content\/uploads\/2025\/03\/bc6208586fdb600992507956d196be97-100x100.jpeg 100w, https:\/\/cungtenhanoi.com\/wp-content\/uploads\/2025\/03\/bc6208586fdb600992507956d196be97-64x64.jpeg 64w\" sizes=\"(max-width: 400px) 100vw, 400px\" \/> <img loading=\"lazy\" class=\"alignnone size-medium wp-image-16005\" src=\"https:\/\/cungtenhanoi.com\/wp-content\/uploads\/2025\/03\/IMG_0307-400x400.webp\" alt=\"\" width=\"400\" height=\"400\" srcset=\"https:\/\/cungtenhanoi.com\/wp-content\/uploads\/2025\/03\/IMG_0307-400x400.webp 400w, https:\/\/cungtenhanoi.com\/wp-content\/uploads\/2025\/03\/IMG_0307-800x800.webp 800w, https:\/\/cungtenhanoi.com\/wp-content\/uploads\/2025\/03\/IMG_0307-280x280.webp 280w, https:\/\/cungtenhanoi.com\/wp-content\/uploads\/2025\/03\/IMG_0307-768x768.webp 768w, https:\/\/cungtenhanoi.com\/wp-content\/uploads\/2025\/03\/IMG_0307-1536x1536.webp 1536w, https:\/\/cungtenhanoi.com\/wp-content\/uploads\/2025\/03\/IMG_0307-2048x2048.webp 2048w, https:\/\/cungtenhanoi.com\/wp-content\/uploads\/2025\/03\/IMG_0307-45x45.webp 45w, https:\/\/cungtenhanoi.com\/wp-content\/uploads\/2025\/03\/IMG_0307-300x300.webp 300w, https:\/\/cungtenhanoi.com\/wp-content\/uploads\/2025\/03\/IMG_0307-600x600.webp 600w, https:\/\/cungtenhanoi.com\/wp-content\/uploads\/2025\/03\/IMG_0307-100x100.webp 100w, https:\/\/cungtenhanoi.com\/wp-content\/uploads\/2025\/03\/IMG_0307-64x64.webp 64w\" sizes=\"(max-width: 400px) 100vw, 400px\" \/><\/h3>\n<h3 class=\"\" style=\"text-align: center;\" data-start=\"1895\" data-end=\"1938\">???? Mua cung b\u1eafn bi M109EA \u1edf \u0111\u00e2u uy t\u00edn?<\/h3>\n<p class=\"\" style=\"text-align: center;\" data-start=\"1940\" data-end=\"2031\"><strong data-start=\"1940\" data-end=\"1959\">Cung T\u00ean H\u00e0 N\u1ed9i<\/strong> l\u00e0 \u0111\u1ecba ch\u1ec9 \u0111\u00e1ng tin c\u1eady khi b\u1ea1n mu\u1ed1n mua cung b\u1eafn bi M109EA t\u1ea1i H\u00e0 N\u1ed9i:<\/p>\n<ul style=\"text-align: center;\" data-start=\"2033\" data-end=\"2245\">\n<li class=\"\" data-start=\"2075\" data-end=\"2115\">\n<p class=\"\" data-start=\"2077\" data-end=\"2115\">\u260e\ufe0f <strong data-start=\"2080\" data-end=\"2096\">Hotline\/Zalo<\/strong>: 0911 682 663<\/p>\n<\/li>\n<li class=\"\" data-start=\"2075\" data-end=\"2115\">\n<p class=\"\" data-start=\"2077\" data-end=\"2115\">???? <strong data-start=\"2121\" data-end=\"2132\">Website<\/strong>: <a class=\"\" href=\"https:\/\/cungtenhanoi.com\/\" target=\"_new\" rel=\"noopener\" data-start=\"2134\" data-end=\"2179\">cungtenhanoi.com<\/a><\/p>\n<\/li>\n<li class=\"\" data-start=\"2182\" data-end=\"2245\">\n<p class=\"\" data-start=\"2184\" data-end=\"2245\">???? Giao h\u00e0ng to\u00e0n qu\u1ed1c \u2013 h\u1ed7 tr\u1ee3 ki\u1ec3m tra tr\u01b0\u1edbc khi thanh to\u00e1n.<\/p>\n<\/li>\n<\/ul>\n<p><iframe loading=\"lazy\" title=\"\u0110\u00e1nh gi\u00e1 chi ti\u1ebft m\u1eabu cung t\u00ean b\u1eafn bi M109EA - cung t\u00ean H\u00e0 N\u1ed9i\" width=\"1020\" height=\"574\" src=\"https:\/\/www.youtube.com\/embed\/arnz_ajyb3U?feature=oembed\" frameborder=\"0\" allow=\"accelerometer; autoplay; clipboard-write; encrypted-media; gyroscope; picture-in-picture; web-share\" referrerpolicy=\"strict-origin-when-cross-origin\" allowfullscreen><\/iframe><\/p>\n","protected":false},"excerpt":{"rendered":"<h3 style=\"text-align: center;\">\u2014\u2014\u2014\u2014\u2014\u2014\u2014\u2014\u2014\u2014\u2014\u2014\u2014\u2014\u2014<br \/>\nTh\u00f4ng s\u1ed1<br \/>\n\u2705Chi\u1ec1u d\u00e0i : 19\u201d-48cm<br \/>\n\u2705T\u1ed1c \u0111\u1ed9 : 340fps\/s<br \/>\n\u2705L\u1ef1c b\u1eafn : 40 &#8211; 70lb<br \/>\n\u2705S\u1ea3i k\u00e9o : 25 &#8221; &#8211; 30 &#8221;<br \/>\n\u2705Chi\u1ec1u cao : 8 &#8220;<\/h3>\n<p style=\"text-align: center;\">\u2705Tr\u1ecdng l\u01b0\u1ee3ng : 4.6lb<\/p>\n<p style=\"text-align: center;\">\u2705Tr\u1ee3 l\u1ef1c : 80 %<\/p>\n<p style=\"text-align: center;\"><strong>Cung kh\u00f4ng : 4.860.000<\/strong><\/p>\n<p style=\"text-align: center;\"><strong>Full option: 6.540.000<\/strong><\/p>\n","protected":false},"featured_media":15998,"comment_status":"open","ping_status":"closed","template":"","meta":[],"product_cat":[17],"product_tag":[200,34,1389,1390,574,1365,1371,168,197,1372,1370,1388],"acf":[],"yoast_head":"<!-- This site is optimized with the Yoast SEO plugin v19.8 - https:\/\/yoast.com\/wordpress\/plugins\/seo\/ -->\n<title>Cung Mini b\u1eafn c\u1ea3 bi s\u1eaft v\u00e0 t\u00ean M109EA - Cung T\u00ean H\u00e0 N\u1ed9i<\/title>\n<meta name=\"description\" content=\"Mua cung t\u00ean th\u1ec3 thao, Mua cung t\u00ean t\u1ea1i h\u00e0 n\u1ed9i, Cung tr\u1ee3 l\u1ef1c, Cung compound, Cung t\u00ean ch\u00ednh h\u00e3ng, , Cung t\u00ean h\u00e0 n\u1ed9i, Cung t\u00ean , Mua cung t\u00ean S\u00e0i g\u00f2n , Mua m\u0169i t\u00ean b\u1eafn cung , Cung b\u1eafn bi s\u1eaft , cung t\u00ean mini, Cung truy\u1ec1n th\u1ed1ng, Cung c\u1ed5 \u0111i\u1ec3n, Cung trang tr\u00ed, Cung tr\u01b0ng b\u00e0y, cung t\u00ean m\u1ea1nh, mua ph\u1ee5 ki\u1ec7n b\u1eafn cung,\" \/>\n<meta name=\"robots\" content=\"index, follow, max-snippet:-1, max-image-preview:large, max-video-preview:-1\" \/>\n<link rel=\"canonical\" href=\"https:\/\/cungtenhanoi.com\/?product=cung-mini-ban-ca-bi-sat-va-ten-m109ea\" \/>\n<meta property=\"og:locale\" content=\"vi_VN\" \/>\n<meta property=\"og:type\" content=\"article\" \/>\n<meta property=\"og:title\" content=\"Cung b\u1eafn bi M109EA ch\u00ednh h\u00e3ng \u2013 Gi\u00e1 t\u1ed1t t\u1ea1i H\u00e0 N\u1ed9i. Mua ngay t\u1ea1i Cung T\u00ean H\u00e0 N\u1ed9i, h\u00e0ng c\u00f3 s\u1eb5n, b\u1ea3o h\u00e0nh uy t\u00edn.\" \/>\n<meta property=\"og:description\" content=\"Cung b\u1eafn bi s\u1eaft, cung tr\u1ee3 l\u1ef1c, cung t\u00ean h\u00e0 n\u1ed9i\" \/>\n<meta property=\"og:url\" content=\"https:\/\/cungtenhanoi.com\/?product=cung-mini-ban-ca-bi-sat-va-ten-m109ea\" \/>\n<meta property=\"og:site_name\" content=\"Cung T\u00ean H\u00e0 N\u1ed9i\" \/>\n<meta property=\"article:modified_time\" content=\"2025-08-18T14:40:41+00:00\" \/>\n<meta property=\"og:image\" content=\"https:\/\/cungtenhanoi.com\/wp-content\/uploads\/2025\/03\/z6443548953008_ede62bb7013273f47f8c4d20b9245a89.jpeg\" \/>\n\t<meta property=\"og:image:width\" content=\"987\" \/>\n\t<meta property=\"og:image:height\" content=\"1130\" \/>\n\t<meta property=\"og:image:type\" content=\"image\/jpeg\" \/>\n<meta name=\"twitter:card\" content=\"summary_large_image\" \/>\n<meta name=\"twitter:label1\" content=\"\u01af\u1edbc t\u00ednh th\u1eddi gian \u0111\u1ecdc\" \/>\n\t<meta name=\"twitter:data1\" content=\"4 ph\u00fat\" \/>\n<script type=\"application\/ld+json\" class=\"yoast-schema-graph\">{\"@context\":\"https:\/\/schema.org\",\"@graph\":[{\"@type\":\"WebPage\",\"@id\":\"https:\/\/cungtenhanoi.com\/?product=cung-mini-ban-ca-bi-sat-va-ten-m109ea\",\"url\":\"https:\/\/cungtenhanoi.com\/?product=cung-mini-ban-ca-bi-sat-va-ten-m109ea\",\"name\":\"Cung Mini b\u1eafn c\u1ea3 bi s\u1eaft v\u00e0 t\u00ean M109EA - Cung T\u00ean H\u00e0 N\u1ed9i\",\"isPartOf\":{\"@id\":\"https:\/\/cungtenhanoi.com\/#website\"},\"datePublished\":\"2025-03-29T10:43:43+00:00\",\"dateModified\":\"2025-08-18T14:40:41+00:00\",\"description\":\"Mua cung t\u00ean th\u1ec3 thao, Mua cung t\u00ean t\u1ea1i h\u00e0 n\u1ed9i, Cung tr\u1ee3 l\u1ef1c, Cung compound, Cung t\u00ean ch\u00ednh h\u00e3ng, , Cung t\u00ean h\u00e0 n\u1ed9i, Cung t\u00ean , Mua cung t\u00ean S\u00e0i g\u00f2n , Mua m\u0169i t\u00ean b\u1eafn cung , Cung b\u1eafn bi s\u1eaft , cung t\u00ean mini, Cung truy\u1ec1n th\u1ed1ng, Cung c\u1ed5 \u0111i\u1ec3n, Cung trang tr\u00ed, Cung tr\u01b0ng b\u00e0y, cung t\u00ean m\u1ea1nh, mua ph\u1ee5 ki\u1ec7n b\u1eafn cung,\",\"breadcrumb\":{\"@id\":\"https:\/\/cungtenhanoi.com\/?product=cung-mini-ban-ca-bi-sat-va-ten-m109ea#breadcrumb\"},\"inLanguage\":\"vi\",\"potentialAction\":[{\"@type\":\"ReadAction\",\"target\":[\"https:\/\/cungtenhanoi.com\/?product=cung-mini-ban-ca-bi-sat-va-ten-m109ea\"]}]},{\"@type\":\"BreadcrumbList\",\"@id\":\"https:\/\/cungtenhanoi.com\/?product=cung-mini-ban-ca-bi-sat-va-ten-m109ea#breadcrumb\",\"itemListElement\":[{\"@type\":\"ListItem\",\"position\":1,\"name\":\"Trang ch\u1ee7\",\"item\":\"https:\/\/cungtenhanoi.com\/\"},{\"@type\":\"ListItem\",\"position\":2,\"name\":\"Shop\",\"item\":\"https:\/\/cungtenhanoi.com\/?page_id=6\"},{\"@type\":\"ListItem\",\"position\":3,\"name\":\"Cung\",\"item\":\"https:\/\/cungtenhanoi.com\/danh-muc\/cung\/\"},{\"@type\":\"ListItem\",\"position\":4,\"name\":\"Cung Mini b\u1eafn c\u1ea3 bi s\u1eaft v\u00e0 t\u00ean M109EA\"}]},{\"@type\":\"WebSite\",\"@id\":\"https:\/\/cungtenhanoi.com\/#website\",\"url\":\"https:\/\/cungtenhanoi.com\/\",\"name\":\"Cung T\u00ean H\u00e0 N\u1ed9i\",\"description\":\"Cung c\u1ea5p c\u00e1c lo\u1ea1i cung t\u00ean th\u1ec3 thao s\u1ed1 1 Vi\u1ec7t Nam\",\"publisher\":{\"@id\":\"https:\/\/cungtenhanoi.com\/#organization\"},\"potentialAction\":[{\"@type\":\"SearchAction\",\"target\":{\"@type\":\"EntryPoint\",\"urlTemplate\":\"https:\/\/cungtenhanoi.com\/?s={search_term_string}\"},\"query-input\":\"required name=search_term_string\"}],\"inLanguage\":\"vi\"},{\"@type\":\"Organization\",\"@id\":\"https:\/\/cungtenhanoi.com\/#organization\",\"name\":\"Cung T\u00ean H\u00e0 N\u1ed9i\",\"url\":\"https:\/\/cungtenhanoi.com\/\",\"sameAs\":[],\"logo\":{\"@type\":\"ImageObject\",\"inLanguage\":\"vi\",\"@id\":\"https:\/\/cungtenhanoi.com\/#\/schema\/logo\/image\/\",\"url\":\"https:\/\/cungtenhanoi.com\/wp-content\/uploads\/2025\/05\/logo-den-trang.jpg\",\"contentUrl\":\"https:\/\/cungtenhanoi.com\/wp-content\/uploads\/2025\/05\/logo-den-trang.jpg\",\"width\":450,\"height\":450,\"caption\":\"Cung T\u00ean H\u00e0 N\u1ed9i\"},\"image\":{\"@id\":\"https:\/\/cungtenhanoi.com\/#\/schema\/logo\/image\/\"}}]}<\/script>\n<!-- \/ Yoast SEO plugin. -->","yoast_head_json":{"title":"Cung Mini b\u1eafn c\u1ea3 bi s\u1eaft v\u00e0 t\u00ean M109EA - Cung T\u00ean H\u00e0 N\u1ed9i","description":"Mua cung t\u00ean th\u1ec3 thao, Mua cung t\u00ean t\u1ea1i h\u00e0 n\u1ed9i, Cung tr\u1ee3 l\u1ef1c, Cung compound, Cung t\u00ean ch\u00ednh h\u00e3ng, , Cung t\u00ean h\u00e0 n\u1ed9i, Cung t\u00ean , Mua cung t\u00ean S\u00e0i g\u00f2n , Mua m\u0169i t\u00ean b\u1eafn cung , Cung b\u1eafn bi s\u1eaft , cung t\u00ean mini, Cung truy\u1ec1n th\u1ed1ng, Cung c\u1ed5 \u0111i\u1ec3n, Cung trang tr\u00ed, Cung tr\u01b0ng b\u00e0y, cung t\u00ean m\u1ea1nh, mua ph\u1ee5 ki\u1ec7n b\u1eafn cung,","robots":{"index":"index","follow":"follow","max-snippet":"max-snippet:-1","max-image-preview":"max-image-preview:large","max-video-preview":"max-video-preview:-1"},"canonical":"https:\/\/cungtenhanoi.com\/?product=cung-mini-ban-ca-bi-sat-va-ten-m109ea","og_locale":"vi_VN","og_type":"article","og_title":"Cung b\u1eafn bi M109EA ch\u00ednh h\u00e3ng \u2013 Gi\u00e1 t\u1ed1t t\u1ea1i H\u00e0 N\u1ed9i. Mua ngay t\u1ea1i Cung T\u00ean H\u00e0 N\u1ed9i, h\u00e0ng c\u00f3 s\u1eb5n, b\u1ea3o h\u00e0nh uy t\u00edn.","og_description":"Cung b\u1eafn bi s\u1eaft, cung tr\u1ee3 l\u1ef1c, cung t\u00ean h\u00e0 n\u1ed9i","og_url":"https:\/\/cungtenhanoi.com\/?product=cung-mini-ban-ca-bi-sat-va-ten-m109ea","og_site_name":"Cung T\u00ean H\u00e0 N\u1ed9i","article_modified_time":"2025-08-18T14:40:41+00:00","og_image":[{"width":987,"height":1130,"url":"https:\/\/cungtenhanoi.com\/wp-content\/uploads\/2025\/03\/z6443548953008_ede62bb7013273f47f8c4d20b9245a89.jpeg","type":"image\/jpeg"}],"twitter_card":"summary_large_image","twitter_misc":{"\u01af\u1edbc t\u00ednh th\u1eddi gian \u0111\u1ecdc":"4 ph\u00fat"},"schema":{"@context":"https:\/\/schema.org","@graph":[{"@type":"WebPage","@id":"https:\/\/cungtenhanoi.com\/?product=cung-mini-ban-ca-bi-sat-va-ten-m109ea","url":"https:\/\/cungtenhanoi.com\/?product=cung-mini-ban-ca-bi-sat-va-ten-m109ea","name":"Cung Mini b\u1eafn c\u1ea3 bi s\u1eaft v\u00e0 t\u00ean M109EA - Cung T\u00ean H\u00e0 N\u1ed9i","isPartOf":{"@id":"https:\/\/cungtenhanoi.com\/#website"},"datePublished":"2025-03-29T10:43:43+00:00","dateModified":"2025-08-18T14:40:41+00:00","description":"Mua cung t\u00ean th\u1ec3 thao, Mua cung t\u00ean t\u1ea1i h\u00e0 n\u1ed9i, Cung tr\u1ee3 l\u1ef1c, Cung compound, Cung t\u00ean ch\u00ednh h\u00e3ng, , Cung t\u00ean h\u00e0 n\u1ed9i, Cung t\u00ean , Mua cung t\u00ean S\u00e0i g\u00f2n , Mua m\u0169i t\u00ean b\u1eafn cung , Cung b\u1eafn bi s\u1eaft , cung t\u00ean mini, Cung truy\u1ec1n th\u1ed1ng, Cung c\u1ed5 \u0111i\u1ec3n, Cung trang tr\u00ed, Cung tr\u01b0ng b\u00e0y, cung t\u00ean m\u1ea1nh, mua ph\u1ee5 ki\u1ec7n b\u1eafn cung,","breadcrumb":{"@id":"https:\/\/cungtenhanoi.com\/?product=cung-mini-ban-ca-bi-sat-va-ten-m109ea#breadcrumb"},"inLanguage":"vi","potentialAction":[{"@type":"ReadAction","target":["https:\/\/cungtenhanoi.com\/?product=cung-mini-ban-ca-bi-sat-va-ten-m109ea"]}]},{"@type":"BreadcrumbList","@id":"https:\/\/cungtenhanoi.com\/?product=cung-mini-ban-ca-bi-sat-va-ten-m109ea#breadcrumb","itemListElement":[{"@type":"ListItem","position":1,"name":"Trang ch\u1ee7","item":"https:\/\/cungtenhanoi.com\/"},{"@type":"ListItem","position":2,"name":"Shop","item":"https:\/\/cungtenhanoi.com\/?page_id=6"},{"@type":"ListItem","position":3,"name":"Cung","item":"https:\/\/cungtenhanoi.com\/danh-muc\/cung\/"},{"@type":"ListItem","position":4,"name":"Cung Mini b\u1eafn c\u1ea3 bi s\u1eaft v\u00e0 t\u00ean M109EA"}]},{"@type":"WebSite","@id":"https:\/\/cungtenhanoi.com\/#website","url":"https:\/\/cungtenhanoi.com\/","name":"Cung T\u00ean H\u00e0 N\u1ed9i","description":"Cung c\u1ea5p c\u00e1c lo\u1ea1i cung t\u00ean th\u1ec3 thao s\u1ed1 1 Vi\u1ec7t Nam","publisher":{"@id":"https:\/\/cungtenhanoi.com\/#organization"},"potentialAction":[{"@type":"SearchAction","target":{"@type":"EntryPoint","urlTemplate":"https:\/\/cungtenhanoi.com\/?s={search_term_string}"},"query-input":"required name=search_term_string"}],"inLanguage":"vi"},{"@type":"Organization","@id":"https:\/\/cungtenhanoi.com\/#organization","name":"Cung T\u00ean H\u00e0 N\u1ed9i","url":"https:\/\/cungtenhanoi.com\/","sameAs":[],"logo":{"@type":"ImageObject","inLanguage":"vi","@id":"https:\/\/cungtenhanoi.com\/#\/schema\/logo\/image\/","url":"https:\/\/cungtenhanoi.com\/wp-content\/uploads\/2025\/05\/logo-den-trang.jpg","contentUrl":"https:\/\/cungtenhanoi.com\/wp-content\/uploads\/2025\/05\/logo-den-trang.jpg","width":450,"height":450,"caption":"Cung T\u00ean H\u00e0 N\u1ed9i"},"image":{"@id":"https:\/\/cungtenhanoi.com\/#\/schema\/logo\/image\/"}}]}},"_links":{"self":[{"href":"https:\/\/cungtenhanoi.com\/index.php?rest_route=\/wp\/v2\/product\/15997"}],"collection":[{"href":"https:\/\/cungtenhanoi.com\/index.php?rest_route=\/wp\/v2\/product"}],"about":[{"href":"https:\/\/cungtenhanoi.com\/index.php?rest_route=\/wp\/v2\/types\/product"}],"replies":[{"embeddable":true,"href":"https:\/\/cungtenhanoi.com\/index.php?rest_route=%2Fwp%2Fv2%2Fcomments&post=15997"}],"wp:featuredmedia":[{"embeddable":true,"href":"https:\/\/cungtenhanoi.com\/index.php?rest_route=\/wp\/v2\/media\/15998"}],"wp:attachment":[{"href":"https:\/\/cungtenhanoi.com\/index.php?rest_route=%2Fwp%2Fv2%2Fmedia&parent=15997"}],"wp:term":[{"taxonomy":"product_cat","embeddable":true,"href":"https:\/\/cungtenhanoi.com\/index.php?rest_route=%2Fwp%2Fv2%2Fproduct_cat&post=15997"},{"taxonomy":"product_tag","embeddable":true,"href":"https:\/\/cungtenhanoi.com\/index.php?rest_route=%2Fwp%2Fv2%2Fproduct_tag&post=15997"}],"curies":[{"name":"wp","href":"https:\/\/api.w.org\/{rel}","templated":true}]}}