{"id":1631,"date":"2021-05-27T13:23:04","date_gmt":"2021-05-27T06:23:04","guid":{"rendered":"https:\/\/cungtenhanoi.com\/?post_type=product&#038;p=1631"},"modified":"2021-05-27T13:23:05","modified_gmt":"2021-05-27T06:23:05","slug":"thuoc-ngam-sureloc-cacbonic","status":"publish","type":"product","link":"https:\/\/cungtenhanoi.com\/?product=thuoc-ngam-sureloc-cacbonic","title":{"rendered":"Th\u01b0\u1edbc ng\u1eafm Sureloc &#8211; Cacbonic"},"content":{"rendered":"<p><img loading=\"lazy\" class=\"aligncenter size-full wp-image-1637\" src=\"https:\/\/cungtenhanoi.com\/wp-content\/uploads\/2021\/05\/O1CN01fbjJnY1fOfh3lL0q0_4066233997.jpg\" alt=\"\" width=\"1200\" height=\"1200\" srcset=\"https:\/\/cungtenhanoi.com\/wp-content\/uploads\/2021\/05\/O1CN01fbjJnY1fOfh3lL0q0_4066233997.jpg 1200w, https:\/\/cungtenhanoi.com\/wp-content\/uploads\/2021\/05\/O1CN01fbjJnY1fOfh3lL0q0_4066233997-300x300.jpg 300w, https:\/\/cungtenhanoi.com\/wp-content\/uploads\/2021\/05\/O1CN01fbjJnY1fOfh3lL0q0_4066233997-100x100.jpg 100w, https:\/\/cungtenhanoi.com\/wp-content\/uploads\/2021\/05\/O1CN01fbjJnY1fOfh3lL0q0_4066233997-600x600.jpg 600w, https:\/\/cungtenhanoi.com\/wp-content\/uploads\/2021\/05\/O1CN01fbjJnY1fOfh3lL0q0_4066233997-64x64.jpg 64w\" sizes=\"(max-width: 1200px) 100vw, 1200px\" \/><img loading=\"lazy\" class=\"aligncenter size-full wp-image-1632\" src=\"https:\/\/cungtenhanoi.com\/wp-content\/uploads\/2021\/05\/67058965_2319215351508591_4457215015660814336_n.jpg\" alt=\"\" width=\"737\" height=\"590\" srcset=\"https:\/\/cungtenhanoi.com\/wp-content\/uploads\/2021\/05\/67058965_2319215351508591_4457215015660814336_n.jpg 737w, https:\/\/cungtenhanoi.com\/wp-content\/uploads\/2021\/05\/67058965_2319215351508591_4457215015660814336_n-600x480.jpg 600w, https:\/\/cungtenhanoi.com\/wp-content\/uploads\/2021\/05\/67058965_2319215351508591_4457215015660814336_n-64x51.jpg 64w, https:\/\/cungtenhanoi.com\/wp-content\/uploads\/2021\/05\/67058965_2319215351508591_4457215015660814336_n-300x240.jpg 300w\" sizes=\"(max-width: 737px) 100vw, 737px\" \/><img loading=\"lazy\" class=\"aligncenter size-full wp-image-1633\" src=\"https:\/\/cungtenhanoi.com\/wp-content\/uploads\/2021\/05\/67067545_2319215401508586_5285128974815461376_n.jpg\" alt=\"\" width=\"744\" height=\"609\" srcset=\"https:\/\/cungtenhanoi.com\/wp-content\/uploads\/2021\/05\/67067545_2319215401508586_5285128974815461376_n.jpg 744w, https:\/\/cungtenhanoi.com\/wp-content\/uploads\/2021\/05\/67067545_2319215401508586_5285128974815461376_n-600x491.jpg 600w, https:\/\/cungtenhanoi.com\/wp-content\/uploads\/2021\/05\/67067545_2319215401508586_5285128974815461376_n-64x52.jpg 64w, https:\/\/cungtenhanoi.com\/wp-content\/uploads\/2021\/05\/67067545_2319215401508586_5285128974815461376_n-300x246.jpg 300w\" sizes=\"(max-width: 744px) 100vw, 744px\" \/><img loading=\"lazy\" class=\"aligncenter size-full wp-image-1634\" src=\"https:\/\/cungtenhanoi.com\/wp-content\/uploads\/2021\/05\/67403105_2319215284841931_6691392591415476224_n.jpg\" alt=\"\" width=\"632\" height=\"505\" srcset=\"https:\/\/cungtenhanoi.com\/wp-content\/uploads\/2021\/05\/67403105_2319215284841931_6691392591415476224_n.jpg 632w, https:\/\/cungtenhanoi.com\/wp-content\/uploads\/2021\/05\/67403105_2319215284841931_6691392591415476224_n-600x479.jpg 600w, https:\/\/cungtenhanoi.com\/wp-content\/uploads\/2021\/05\/67403105_2319215284841931_6691392591415476224_n-64x51.jpg 64w, https:\/\/cungtenhanoi.com\/wp-content\/uploads\/2021\/05\/67403105_2319215284841931_6691392591415476224_n-300x240.jpg 300w\" sizes=\"(max-width: 632px) 100vw, 632px\" \/><img loading=\"lazy\" class=\"aligncenter size-full wp-image-1635\" src=\"https:\/\/cungtenhanoi.com\/wp-content\/uploads\/2021\/05\/67474892_2319215344841925_572845472171950080_n.jpg\" alt=\"\" width=\"750\" height=\"750\" srcset=\"https:\/\/cungtenhanoi.com\/wp-content\/uploads\/2021\/05\/67474892_2319215344841925_572845472171950080_n.jpg 750w, https:\/\/cungtenhanoi.com\/wp-content\/uploads\/2021\/05\/67474892_2319215344841925_572845472171950080_n-300x300.jpg 300w, https:\/\/cungtenhanoi.com\/wp-content\/uploads\/2021\/05\/67474892_2319215344841925_572845472171950080_n-100x100.jpg 100w, https:\/\/cungtenhanoi.com\/wp-content\/uploads\/2021\/05\/67474892_2319215344841925_572845472171950080_n-600x600.jpg 600w, https:\/\/cungtenhanoi.com\/wp-content\/uploads\/2021\/05\/67474892_2319215344841925_572845472171950080_n-64x64.jpg 64w, https:\/\/cungtenhanoi.com\/wp-content\/uploads\/2021\/05\/67474892_2319215344841925_572845472171950080_n-150x150.jpg 150w, https:\/\/cungtenhanoi.com\/wp-content\/uploads\/2021\/05\/67474892_2319215344841925_572845472171950080_n-180x180.jpg 180w, https:\/\/cungtenhanoi.com\/wp-content\/uploads\/2021\/05\/67474892_2319215344841925_572845472171950080_n-45x45.jpg 45w\" sizes=\"(max-width: 750px) 100vw, 750px\" \/><img loading=\"lazy\" class=\"aligncenter size-full wp-image-1636\" src=\"https:\/\/cungtenhanoi.com\/wp-content\/uploads\/2021\/05\/67508546_2319215281508598_3134645266389401600_n.jpg\" alt=\"\" width=\"673\" height=\"616\" srcset=\"https:\/\/cungtenhanoi.com\/wp-content\/uploads\/2021\/05\/67508546_2319215281508598_3134645266389401600_n.jpg 673w, https:\/\/cungtenhanoi.com\/wp-content\/uploads\/2021\/05\/67508546_2319215281508598_3134645266389401600_n-600x549.jpg 600w, https:\/\/cungtenhanoi.com\/wp-content\/uploads\/2021\/05\/67508546_2319215281508598_3134645266389401600_n-64x59.jpg 64w\" sizes=\"(max-width: 673px) 100vw, 673px\" \/><\/p>\n","protected":false},"excerpt":{"rendered":"<p>H\u00e0ng oder theo m\u00e0u 7-15 ng\u00e0y<\/p>\n","protected":false},"featured_media":1637,"comment_status":"open","ping_status":"closed","template":"","meta":[],"product_cat":[20],"product_tag":[198,86,257,225,383,381,382,224],"acf":[],"yoast_head":"<!-- This site is optimized with the Yoast SEO plugin v19.8 - https:\/\/yoast.com\/wordpress\/plugins\/seo\/ -->\n<title>Th\u01b0\u1edbc ng\u1eafm Sureloc - Cacbonic - Cung T\u00ean H\u00e0 N\u1ed9i<\/title>\n<meta name=\"description\" content=\"mua cung t\u00ean th\u1ec3 thao, mua cung t\u00ean t\u1ea1i h\u00e0 n\u1ed9i, cung tr\u1ee3 l\u1ef1c, cung compound, cung t\u00ean ch\u00ednh h\u00e3ng, cung t\u00ean m\u1ea1nh,cung t\u00ean h\u00e0 n\u1ed9i, cung t\u00ean , mua cung t\u00ean S\u00e0i g\u00f2n , mua m\u0169i t\u00ean b\u1eafn cung , cung b\u1eafn bi s\u1eaft , cung t\u00ean mini\" \/>\n<meta name=\"robots\" content=\"index, follow, max-snippet:-1, max-image-preview:large, max-video-preview:-1\" \/>\n<link rel=\"canonical\" href=\"https:\/\/cungtenhanoi.com\/?product=thuoc-ngam-sureloc-cacbonic\" \/>\n<meta property=\"og:locale\" content=\"vi_VN\" \/>\n<meta property=\"og:type\" content=\"article\" \/>\n<meta property=\"og:title\" content=\"Th\u01b0\u1edbc ng\u1eafm Sureloc - Cacbonic - Cung T\u00ean H\u00e0 N\u1ed9i\" \/>\n<meta property=\"og:description\" content=\"mua cung t\u00ean th\u1ec3 thao, mua cung t\u00ean t\u1ea1i h\u00e0 n\u1ed9i, cung tr\u1ee3 l\u1ef1c, cung compound, cung t\u00ean ch\u00ednh h\u00e3ng, cung t\u00ean m\u1ea1nh,cung t\u00ean h\u00e0 n\u1ed9i, cung t\u00ean , mua cung t\u00ean S\u00e0i g\u00f2n , mua m\u0169i t\u00ean b\u1eafn cung , cung b\u1eafn bi s\u1eaft , cung t\u00ean mini\" \/>\n<meta property=\"og:url\" content=\"https:\/\/cungtenhanoi.com\/?product=thuoc-ngam-sureloc-cacbonic\" \/>\n<meta property=\"og:site_name\" content=\"Cung T\u00ean H\u00e0 N\u1ed9i\" \/>\n<meta property=\"article:modified_time\" content=\"2021-05-27T06:23:05+00:00\" \/>\n<meta property=\"og:image\" content=\"https:\/\/cungtenhanoi.com\/wp-content\/uploads\/2021\/05\/O1CN01fbjJnY1fOfh3lL0q0_4066233997.jpg\" \/>\n\t<meta property=\"og:image:width\" content=\"1200\" \/>\n\t<meta property=\"og:image:height\" content=\"1200\" \/>\n\t<meta property=\"og:image:type\" content=\"image\/jpeg\" \/>\n<meta name=\"twitter:card\" content=\"summary_large_image\" \/>\n<script type=\"application\/ld+json\" class=\"yoast-schema-graph\">{\"@context\":\"https:\/\/schema.org\",\"@graph\":[{\"@type\":\"WebPage\",\"@id\":\"https:\/\/cungtenhanoi.com\/?product=thuoc-ngam-sureloc-cacbonic\",\"url\":\"https:\/\/cungtenhanoi.com\/?product=thuoc-ngam-sureloc-cacbonic\",\"name\":\"Th\u01b0\u1edbc ng\u1eafm Sureloc - Cacbonic - Cung T\u00ean H\u00e0 N\u1ed9i\",\"isPartOf\":{\"@id\":\"https:\/\/cungtenhanoi.com\/#website\"},\"datePublished\":\"2021-05-27T06:23:04+00:00\",\"dateModified\":\"2021-05-27T06:23:05+00:00\",\"description\":\"mua cung t\u00ean th\u1ec3 thao, mua cung t\u00ean t\u1ea1i h\u00e0 n\u1ed9i, cung tr\u1ee3 l\u1ef1c, cung compound, cung t\u00ean ch\u00ednh h\u00e3ng, cung t\u00ean m\u1ea1nh,cung t\u00ean h\u00e0 n\u1ed9i, cung t\u00ean , mua cung t\u00ean S\u00e0i g\u00f2n , mua m\u0169i t\u00ean b\u1eafn cung , cung b\u1eafn bi s\u1eaft , cung t\u00ean mini\",\"breadcrumb\":{\"@id\":\"https:\/\/cungtenhanoi.com\/?product=thuoc-ngam-sureloc-cacbonic#breadcrumb\"},\"inLanguage\":\"vi\",\"potentialAction\":[{\"@type\":\"ReadAction\",\"target\":[\"https:\/\/cungtenhanoi.com\/?product=thuoc-ngam-sureloc-cacbonic\"]}]},{\"@type\":\"BreadcrumbList\",\"@id\":\"https:\/\/cungtenhanoi.com\/?product=thuoc-ngam-sureloc-cacbonic#breadcrumb\",\"itemListElement\":[{\"@type\":\"ListItem\",\"position\":1,\"name\":\"Trang ch\u1ee7\",\"item\":\"https:\/\/cungtenhanoi.com\/\"},{\"@type\":\"ListItem\",\"position\":2,\"name\":\"Shop\",\"item\":\"https:\/\/cungtenhanoi.com\/?page_id=6\"},{\"@type\":\"ListItem\",\"position\":3,\"name\":\"Ph\u1ee5 ki\u1ec7n\",\"item\":\"https:\/\/cungtenhanoi.com\/danh-muc\/phu-kien\/\"},{\"@type\":\"ListItem\",\"position\":4,\"name\":\"Th\u01b0\u1edbc ng\u1eafm Sureloc &#8211; Cacbonic\"}]},{\"@type\":\"WebSite\",\"@id\":\"https:\/\/cungtenhanoi.com\/#website\",\"url\":\"https:\/\/cungtenhanoi.com\/\",\"name\":\"Cung T\u00ean H\u00e0 N\u1ed9i\",\"description\":\"Cung c\u1ea5p c\u00e1c lo\u1ea1i cung t\u00ean th\u1ec3 thao s\u1ed1 1 Vi\u1ec7t Nam\",\"publisher\":{\"@id\":\"https:\/\/cungtenhanoi.com\/#organization\"},\"potentialAction\":[{\"@type\":\"SearchAction\",\"target\":{\"@type\":\"EntryPoint\",\"urlTemplate\":\"https:\/\/cungtenhanoi.com\/?s={search_term_string}\"},\"query-input\":\"required name=search_term_string\"}],\"inLanguage\":\"vi\"},{\"@type\":\"Organization\",\"@id\":\"https:\/\/cungtenhanoi.com\/#organization\",\"name\":\"Cung T\u00ean H\u00e0 N\u1ed9i\",\"url\":\"https:\/\/cungtenhanoi.com\/\",\"sameAs\":[],\"logo\":{\"@type\":\"ImageObject\",\"inLanguage\":\"vi\",\"@id\":\"https:\/\/cungtenhanoi.com\/#\/schema\/logo\/image\/\",\"url\":\"https:\/\/cungtenhanoi.com\/wp-content\/uploads\/2025\/05\/logo-den-trang.jpg\",\"contentUrl\":\"https:\/\/cungtenhanoi.com\/wp-content\/uploads\/2025\/05\/logo-den-trang.jpg\",\"width\":450,\"height\":450,\"caption\":\"Cung T\u00ean H\u00e0 N\u1ed9i\"},\"image\":{\"@id\":\"https:\/\/cungtenhanoi.com\/#\/schema\/logo\/image\/\"}}]}<\/script>\n<!-- \/ Yoast SEO plugin. -->","yoast_head_json":{"title":"Th\u01b0\u1edbc ng\u1eafm Sureloc - Cacbonic - Cung T\u00ean H\u00e0 N\u1ed9i","description":"mua cung t\u00ean th\u1ec3 thao, mua cung t\u00ean t\u1ea1i h\u00e0 n\u1ed9i, cung tr\u1ee3 l\u1ef1c, cung compound, cung t\u00ean ch\u00ednh h\u00e3ng, cung t\u00ean m\u1ea1nh,cung t\u00ean h\u00e0 n\u1ed9i, cung t\u00ean , mua cung t\u00ean S\u00e0i g\u00f2n , mua m\u0169i t\u00ean b\u1eafn cung , cung b\u1eafn bi s\u1eaft , cung t\u00ean mini","robots":{"index":"index","follow":"follow","max-snippet":"max-snippet:-1","max-image-preview":"max-image-preview:large","max-video-preview":"max-video-preview:-1"},"canonical":"https:\/\/cungtenhanoi.com\/?product=thuoc-ngam-sureloc-cacbonic","og_locale":"vi_VN","og_type":"article","og_title":"Th\u01b0\u1edbc ng\u1eafm Sureloc - Cacbonic - Cung T\u00ean H\u00e0 N\u1ed9i","og_description":"mua cung t\u00ean th\u1ec3 thao, mua cung t\u00ean t\u1ea1i h\u00e0 n\u1ed9i, cung tr\u1ee3 l\u1ef1c, cung compound, cung t\u00ean ch\u00ednh h\u00e3ng, cung t\u00ean m\u1ea1nh,cung t\u00ean h\u00e0 n\u1ed9i, cung t\u00ean , mua cung t\u00ean S\u00e0i g\u00f2n , mua m\u0169i t\u00ean b\u1eafn cung , cung b\u1eafn bi s\u1eaft , cung t\u00ean mini","og_url":"https:\/\/cungtenhanoi.com\/?product=thuoc-ngam-sureloc-cacbonic","og_site_name":"Cung T\u00ean H\u00e0 N\u1ed9i","article_modified_time":"2021-05-27T06:23:05+00:00","og_image":[{"width":1200,"height":1200,"url":"https:\/\/cungtenhanoi.com\/wp-content\/uploads\/2021\/05\/O1CN01fbjJnY1fOfh3lL0q0_4066233997.jpg","type":"image\/jpeg"}],"twitter_card":"summary_large_image","schema":{"@context":"https:\/\/schema.org","@graph":[{"@type":"WebPage","@id":"https:\/\/cungtenhanoi.com\/?product=thuoc-ngam-sureloc-cacbonic","url":"https:\/\/cungtenhanoi.com\/?product=thuoc-ngam-sureloc-cacbonic","name":"Th\u01b0\u1edbc ng\u1eafm Sureloc - Cacbonic - Cung T\u00ean H\u00e0 N\u1ed9i","isPartOf":{"@id":"https:\/\/cungtenhanoi.com\/#website"},"datePublished":"2021-05-27T06:23:04+00:00","dateModified":"2021-05-27T06:23:05+00:00","description":"mua cung t\u00ean th\u1ec3 thao, mua cung t\u00ean t\u1ea1i h\u00e0 n\u1ed9i, cung tr\u1ee3 l\u1ef1c, cung compound, cung t\u00ean ch\u00ednh h\u00e3ng, cung t\u00ean m\u1ea1nh,cung t\u00ean h\u00e0 n\u1ed9i, cung t\u00ean , mua cung t\u00ean S\u00e0i g\u00f2n , mua m\u0169i t\u00ean b\u1eafn cung , cung b\u1eafn bi s\u1eaft , cung t\u00ean mini","breadcrumb":{"@id":"https:\/\/cungtenhanoi.com\/?product=thuoc-ngam-sureloc-cacbonic#breadcrumb"},"inLanguage":"vi","potentialAction":[{"@type":"ReadAction","target":["https:\/\/cungtenhanoi.com\/?product=thuoc-ngam-sureloc-cacbonic"]}]},{"@type":"BreadcrumbList","@id":"https:\/\/cungtenhanoi.com\/?product=thuoc-ngam-sureloc-cacbonic#breadcrumb","itemListElement":[{"@type":"ListItem","position":1,"name":"Trang ch\u1ee7","item":"https:\/\/cungtenhanoi.com\/"},{"@type":"ListItem","position":2,"name":"Shop","item":"https:\/\/cungtenhanoi.com\/?page_id=6"},{"@type":"ListItem","position":3,"name":"Ph\u1ee5 ki\u1ec7n","item":"https:\/\/cungtenhanoi.com\/danh-muc\/phu-kien\/"},{"@type":"ListItem","position":4,"name":"Th\u01b0\u1edbc ng\u1eafm Sureloc &#8211; Cacbonic"}]},{"@type":"WebSite","@id":"https:\/\/cungtenhanoi.com\/#website","url":"https:\/\/cungtenhanoi.com\/","name":"Cung T\u00ean H\u00e0 N\u1ed9i","description":"Cung c\u1ea5p c\u00e1c lo\u1ea1i cung t\u00ean th\u1ec3 thao s\u1ed1 1 Vi\u1ec7t Nam","publisher":{"@id":"https:\/\/cungtenhanoi.com\/#organization"},"potentialAction":[{"@type":"SearchAction","target":{"@type":"EntryPoint","urlTemplate":"https:\/\/cungtenhanoi.com\/?s={search_term_string}"},"query-input":"required name=search_term_string"}],"inLanguage":"vi"},{"@type":"Organization","@id":"https:\/\/cungtenhanoi.com\/#organization","name":"Cung T\u00ean H\u00e0 N\u1ed9i","url":"https:\/\/cungtenhanoi.com\/","sameAs":[],"logo":{"@type":"ImageObject","inLanguage":"vi","@id":"https:\/\/cungtenhanoi.com\/#\/schema\/logo\/image\/","url":"https:\/\/cungtenhanoi.com\/wp-content\/uploads\/2025\/05\/logo-den-trang.jpg","contentUrl":"https:\/\/cungtenhanoi.com\/wp-content\/uploads\/2025\/05\/logo-den-trang.jpg","width":450,"height":450,"caption":"Cung T\u00ean H\u00e0 N\u1ed9i"},"image":{"@id":"https:\/\/cungtenhanoi.com\/#\/schema\/logo\/image\/"}}]}},"_links":{"self":[{"href":"https:\/\/cungtenhanoi.com\/index.php?rest_route=\/wp\/v2\/product\/1631"}],"collection":[{"href":"https:\/\/cungtenhanoi.com\/index.php?rest_route=\/wp\/v2\/product"}],"about":[{"href":"https:\/\/cungtenhanoi.com\/index.php?rest_route=\/wp\/v2\/types\/product"}],"replies":[{"embeddable":true,"href":"https:\/\/cungtenhanoi.com\/index.php?rest_route=%2Fwp%2Fv2%2Fcomments&post=1631"}],"wp:featuredmedia":[{"embeddable":true,"href":"https:\/\/cungtenhanoi.com\/index.php?rest_route=\/wp\/v2\/media\/1637"}],"wp:attachment":[{"href":"https:\/\/cungtenhanoi.com\/index.php?rest_route=%2Fwp%2Fv2%2Fmedia&parent=1631"}],"wp:term":[{"taxonomy":"product_cat","embeddable":true,"href":"https:\/\/cungtenhanoi.com\/index.php?rest_route=%2Fwp%2Fv2%2Fproduct_cat&post=1631"},{"taxonomy":"product_tag","embeddable":true,"href":"https:\/\/cungtenhanoi.com\/index.php?rest_route=%2Fwp%2Fv2%2Fproduct_tag&post=1631"}],"curies":[{"name":"wp","href":"https:\/\/api.w.org\/{rel}","templated":true}]}}