{"id":1748,"date":"2021-06-08T22:25:22","date_gmt":"2021-06-08T15:25:22","guid":{"rendered":"https:\/\/cungtenhanoi.com\/?post_type=product&#038;p=1748"},"modified":"2025-08-02T19:03:47","modified_gmt":"2025-08-02T12:03:47","slug":"thuoc-ngam-sanlida-x10","status":"publish","type":"product","link":"https:\/\/cungtenhanoi.com\/?product=thuoc-ngam-sanlida-x10","title":{"rendered":"Th\u01b0\u1edbc ng\u1eafm Sanlida X10"},"content":{"rendered":"<p style=\"text-align: center;\"><strong>Th\u01b0\u1edbc ng\u1eafm recurve: 3790k <\/strong><\/p>\n<p style=\"text-align: center;\"><strong>Th\u01b0\u1edbc ng\u1eafm Compound : 7490k<\/strong><br \/>\n<strong>M\u1eaft ng\u1eafm quang h\u1ecdc x6-8 compound<\/strong><br \/>\nTh\u00f4ng s\u1ed1 m\u1eaft ng\u1eafm compound X10<br \/>\nTr\u1ecdng l\u01b0\u1ee3ng 75g<br \/>\n\u0110\u1ed9 D\u00e0i\u00a0 l\u00f2ng trong 115 mm \u0111\u01b0\u1eddng k\u00ednh 42mm<br \/>\nZoom 6x-8x<br \/>\nCh\u1ea5t li\u1ec7u 6061-T6 nh\u00f4m<br \/>\n\u0110\u1ed9 d\u00e0i t\u1ed5ng 320mm<br \/>\n<img loading=\"lazy\" class=\"aligncenter size-full wp-image-1750\" src=\"https:\/\/cungtenhanoi.com\/wp-content\/uploads\/2021\/06\/154191489_738747010361842_5441864325647388916_n.jpg\" alt=\"\" width=\"750\" height=\"421\" srcset=\"https:\/\/cungtenhanoi.com\/wp-content\/uploads\/2021\/06\/154191489_738747010361842_5441864325647388916_n.jpg 750w, https:\/\/cungtenhanoi.com\/wp-content\/uploads\/2021\/06\/154191489_738747010361842_5441864325647388916_n-600x337.jpg 600w, https:\/\/cungtenhanoi.com\/wp-content\/uploads\/2021\/06\/154191489_738747010361842_5441864325647388916_n-64x36.jpg 64w, https:\/\/cungtenhanoi.com\/wp-content\/uploads\/2021\/06\/154191489_738747010361842_5441864325647388916_n-300x168.jpg 300w\" sizes=\"(max-width: 750px) 100vw, 750px\" \/> <img loading=\"lazy\" class=\"aligncenter size-full wp-image-1751\" src=\"https:\/\/cungtenhanoi.com\/wp-content\/uploads\/2021\/06\/154468358_738747017028508_6947994272400753032_n.jpg\" alt=\"\" width=\"750\" height=\"421\" srcset=\"https:\/\/cungtenhanoi.com\/wp-content\/uploads\/2021\/06\/154468358_738747017028508_6947994272400753032_n.jpg 750w, https:\/\/cungtenhanoi.com\/wp-content\/uploads\/2021\/06\/154468358_738747017028508_6947994272400753032_n-600x337.jpg 600w, https:\/\/cungtenhanoi.com\/wp-content\/uploads\/2021\/06\/154468358_738747017028508_6947994272400753032_n-64x36.jpg 64w\" sizes=\"(max-width: 750px) 100vw, 750px\" \/> <img loading=\"lazy\" class=\"aligncenter size-full wp-image-1752\" src=\"https:\/\/cungtenhanoi.com\/wp-content\/uploads\/2021\/06\/155291271_738747007028509_2528903276166717269_n.jpg\" alt=\"\" width=\"750\" height=\"421\" srcset=\"https:\/\/cungtenhanoi.com\/wp-content\/uploads\/2021\/06\/155291271_738747007028509_2528903276166717269_n.jpg 750w, https:\/\/cungtenhanoi.com\/wp-content\/uploads\/2021\/06\/155291271_738747007028509_2528903276166717269_n-600x337.jpg 600w, https:\/\/cungtenhanoi.com\/wp-content\/uploads\/2021\/06\/155291271_738747007028509_2528903276166717269_n-64x36.jpg 64w, https:\/\/cungtenhanoi.com\/wp-content\/uploads\/2021\/06\/155291271_738747007028509_2528903276166717269_n-300x168.jpg 300w\" sizes=\"(max-width: 750px) 100vw, 750px\" \/> <img loading=\"lazy\" class=\"aligncenter size-full wp-image-1753\" src=\"https:\/\/cungtenhanoi.com\/wp-content\/uploads\/2021\/06\/155502253_738747060361837_8358635665899468415_n.jpg\" alt=\"\" width=\"750\" height=\"422\" srcset=\"https:\/\/cungtenhanoi.com\/wp-content\/uploads\/2021\/06\/155502253_738747060361837_8358635665899468415_n.jpg 750w, https:\/\/cungtenhanoi.com\/wp-content\/uploads\/2021\/06\/155502253_738747060361837_8358635665899468415_n-600x338.jpg 600w, https:\/\/cungtenhanoi.com\/wp-content\/uploads\/2021\/06\/155502253_738747060361837_8358635665899468415_n-64x36.jpg 64w\" sizes=\"(max-width: 750px) 100vw, 750px\" \/><br \/>\n<img loading=\"lazy\" class=\"aligncenter size-full wp-image-1754\" src=\"https:\/\/cungtenhanoi.com\/wp-content\/uploads\/2021\/06\/O1CN01YJstVx1w1dEKxyRzC_2759166248.jpg\" alt=\"\" width=\"750\" height=\"1350\" srcset=\"https:\/\/cungtenhanoi.com\/wp-content\/uploads\/2021\/06\/O1CN01YJstVx1w1dEKxyRzC_2759166248.jpg 750w, https:\/\/cungtenhanoi.com\/wp-content\/uploads\/2021\/06\/O1CN01YJstVx1w1dEKxyRzC_2759166248-600x1080.jpg 600w, https:\/\/cungtenhanoi.com\/wp-content\/uploads\/2021\/06\/O1CN01YJstVx1w1dEKxyRzC_2759166248-64x115.jpg 64w, https:\/\/cungtenhanoi.com\/wp-content\/uploads\/2021\/06\/O1CN01YJstVx1w1dEKxyRzC_2759166248-167x300.jpg 167w, https:\/\/cungtenhanoi.com\/wp-content\/uploads\/2021\/06\/O1CN01YJstVx1w1dEKxyRzC_2759166248-569x1024.jpg 569w\" sizes=\"(max-width: 750px) 100vw, 750px\" \/> <img loading=\"lazy\" class=\"aligncenter size-full wp-image-1755\" src=\"https:\/\/cungtenhanoi.com\/wp-content\/uploads\/2021\/06\/O1CN011Cz1Fd1w1dEI0P0LX_2759166248.jpg\" alt=\"\" width=\"744\" height=\"704\" srcset=\"https:\/\/cungtenhanoi.com\/wp-content\/uploads\/2021\/06\/O1CN011Cz1Fd1w1dEI0P0LX_2759166248.jpg 744w, https:\/\/cungtenhanoi.com\/wp-content\/uploads\/2021\/06\/O1CN011Cz1Fd1w1dEI0P0LX_2759166248-600x568.jpg 600w, https:\/\/cungtenhanoi.com\/wp-content\/uploads\/2021\/06\/O1CN011Cz1Fd1w1dEI0P0LX_2759166248-64x61.jpg 64w, https:\/\/cungtenhanoi.com\/wp-content\/uploads\/2021\/06\/O1CN011Cz1Fd1w1dEI0P0LX_2759166248-300x284.jpg 300w\" sizes=\"(max-width: 744px) 100vw, 744px\" \/><img loading=\"lazy\" class=\"aligncenter size-full wp-image-1749\" src=\"https:\/\/cungtenhanoi.com\/wp-content\/uploads\/2021\/06\/122854730_3658501114194384_8470381176775775081_n.jpg\" alt=\"\" width=\"2048\" height=\"1536\" srcset=\"https:\/\/cungtenhanoi.com\/wp-content\/uploads\/2021\/06\/122854730_3658501114194384_8470381176775775081_n.jpg 2048w, https:\/\/cungtenhanoi.com\/wp-content\/uploads\/2021\/06\/122854730_3658501114194384_8470381176775775081_n-600x450.jpg 600w, https:\/\/cungtenhanoi.com\/wp-content\/uploads\/2021\/06\/122854730_3658501114194384_8470381176775775081_n-64x48.jpg 64w, https:\/\/cungtenhanoi.com\/wp-content\/uploads\/2021\/06\/122854730_3658501114194384_8470381176775775081_n-300x225.jpg 300w, https:\/\/cungtenhanoi.com\/wp-content\/uploads\/2021\/06\/122854730_3658501114194384_8470381176775775081_n-768x576.jpg 768w, https:\/\/cungtenhanoi.com\/wp-content\/uploads\/2021\/06\/122854730_3658501114194384_8470381176775775081_n-1024x768.jpg 1024w, https:\/\/cungtenhanoi.com\/wp-content\/uploads\/2021\/06\/122854730_3658501114194384_8470381176775775081_n-480x360.jpg 480w\" sizes=\"(max-width: 2048px) 100vw, 2048px\" \/><\/p>\n<p>&nbsp;<\/p>\n","protected":false},"excerpt":{"rendered":"<p>Th\u01b0\u1edbc ng\u1eafm recurve: 3790k Th\u01b0\u1edbc ng\u1eafm Compound : 7490k M\u1eaft ng\u1eafm quang h\u1ecdc x6-8 compound Th\u00f4ng s\u1ed1 m\u1eaft ng\u1eafm compound X10 Tr\u1ecdng l\u01b0\u1ee3ng 75g \u0110\u1ed9 D\u00e0i\u00a0 l\u00f2ng trong 115 mm \u0111\u01b0\u1eddng k\u00ednh 42mm Zoom 6x-8x Ch\u1ea5t li\u1ec7u 6061-T6 nh\u00f4m \u0110\u1ed9 d\u00e0i t\u1ed5ng 320mm &nbsp;<\/p>\n","protected":false},"featured_media":1751,"comment_status":"open","ping_status":"closed","template":"","meta":[],"product_cat":[20],"product_tag":[198,86,257,403,254,219,383,224,218],"acf":[],"yoast_head":"<!-- This site is optimized with the Yoast SEO plugin v19.8 - https:\/\/yoast.com\/wordpress\/plugins\/seo\/ -->\n<title>Th\u01b0\u1edbc ng\u1eafm Sanlida X10 - Cung T\u00ean H\u00e0 N\u1ed9i<\/title>\n<meta name=\"description\" content=\"mua cung t\u00ean th\u1ec3 thao, mua cung t\u00ean t\u1ea1i h\u00e0 n\u1ed9i, cung tr\u1ee3 l\u1ef1c, cung compound, cung t\u00ean ch\u00ednh h\u00e3ng, cung t\u00ean m\u1ea1nh,cung t\u00ean h\u00e0 n\u1ed9i, cung t\u00ean , mua cung t\u00ean S\u00e0i g\u00f2n , mua m\u0169i t\u00ean b\u1eafn cung , cung b\u1eafn bi s\u1eaft , cung t\u00ean mini\" \/>\n<meta name=\"robots\" content=\"index, follow, max-snippet:-1, max-image-preview:large, max-video-preview:-1\" \/>\n<link rel=\"canonical\" href=\"https:\/\/cungtenhanoi.com\/?product=thuoc-ngam-sanlida-x10\" \/>\n<meta property=\"og:locale\" content=\"vi_VN\" \/>\n<meta property=\"og:type\" content=\"article\" \/>\n<meta property=\"og:title\" content=\"Th\u01b0\u1edbc ng\u1eafm Sanlida X10 - Cung T\u00ean H\u00e0 N\u1ed9i\" \/>\n<meta property=\"og:description\" content=\"mua cung t\u00ean th\u1ec3 thao, mua cung t\u00ean t\u1ea1i h\u00e0 n\u1ed9i, cung tr\u1ee3 l\u1ef1c, cung compound, cung t\u00ean ch\u00ednh h\u00e3ng, cung t\u00ean m\u1ea1nh,cung t\u00ean h\u00e0 n\u1ed9i, cung t\u00ean , mua cung t\u00ean S\u00e0i g\u00f2n , mua m\u0169i t\u00ean b\u1eafn cung , cung b\u1eafn bi s\u1eaft , cung t\u00ean mini\" \/>\n<meta property=\"og:url\" content=\"https:\/\/cungtenhanoi.com\/?product=thuoc-ngam-sanlida-x10\" \/>\n<meta property=\"og:site_name\" content=\"Cung T\u00ean H\u00e0 N\u1ed9i\" \/>\n<meta property=\"article:modified_time\" content=\"2025-08-02T12:03:47+00:00\" \/>\n<meta property=\"og:image\" content=\"https:\/\/cungtenhanoi.com\/wp-content\/uploads\/2021\/06\/154468358_738747017028508_6947994272400753032_n.jpg\" \/>\n\t<meta property=\"og:image:width\" content=\"750\" \/>\n\t<meta property=\"og:image:height\" content=\"421\" \/>\n\t<meta property=\"og:image:type\" content=\"image\/jpeg\" \/>\n<meta name=\"twitter:card\" content=\"summary_large_image\" \/>\n<meta name=\"twitter:label1\" content=\"\u01af\u1edbc t\u00ednh th\u1eddi gian \u0111\u1ecdc\" \/>\n\t<meta name=\"twitter:data1\" content=\"2 ph\u00fat\" \/>\n<script type=\"application\/ld+json\" class=\"yoast-schema-graph\">{\"@context\":\"https:\/\/schema.org\",\"@graph\":[{\"@type\":\"WebPage\",\"@id\":\"https:\/\/cungtenhanoi.com\/?product=thuoc-ngam-sanlida-x10\",\"url\":\"https:\/\/cungtenhanoi.com\/?product=thuoc-ngam-sanlida-x10\",\"name\":\"Th\u01b0\u1edbc ng\u1eafm Sanlida X10 - Cung T\u00ean H\u00e0 N\u1ed9i\",\"isPartOf\":{\"@id\":\"https:\/\/cungtenhanoi.com\/#website\"},\"datePublished\":\"2021-06-08T15:25:22+00:00\",\"dateModified\":\"2025-08-02T12:03:47+00:00\",\"description\":\"mua cung t\u00ean th\u1ec3 thao, mua cung t\u00ean t\u1ea1i h\u00e0 n\u1ed9i, cung tr\u1ee3 l\u1ef1c, cung compound, cung t\u00ean ch\u00ednh h\u00e3ng, cung t\u00ean m\u1ea1nh,cung t\u00ean h\u00e0 n\u1ed9i, cung t\u00ean , mua cung t\u00ean S\u00e0i g\u00f2n , mua m\u0169i t\u00ean b\u1eafn cung , cung b\u1eafn bi s\u1eaft , cung t\u00ean mini\",\"breadcrumb\":{\"@id\":\"https:\/\/cungtenhanoi.com\/?product=thuoc-ngam-sanlida-x10#breadcrumb\"},\"inLanguage\":\"vi\",\"potentialAction\":[{\"@type\":\"ReadAction\",\"target\":[\"https:\/\/cungtenhanoi.com\/?product=thuoc-ngam-sanlida-x10\"]}]},{\"@type\":\"BreadcrumbList\",\"@id\":\"https:\/\/cungtenhanoi.com\/?product=thuoc-ngam-sanlida-x10#breadcrumb\",\"itemListElement\":[{\"@type\":\"ListItem\",\"position\":1,\"name\":\"Trang ch\u1ee7\",\"item\":\"https:\/\/cungtenhanoi.com\/\"},{\"@type\":\"ListItem\",\"position\":2,\"name\":\"Shop\",\"item\":\"https:\/\/cungtenhanoi.com\/?page_id=6\"},{\"@type\":\"ListItem\",\"position\":3,\"name\":\"Ph\u1ee5 ki\u1ec7n\",\"item\":\"https:\/\/cungtenhanoi.com\/danh-muc\/phu-kien\/\"},{\"@type\":\"ListItem\",\"position\":4,\"name\":\"Th\u01b0\u1edbc ng\u1eafm Sanlida X10\"}]},{\"@type\":\"WebSite\",\"@id\":\"https:\/\/cungtenhanoi.com\/#website\",\"url\":\"https:\/\/cungtenhanoi.com\/\",\"name\":\"Cung T\u00ean H\u00e0 N\u1ed9i\",\"description\":\"Cung c\u1ea5p c\u00e1c lo\u1ea1i cung t\u00ean th\u1ec3 thao s\u1ed1 1 Vi\u1ec7t Nam\",\"publisher\":{\"@id\":\"https:\/\/cungtenhanoi.com\/#organization\"},\"potentialAction\":[{\"@type\":\"SearchAction\",\"target\":{\"@type\":\"EntryPoint\",\"urlTemplate\":\"https:\/\/cungtenhanoi.com\/?s={search_term_string}\"},\"query-input\":\"required name=search_term_string\"}],\"inLanguage\":\"vi\"},{\"@type\":\"Organization\",\"@id\":\"https:\/\/cungtenhanoi.com\/#organization\",\"name\":\"Cung T\u00ean H\u00e0 N\u1ed9i\",\"url\":\"https:\/\/cungtenhanoi.com\/\",\"sameAs\":[],\"logo\":{\"@type\":\"ImageObject\",\"inLanguage\":\"vi\",\"@id\":\"https:\/\/cungtenhanoi.com\/#\/schema\/logo\/image\/\",\"url\":\"https:\/\/cungtenhanoi.com\/wp-content\/uploads\/2025\/05\/logo-den-trang.jpg\",\"contentUrl\":\"https:\/\/cungtenhanoi.com\/wp-content\/uploads\/2025\/05\/logo-den-trang.jpg\",\"width\":450,\"height\":450,\"caption\":\"Cung T\u00ean H\u00e0 N\u1ed9i\"},\"image\":{\"@id\":\"https:\/\/cungtenhanoi.com\/#\/schema\/logo\/image\/\"}}]}<\/script>\n<!-- \/ Yoast SEO plugin. -->","yoast_head_json":{"title":"Th\u01b0\u1edbc ng\u1eafm Sanlida X10 - Cung T\u00ean H\u00e0 N\u1ed9i","description":"mua cung t\u00ean th\u1ec3 thao, mua cung t\u00ean t\u1ea1i h\u00e0 n\u1ed9i, cung tr\u1ee3 l\u1ef1c, cung compound, cung t\u00ean ch\u00ednh h\u00e3ng, cung t\u00ean m\u1ea1nh,cung t\u00ean h\u00e0 n\u1ed9i, cung t\u00ean , mua cung t\u00ean S\u00e0i g\u00f2n , mua m\u0169i t\u00ean b\u1eafn cung , cung b\u1eafn bi s\u1eaft , cung t\u00ean mini","robots":{"index":"index","follow":"follow","max-snippet":"max-snippet:-1","max-image-preview":"max-image-preview:large","max-video-preview":"max-video-preview:-1"},"canonical":"https:\/\/cungtenhanoi.com\/?product=thuoc-ngam-sanlida-x10","og_locale":"vi_VN","og_type":"article","og_title":"Th\u01b0\u1edbc ng\u1eafm Sanlida X10 - Cung T\u00ean H\u00e0 N\u1ed9i","og_description":"mua cung t\u00ean th\u1ec3 thao, mua cung t\u00ean t\u1ea1i h\u00e0 n\u1ed9i, cung tr\u1ee3 l\u1ef1c, cung compound, cung t\u00ean ch\u00ednh h\u00e3ng, cung t\u00ean m\u1ea1nh,cung t\u00ean h\u00e0 n\u1ed9i, cung t\u00ean , mua cung t\u00ean S\u00e0i g\u00f2n , mua m\u0169i t\u00ean b\u1eafn cung , cung b\u1eafn bi s\u1eaft , cung t\u00ean mini","og_url":"https:\/\/cungtenhanoi.com\/?product=thuoc-ngam-sanlida-x10","og_site_name":"Cung T\u00ean H\u00e0 N\u1ed9i","article_modified_time":"2025-08-02T12:03:47+00:00","og_image":[{"width":750,"height":421,"url":"https:\/\/cungtenhanoi.com\/wp-content\/uploads\/2021\/06\/154468358_738747017028508_6947994272400753032_n.jpg","type":"image\/jpeg"}],"twitter_card":"summary_large_image","twitter_misc":{"\u01af\u1edbc t\u00ednh th\u1eddi gian \u0111\u1ecdc":"2 ph\u00fat"},"schema":{"@context":"https:\/\/schema.org","@graph":[{"@type":"WebPage","@id":"https:\/\/cungtenhanoi.com\/?product=thuoc-ngam-sanlida-x10","url":"https:\/\/cungtenhanoi.com\/?product=thuoc-ngam-sanlida-x10","name":"Th\u01b0\u1edbc ng\u1eafm Sanlida X10 - Cung T\u00ean H\u00e0 N\u1ed9i","isPartOf":{"@id":"https:\/\/cungtenhanoi.com\/#website"},"datePublished":"2021-06-08T15:25:22+00:00","dateModified":"2025-08-02T12:03:47+00:00","description":"mua cung t\u00ean th\u1ec3 thao, mua cung t\u00ean t\u1ea1i h\u00e0 n\u1ed9i, cung tr\u1ee3 l\u1ef1c, cung compound, cung t\u00ean ch\u00ednh h\u00e3ng, cung t\u00ean m\u1ea1nh,cung t\u00ean h\u00e0 n\u1ed9i, cung t\u00ean , mua cung t\u00ean S\u00e0i g\u00f2n , mua m\u0169i t\u00ean b\u1eafn cung , cung b\u1eafn bi s\u1eaft , cung t\u00ean mini","breadcrumb":{"@id":"https:\/\/cungtenhanoi.com\/?product=thuoc-ngam-sanlida-x10#breadcrumb"},"inLanguage":"vi","potentialAction":[{"@type":"ReadAction","target":["https:\/\/cungtenhanoi.com\/?product=thuoc-ngam-sanlida-x10"]}]},{"@type":"BreadcrumbList","@id":"https:\/\/cungtenhanoi.com\/?product=thuoc-ngam-sanlida-x10#breadcrumb","itemListElement":[{"@type":"ListItem","position":1,"name":"Trang ch\u1ee7","item":"https:\/\/cungtenhanoi.com\/"},{"@type":"ListItem","position":2,"name":"Shop","item":"https:\/\/cungtenhanoi.com\/?page_id=6"},{"@type":"ListItem","position":3,"name":"Ph\u1ee5 ki\u1ec7n","item":"https:\/\/cungtenhanoi.com\/danh-muc\/phu-kien\/"},{"@type":"ListItem","position":4,"name":"Th\u01b0\u1edbc ng\u1eafm Sanlida X10"}]},{"@type":"WebSite","@id":"https:\/\/cungtenhanoi.com\/#website","url":"https:\/\/cungtenhanoi.com\/","name":"Cung T\u00ean H\u00e0 N\u1ed9i","description":"Cung c\u1ea5p c\u00e1c lo\u1ea1i cung t\u00ean th\u1ec3 thao s\u1ed1 1 Vi\u1ec7t Nam","publisher":{"@id":"https:\/\/cungtenhanoi.com\/#organization"},"potentialAction":[{"@type":"SearchAction","target":{"@type":"EntryPoint","urlTemplate":"https:\/\/cungtenhanoi.com\/?s={search_term_string}"},"query-input":"required name=search_term_string"}],"inLanguage":"vi"},{"@type":"Organization","@id":"https:\/\/cungtenhanoi.com\/#organization","name":"Cung T\u00ean H\u00e0 N\u1ed9i","url":"https:\/\/cungtenhanoi.com\/","sameAs":[],"logo":{"@type":"ImageObject","inLanguage":"vi","@id":"https:\/\/cungtenhanoi.com\/#\/schema\/logo\/image\/","url":"https:\/\/cungtenhanoi.com\/wp-content\/uploads\/2025\/05\/logo-den-trang.jpg","contentUrl":"https:\/\/cungtenhanoi.com\/wp-content\/uploads\/2025\/05\/logo-den-trang.jpg","width":450,"height":450,"caption":"Cung T\u00ean H\u00e0 N\u1ed9i"},"image":{"@id":"https:\/\/cungtenhanoi.com\/#\/schema\/logo\/image\/"}}]}},"_links":{"self":[{"href":"https:\/\/cungtenhanoi.com\/index.php?rest_route=\/wp\/v2\/product\/1748"}],"collection":[{"href":"https:\/\/cungtenhanoi.com\/index.php?rest_route=\/wp\/v2\/product"}],"about":[{"href":"https:\/\/cungtenhanoi.com\/index.php?rest_route=\/wp\/v2\/types\/product"}],"replies":[{"embeddable":true,"href":"https:\/\/cungtenhanoi.com\/index.php?rest_route=%2Fwp%2Fv2%2Fcomments&post=1748"}],"wp:featuredmedia":[{"embeddable":true,"href":"https:\/\/cungtenhanoi.com\/index.php?rest_route=\/wp\/v2\/media\/1751"}],"wp:attachment":[{"href":"https:\/\/cungtenhanoi.com\/index.php?rest_route=%2Fwp%2Fv2%2Fmedia&parent=1748"}],"wp:term":[{"taxonomy":"product_cat","embeddable":true,"href":"https:\/\/cungtenhanoi.com\/index.php?rest_route=%2Fwp%2Fv2%2Fproduct_cat&post=1748"},{"taxonomy":"product_tag","embeddable":true,"href":"https:\/\/cungtenhanoi.com\/index.php?rest_route=%2Fwp%2Fv2%2Fproduct_tag&post=1748"}],"curies":[{"name":"wp","href":"https:\/\/api.w.org\/{rel}","templated":true}]}}