{"id":1780,"date":"2021-06-17T17:21:54","date_gmt":"2021-06-17T10:21:54","guid":{"rendered":"https:\/\/cungtenhanoi.com\/?post_type=product&#038;p=1780"},"modified":"2025-05-12T08:23:02","modified_gmt":"2025-05-12T01:23:02","slug":"mingbow-retro","status":"publish","type":"product","link":"https:\/\/cungtenhanoi.com\/?product=mingbow-retro","title":{"rendered":"Cung t\u00ean truy\u1ec1n th\u1ed1ng Mingbow Retro"},"content":{"rendered":"<p style=\"text-align: center;\">Chi\u1ec1u d\u00e0i 139cm<\/p>\n<p style=\"text-align: center;\">L\u1ef1c b\u1eafn 20-45 lbs c\u00f3 s\u1eb5n 30-35lbs<br \/>\nCh\u1ea5t li\u1ec7u composite<br \/>\nK\u00e9o t\u1ed1i \u0111a 32inh<\/p>\n<p><img loading=\"lazy\" class=\"aligncenter  wp-image-1893\" src=\"https:\/\/cungtenhanoi.com\/wp-content\/uploads\/2021\/06\/DDEB4FA5-6456-48B0-A82F-701E8CAC1FE3.jpeg\" alt=\"\" width=\"552\" height=\"970\" \/> <img loading=\"lazy\" class=\"aligncenter  wp-image-1894\" style=\"font-size: 14.4px;\" src=\"https:\/\/cungtenhanoi.com\/wp-content\/uploads\/2021\/06\/9CD81B83-BCA7-48A3-81AE-2699EF85357B.jpeg\" alt=\"\" width=\"551\" height=\"947\" \/><img loading=\"lazy\" class=\"aligncenter  wp-image-1895\" src=\"https:\/\/cungtenhanoi.com\/wp-content\/uploads\/2021\/06\/707B7CC3-11E2-441F-986A-1B4DAE26DCB5.jpeg\" alt=\"\" width=\"551\" height=\"1016\" \/> <img loading=\"lazy\" class=\"aligncenter  wp-image-1896\" src=\"https:\/\/cungtenhanoi.com\/wp-content\/uploads\/2021\/06\/791CD8FC-E7A1-4DB2-A71B-8F80E0436E1F.jpeg\" alt=\"\" width=\"549\" height=\"759\" \/><\/p>\n<p><img loading=\"lazy\" class=\"aligncenter size-full wp-image-1783\" src=\"https:\/\/cungtenhanoi.com\/wp-content\/uploads\/2021\/06\/O1CN01BPPUWA27Mf7zR9EgH_1045237783.jpg_400x400.jpg\" alt=\"\" width=\"400\" height=\"400\" srcset=\"https:\/\/cungtenhanoi.com\/wp-content\/uploads\/2021\/06\/O1CN01BPPUWA27Mf7zR9EgH_1045237783.jpg_400x400.jpg 400w, https:\/\/cungtenhanoi.com\/wp-content\/uploads\/2021\/06\/O1CN01BPPUWA27Mf7zR9EgH_1045237783.jpg_400x400-300x300.jpg 300w, https:\/\/cungtenhanoi.com\/wp-content\/uploads\/2021\/06\/O1CN01BPPUWA27Mf7zR9EgH_1045237783.jpg_400x400-100x100.jpg 100w, https:\/\/cungtenhanoi.com\/wp-content\/uploads\/2021\/06\/O1CN01BPPUWA27Mf7zR9EgH_1045237783.jpg_400x400-64x64.jpg 64w\" sizes=\"(max-width: 400px) 100vw, 400px\" \/><img loading=\"lazy\" class=\"aligncenter  wp-image-1781\" src=\"https:\/\/cungtenhanoi.com\/wp-content\/uploads\/2021\/06\/O1CN01aCjG4Z27Mf7ybFayQ_1045237783.jpg\" alt=\"\" width=\"589\" height=\"649\" srcset=\"https:\/\/cungtenhanoi.com\/wp-content\/uploads\/2021\/06\/O1CN01aCjG4Z27Mf7ybFayQ_1045237783.jpg 750w, https:\/\/cungtenhanoi.com\/wp-content\/uploads\/2021\/06\/O1CN01aCjG4Z27Mf7ybFayQ_1045237783-600x662.jpg 600w, https:\/\/cungtenhanoi.com\/wp-content\/uploads\/2021\/06\/O1CN01aCjG4Z27Mf7ybFayQ_1045237783-64x71.jpg 64w, https:\/\/cungtenhanoi.com\/wp-content\/uploads\/2021\/06\/O1CN01aCjG4Z27Mf7ybFayQ_1045237783-272x300.jpg 272w\" sizes=\"(max-width: 589px) 100vw, 589px\" \/><img loading=\"lazy\" class=\"aligncenter  wp-image-1782\" src=\"https:\/\/cungtenhanoi.com\/wp-content\/uploads\/2021\/06\/O1CN01aXRIQc27Mf7vfD5Wf_1045237783.jpg\" alt=\"\" width=\"589\" height=\"774\" srcset=\"https:\/\/cungtenhanoi.com\/wp-content\/uploads\/2021\/06\/O1CN01aXRIQc27Mf7vfD5Wf_1045237783.jpg 750w, https:\/\/cungtenhanoi.com\/wp-content\/uploads\/2021\/06\/O1CN01aXRIQc27Mf7vfD5Wf_1045237783-600x789.jpg 600w, https:\/\/cungtenhanoi.com\/wp-content\/uploads\/2021\/06\/O1CN01aXRIQc27Mf7vfD5Wf_1045237783-64x84.jpg 64w, https:\/\/cungtenhanoi.com\/wp-content\/uploads\/2021\/06\/O1CN01aXRIQc27Mf7vfD5Wf_1045237783-228x300.jpg 228w\" sizes=\"(max-width: 589px) 100vw, 589px\" \/><img loading=\"lazy\" class=\"aligncenter  wp-image-1785\" src=\"https:\/\/cungtenhanoi.com\/wp-content\/uploads\/2021\/06\/O1CN01vnzYBM27Mf826AXTL_1045237783.jpg\" alt=\"\" width=\"586\" height=\"630\" srcset=\"https:\/\/cungtenhanoi.com\/wp-content\/uploads\/2021\/06\/O1CN01vnzYBM27Mf826AXTL_1045237783.jpg 750w, https:\/\/cungtenhanoi.com\/wp-content\/uploads\/2021\/06\/O1CN01vnzYBM27Mf826AXTL_1045237783-600x645.jpg 600w, https:\/\/cungtenhanoi.com\/wp-content\/uploads\/2021\/06\/O1CN01vnzYBM27Mf826AXTL_1045237783-64x69.jpg 64w, https:\/\/cungtenhanoi.com\/wp-content\/uploads\/2021\/06\/O1CN01vnzYBM27Mf826AXTL_1045237783-279x300.jpg 279w\" sizes=\"(max-width: 586px) 100vw, 586px\" \/> <img loading=\"lazy\" class=\"aligncenter  wp-image-1786\" src=\"https:\/\/cungtenhanoi.com\/wp-content\/uploads\/2021\/06\/O1CN01y4mOhj27Mf8269rsp_1045237783.jpg\" alt=\"\" width=\"589\" height=\"785\" srcset=\"https:\/\/cungtenhanoi.com\/wp-content\/uploads\/2021\/06\/O1CN01y4mOhj27Mf8269rsp_1045237783.jpg 750w, https:\/\/cungtenhanoi.com\/wp-content\/uploads\/2021\/06\/O1CN01y4mOhj27Mf8269rsp_1045237783-600x800.jpg 600w, https:\/\/cungtenhanoi.com\/wp-content\/uploads\/2021\/06\/O1CN01y4mOhj27Mf8269rsp_1045237783-64x85.jpg 64w\" sizes=\"(max-width: 589px) 100vw, 589px\" \/> <img loading=\"lazy\" class=\"aligncenter  wp-image-1787\" src=\"https:\/\/cungtenhanoi.com\/wp-content\/uploads\/2021\/06\/O1CN011m2yCP27Mf7yiDYfQ_1045237783.jpg\" alt=\"\" width=\"586\" height=\"775\" srcset=\"https:\/\/cungtenhanoi.com\/wp-content\/uploads\/2021\/06\/O1CN011m2yCP27Mf7yiDYfQ_1045237783.jpg 741w, https:\/\/cungtenhanoi.com\/wp-content\/uploads\/2021\/06\/O1CN011m2yCP27Mf7yiDYfQ_1045237783-600x794.jpg 600w, https:\/\/cungtenhanoi.com\/wp-content\/uploads\/2021\/06\/O1CN011m2yCP27Mf7yiDYfQ_1045237783-64x85.jpg 64w, https:\/\/cungtenhanoi.com\/wp-content\/uploads\/2021\/06\/O1CN011m2yCP27Mf7yiDYfQ_1045237783-227x300.jpg 227w\" sizes=\"(max-width: 586px) 100vw, 586px\" \/><\/p>\n","protected":false},"excerpt":{"rendered":"<p>Cung + 5 t\u00ean + nh\u1eabn da + tab + guarm + bia m\u1ee5c ti\u00eau + rest da + free ship<\/p>\n","protected":false},"featured_media":1783,"comment_status":"open","ping_status":"closed","template":"","meta":[],"product_cat":[17],"product_tag":[198,86,267,257,264,315,408,409],"acf":[],"yoast_head":"<!-- This site is optimized with the Yoast SEO plugin v19.8 - https:\/\/yoast.com\/wordpress\/plugins\/seo\/ -->\n<title>Cung t\u00ean truy\u1ec1n th\u1ed1ng Mingbow Retro - Cung T\u00ean H\u00e0 N\u1ed9i<\/title>\n<meta name=\"description\" content=\"Mua cung t\u00ean th\u1ec3 thao, Mua cung t\u00ean t\u1ea1i h\u00e0 n\u1ed9i, Cung tr\u1ee3 l\u1ef1c, Cung compound, Cung t\u00ean ch\u00ednh h\u00e3ng, , Cung t\u00ean h\u00e0 n\u1ed9i, Cung t\u00ean , Mua cung t\u00ean S\u00e0i g\u00f2n , Mua m\u0169i t\u00ean b\u1eafn cung , Cung b\u1eafn bi s\u1eaft , cung t\u00ean mini, Cung truy\u1ec1n th\u1ed1ng, Cung c\u1ed5 \u0111i\u1ec3n, Cung trang tr\u00ed, Cung tr\u01b0ng b\u00e0y, cung t\u00ean m\u1ea1nh, mua ph\u1ee5 ki\u1ec7n b\u1eafn cung, m\u0169i t\u00ean, m\u0169i t\u00ean cacbon, eston x10, ch\u1ed1ng rung, th\u0103ng b\u1eb1ng, stabilizer, cung t\u00ean c\u1ed5 \u0111i\u1ec3n, classic, traditional bow, mingbow\" \/>\n<meta name=\"robots\" content=\"index, follow, max-snippet:-1, max-image-preview:large, max-video-preview:-1\" \/>\n<link rel=\"canonical\" href=\"https:\/\/cungtenhanoi.com\/?product=mingbow-retro\" \/>\n<meta property=\"og:locale\" content=\"vi_VN\" \/>\n<meta property=\"og:type\" content=\"article\" \/>\n<meta property=\"og:title\" content=\"Mua cung t\u00ean truy\u1ec1n th\u1ed1ng\" \/>\n<meta property=\"og:description\" content=\"Cung t\u00ean H\u00e0 N\u1ed9i 0911 682 663\" \/>\n<meta property=\"og:url\" content=\"https:\/\/cungtenhanoi.com\/?product=mingbow-retro\" \/>\n<meta property=\"og:site_name\" content=\"Cung T\u00ean H\u00e0 N\u1ed9i\" \/>\n<meta property=\"article:modified_time\" content=\"2025-05-12T01:23:02+00:00\" \/>\n<meta property=\"og:image\" content=\"https:\/\/cungtenhanoi.com\/wp-content\/uploads\/2021\/07\/O1CN01Q554PK20Mw4XhSDhY_2201506636836-1.jpg\" \/>\n\t<meta property=\"og:image:width\" content=\"750\" \/>\n\t<meta property=\"og:image:height\" content=\"519\" \/>\n\t<meta property=\"og:image:type\" content=\"image\/jpeg\" \/>\n<meta name=\"twitter:card\" content=\"summary_large_image\" \/>\n<meta name=\"twitter:label1\" content=\"\u01af\u1edbc t\u00ednh th\u1eddi gian \u0111\u1ecdc\" \/>\n\t<meta name=\"twitter:data1\" content=\"3 ph\u00fat\" \/>\n<script type=\"application\/ld+json\" class=\"yoast-schema-graph\">{\"@context\":\"https:\/\/schema.org\",\"@graph\":[{\"@type\":\"WebPage\",\"@id\":\"https:\/\/cungtenhanoi.com\/?product=mingbow-retro\",\"url\":\"https:\/\/cungtenhanoi.com\/?product=mingbow-retro\",\"name\":\"Cung t\u00ean truy\u1ec1n th\u1ed1ng Mingbow Retro - Cung T\u00ean H\u00e0 N\u1ed9i\",\"isPartOf\":{\"@id\":\"https:\/\/cungtenhanoi.com\/#website\"},\"datePublished\":\"2021-06-17T10:21:54+00:00\",\"dateModified\":\"2025-05-12T01:23:02+00:00\",\"description\":\"Mua cung t\u00ean th\u1ec3 thao, Mua cung t\u00ean t\u1ea1i h\u00e0 n\u1ed9i, Cung tr\u1ee3 l\u1ef1c, Cung compound, Cung t\u00ean ch\u00ednh h\u00e3ng, , Cung t\u00ean h\u00e0 n\u1ed9i, Cung t\u00ean , Mua cung t\u00ean S\u00e0i g\u00f2n , Mua m\u0169i t\u00ean b\u1eafn cung , Cung b\u1eafn bi s\u1eaft , cung t\u00ean mini, Cung truy\u1ec1n th\u1ed1ng, Cung c\u1ed5 \u0111i\u1ec3n, Cung trang tr\u00ed, Cung tr\u01b0ng b\u00e0y, cung t\u00ean m\u1ea1nh, mua ph\u1ee5 ki\u1ec7n b\u1eafn cung, m\u0169i t\u00ean, m\u0169i t\u00ean cacbon, eston x10, ch\u1ed1ng rung, th\u0103ng b\u1eb1ng, stabilizer, cung t\u00ean c\u1ed5 \u0111i\u1ec3n, classic, traditional bow, mingbow\",\"breadcrumb\":{\"@id\":\"https:\/\/cungtenhanoi.com\/?product=mingbow-retro#breadcrumb\"},\"inLanguage\":\"vi\",\"potentialAction\":[{\"@type\":\"ReadAction\",\"target\":[\"https:\/\/cungtenhanoi.com\/?product=mingbow-retro\"]}]},{\"@type\":\"BreadcrumbList\",\"@id\":\"https:\/\/cungtenhanoi.com\/?product=mingbow-retro#breadcrumb\",\"itemListElement\":[{\"@type\":\"ListItem\",\"position\":1,\"name\":\"Trang ch\u1ee7\",\"item\":\"https:\/\/cungtenhanoi.com\/\"},{\"@type\":\"ListItem\",\"position\":2,\"name\":\"Shop\",\"item\":\"https:\/\/cungtenhanoi.com\/?page_id=6\"},{\"@type\":\"ListItem\",\"position\":3,\"name\":\"Cung\",\"item\":\"https:\/\/cungtenhanoi.com\/danh-muc\/cung\/\"},{\"@type\":\"ListItem\",\"position\":4,\"name\":\"Cung t\u00ean truy\u1ec1n th\u1ed1ng Mingbow Retro\"}]},{\"@type\":\"WebSite\",\"@id\":\"https:\/\/cungtenhanoi.com\/#website\",\"url\":\"https:\/\/cungtenhanoi.com\/\",\"name\":\"Cung T\u00ean H\u00e0 N\u1ed9i\",\"description\":\"Cung c\u1ea5p c\u00e1c lo\u1ea1i cung t\u00ean th\u1ec3 thao s\u1ed1 1 Vi\u1ec7t Nam\",\"publisher\":{\"@id\":\"https:\/\/cungtenhanoi.com\/#organization\"},\"potentialAction\":[{\"@type\":\"SearchAction\",\"target\":{\"@type\":\"EntryPoint\",\"urlTemplate\":\"https:\/\/cungtenhanoi.com\/?s={search_term_string}\"},\"query-input\":\"required name=search_term_string\"}],\"inLanguage\":\"vi\"},{\"@type\":\"Organization\",\"@id\":\"https:\/\/cungtenhanoi.com\/#organization\",\"name\":\"Cung T\u00ean H\u00e0 N\u1ed9i\",\"url\":\"https:\/\/cungtenhanoi.com\/\",\"sameAs\":[],\"logo\":{\"@type\":\"ImageObject\",\"inLanguage\":\"vi\",\"@id\":\"https:\/\/cungtenhanoi.com\/#\/schema\/logo\/image\/\",\"url\":\"https:\/\/cungtenhanoi.com\/wp-content\/uploads\/2025\/05\/logo-den-trang.jpg\",\"contentUrl\":\"https:\/\/cungtenhanoi.com\/wp-content\/uploads\/2025\/05\/logo-den-trang.jpg\",\"width\":450,\"height\":450,\"caption\":\"Cung T\u00ean H\u00e0 N\u1ed9i\"},\"image\":{\"@id\":\"https:\/\/cungtenhanoi.com\/#\/schema\/logo\/image\/\"}}]}<\/script>\n<!-- \/ Yoast SEO plugin. -->","yoast_head_json":{"title":"Cung t\u00ean truy\u1ec1n th\u1ed1ng Mingbow Retro - Cung T\u00ean H\u00e0 N\u1ed9i","description":"Mua cung t\u00ean th\u1ec3 thao, Mua cung t\u00ean t\u1ea1i h\u00e0 n\u1ed9i, Cung tr\u1ee3 l\u1ef1c, Cung compound, Cung t\u00ean ch\u00ednh h\u00e3ng, , Cung t\u00ean h\u00e0 n\u1ed9i, Cung t\u00ean , Mua cung t\u00ean S\u00e0i g\u00f2n , Mua m\u0169i t\u00ean b\u1eafn cung , Cung b\u1eafn bi s\u1eaft , cung t\u00ean mini, Cung truy\u1ec1n th\u1ed1ng, Cung c\u1ed5 \u0111i\u1ec3n, Cung trang tr\u00ed, Cung tr\u01b0ng b\u00e0y, cung t\u00ean m\u1ea1nh, mua ph\u1ee5 ki\u1ec7n b\u1eafn cung, m\u0169i t\u00ean, m\u0169i t\u00ean cacbon, eston x10, ch\u1ed1ng rung, th\u0103ng b\u1eb1ng, stabilizer, cung t\u00ean c\u1ed5 \u0111i\u1ec3n, classic, traditional bow, mingbow","robots":{"index":"index","follow":"follow","max-snippet":"max-snippet:-1","max-image-preview":"max-image-preview:large","max-video-preview":"max-video-preview:-1"},"canonical":"https:\/\/cungtenhanoi.com\/?product=mingbow-retro","og_locale":"vi_VN","og_type":"article","og_title":"Mua cung t\u00ean truy\u1ec1n th\u1ed1ng","og_description":"Cung t\u00ean H\u00e0 N\u1ed9i 0911 682 663","og_url":"https:\/\/cungtenhanoi.com\/?product=mingbow-retro","og_site_name":"Cung T\u00ean H\u00e0 N\u1ed9i","article_modified_time":"2025-05-12T01:23:02+00:00","og_image":[{"width":750,"height":519,"url":"https:\/\/cungtenhanoi.com\/wp-content\/uploads\/2021\/07\/O1CN01Q554PK20Mw4XhSDhY_2201506636836-1.jpg","type":"image\/jpeg"}],"twitter_card":"summary_large_image","twitter_misc":{"\u01af\u1edbc t\u00ednh th\u1eddi gian \u0111\u1ecdc":"3 ph\u00fat"},"schema":{"@context":"https:\/\/schema.org","@graph":[{"@type":"WebPage","@id":"https:\/\/cungtenhanoi.com\/?product=mingbow-retro","url":"https:\/\/cungtenhanoi.com\/?product=mingbow-retro","name":"Cung t\u00ean truy\u1ec1n th\u1ed1ng Mingbow Retro - Cung T\u00ean H\u00e0 N\u1ed9i","isPartOf":{"@id":"https:\/\/cungtenhanoi.com\/#website"},"datePublished":"2021-06-17T10:21:54+00:00","dateModified":"2025-05-12T01:23:02+00:00","description":"Mua cung t\u00ean th\u1ec3 thao, Mua cung t\u00ean t\u1ea1i h\u00e0 n\u1ed9i, Cung tr\u1ee3 l\u1ef1c, Cung compound, Cung t\u00ean ch\u00ednh h\u00e3ng, , Cung t\u00ean h\u00e0 n\u1ed9i, Cung t\u00ean , Mua cung t\u00ean S\u00e0i g\u00f2n , Mua m\u0169i t\u00ean b\u1eafn cung , Cung b\u1eafn bi s\u1eaft , cung t\u00ean mini, Cung truy\u1ec1n th\u1ed1ng, Cung c\u1ed5 \u0111i\u1ec3n, Cung trang tr\u00ed, Cung tr\u01b0ng b\u00e0y, cung t\u00ean m\u1ea1nh, mua ph\u1ee5 ki\u1ec7n b\u1eafn cung, m\u0169i t\u00ean, m\u0169i t\u00ean cacbon, eston x10, ch\u1ed1ng rung, th\u0103ng b\u1eb1ng, stabilizer, cung t\u00ean c\u1ed5 \u0111i\u1ec3n, classic, traditional bow, mingbow","breadcrumb":{"@id":"https:\/\/cungtenhanoi.com\/?product=mingbow-retro#breadcrumb"},"inLanguage":"vi","potentialAction":[{"@type":"ReadAction","target":["https:\/\/cungtenhanoi.com\/?product=mingbow-retro"]}]},{"@type":"BreadcrumbList","@id":"https:\/\/cungtenhanoi.com\/?product=mingbow-retro#breadcrumb","itemListElement":[{"@type":"ListItem","position":1,"name":"Trang ch\u1ee7","item":"https:\/\/cungtenhanoi.com\/"},{"@type":"ListItem","position":2,"name":"Shop","item":"https:\/\/cungtenhanoi.com\/?page_id=6"},{"@type":"ListItem","position":3,"name":"Cung","item":"https:\/\/cungtenhanoi.com\/danh-muc\/cung\/"},{"@type":"ListItem","position":4,"name":"Cung t\u00ean truy\u1ec1n th\u1ed1ng Mingbow Retro"}]},{"@type":"WebSite","@id":"https:\/\/cungtenhanoi.com\/#website","url":"https:\/\/cungtenhanoi.com\/","name":"Cung T\u00ean H\u00e0 N\u1ed9i","description":"Cung c\u1ea5p c\u00e1c lo\u1ea1i cung t\u00ean th\u1ec3 thao s\u1ed1 1 Vi\u1ec7t Nam","publisher":{"@id":"https:\/\/cungtenhanoi.com\/#organization"},"potentialAction":[{"@type":"SearchAction","target":{"@type":"EntryPoint","urlTemplate":"https:\/\/cungtenhanoi.com\/?s={search_term_string}"},"query-input":"required name=search_term_string"}],"inLanguage":"vi"},{"@type":"Organization","@id":"https:\/\/cungtenhanoi.com\/#organization","name":"Cung T\u00ean H\u00e0 N\u1ed9i","url":"https:\/\/cungtenhanoi.com\/","sameAs":[],"logo":{"@type":"ImageObject","inLanguage":"vi","@id":"https:\/\/cungtenhanoi.com\/#\/schema\/logo\/image\/","url":"https:\/\/cungtenhanoi.com\/wp-content\/uploads\/2025\/05\/logo-den-trang.jpg","contentUrl":"https:\/\/cungtenhanoi.com\/wp-content\/uploads\/2025\/05\/logo-den-trang.jpg","width":450,"height":450,"caption":"Cung T\u00ean H\u00e0 N\u1ed9i"},"image":{"@id":"https:\/\/cungtenhanoi.com\/#\/schema\/logo\/image\/"}}]}},"_links":{"self":[{"href":"https:\/\/cungtenhanoi.com\/index.php?rest_route=\/wp\/v2\/product\/1780"}],"collection":[{"href":"https:\/\/cungtenhanoi.com\/index.php?rest_route=\/wp\/v2\/product"}],"about":[{"href":"https:\/\/cungtenhanoi.com\/index.php?rest_route=\/wp\/v2\/types\/product"}],"replies":[{"embeddable":true,"href":"https:\/\/cungtenhanoi.com\/index.php?rest_route=%2Fwp%2Fv2%2Fcomments&post=1780"}],"wp:featuredmedia":[{"embeddable":true,"href":"https:\/\/cungtenhanoi.com\/index.php?rest_route=\/wp\/v2\/media\/1783"}],"wp:attachment":[{"href":"https:\/\/cungtenhanoi.com\/index.php?rest_route=%2Fwp%2Fv2%2Fmedia&parent=1780"}],"wp:term":[{"taxonomy":"product_cat","embeddable":true,"href":"https:\/\/cungtenhanoi.com\/index.php?rest_route=%2Fwp%2Fv2%2Fproduct_cat&post=1780"},{"taxonomy":"product_tag","embeddable":true,"href":"https:\/\/cungtenhanoi.com\/index.php?rest_route=%2Fwp%2Fv2%2Fproduct_tag&post=1780"}],"curies":[{"name":"wp","href":"https:\/\/api.w.org\/{rel}","templated":true}]}}