{"id":2282,"date":"2022-04-02T20:59:02","date_gmt":"2022-04-02T13:59:02","guid":{"rendered":"https:\/\/cungtenhanoi.com\/?post_type=product&#038;p=2282"},"modified":"2026-04-29T02:12:31","modified_gmt":"2026-04-28T19:12:31","slug":"mui-ten-funious-final-vans-xoan","status":"publish","type":"product","link":"https:\/\/cungtenhanoi.com\/?product=mui-ten-funious-final-vans-xoan","title":{"rendered":"M\u0169i t\u00ean Funious Final vans xo\u1eafn"},"content":{"rendered":"<p style=\"text-align: center;\">Spiner\/500-600-700-800-900-1000<\/p>\n<p style=\"text-align: center;\">Size: 4.2mm<\/p>\n<p style=\"text-align: center;\">Chi\u1ec1u d\u00e0i thanh cacbon: 30inh<\/p>\n<p style=\"text-align: center;\">Vans xo\u1eafn: 1.8inh<\/p>\n<p><img loading=\"lazy\" class=\"aligncenter  wp-image-2283\" src=\"https:\/\/cungtenhanoi.com\/wp-content\/uploads\/2022\/04\/3116F377-AE7A-470D-8D6F-C43DF894B379.jpeg\" alt=\"\" width=\"664\" height=\"664\" srcset=\"https:\/\/cungtenhanoi.com\/wp-content\/uploads\/2022\/04\/3116F377-AE7A-470D-8D6F-C43DF894B379.jpeg 1067w, https:\/\/cungtenhanoi.com\/wp-content\/uploads\/2022\/04\/3116F377-AE7A-470D-8D6F-C43DF894B379-300x300.jpeg 300w, https:\/\/cungtenhanoi.com\/wp-content\/uploads\/2022\/04\/3116F377-AE7A-470D-8D6F-C43DF894B379-100x100.jpeg 100w, https:\/\/cungtenhanoi.com\/wp-content\/uploads\/2022\/04\/3116F377-AE7A-470D-8D6F-C43DF894B379-600x600.jpeg 600w, https:\/\/cungtenhanoi.com\/wp-content\/uploads\/2022\/04\/3116F377-AE7A-470D-8D6F-C43DF894B379-64x64.jpeg 64w\" sizes=\"(max-width: 664px) 100vw, 664px\" \/> <img loading=\"lazy\" class=\"aligncenter  wp-image-2284\" src=\"https:\/\/cungtenhanoi.com\/wp-content\/uploads\/2022\/04\/82F9323A-6739-44F4-B1BF-A805B24F7EE1.jpeg\" alt=\"\" width=\"663\" height=\"663\" srcset=\"https:\/\/cungtenhanoi.com\/wp-content\/uploads\/2022\/04\/82F9323A-6739-44F4-B1BF-A805B24F7EE1.jpeg 800w, https:\/\/cungtenhanoi.com\/wp-content\/uploads\/2022\/04\/82F9323A-6739-44F4-B1BF-A805B24F7EE1-300x300.jpeg 300w, https:\/\/cungtenhanoi.com\/wp-content\/uploads\/2022\/04\/82F9323A-6739-44F4-B1BF-A805B24F7EE1-100x100.jpeg 100w, https:\/\/cungtenhanoi.com\/wp-content\/uploads\/2022\/04\/82F9323A-6739-44F4-B1BF-A805B24F7EE1-600x600.jpeg 600w, https:\/\/cungtenhanoi.com\/wp-content\/uploads\/2022\/04\/82F9323A-6739-44F4-B1BF-A805B24F7EE1-64x64.jpeg 64w\" sizes=\"(max-width: 663px) 100vw, 663px\" \/> <img loading=\"lazy\" class=\"aligncenter  wp-image-2285\" src=\"https:\/\/cungtenhanoi.com\/wp-content\/uploads\/2022\/04\/1B854D88-813D-499C-94D3-4AA80438B20A.jpeg\" alt=\"\" width=\"666\" height=\"666\" srcset=\"https:\/\/cungtenhanoi.com\/wp-content\/uploads\/2022\/04\/1B854D88-813D-499C-94D3-4AA80438B20A.jpeg 800w, https:\/\/cungtenhanoi.com\/wp-content\/uploads\/2022\/04\/1B854D88-813D-499C-94D3-4AA80438B20A-300x300.jpeg 300w, https:\/\/cungtenhanoi.com\/wp-content\/uploads\/2022\/04\/1B854D88-813D-499C-94D3-4AA80438B20A-100x100.jpeg 100w, https:\/\/cungtenhanoi.com\/wp-content\/uploads\/2022\/04\/1B854D88-813D-499C-94D3-4AA80438B20A-600x600.jpeg 600w, https:\/\/cungtenhanoi.com\/wp-content\/uploads\/2022\/04\/1B854D88-813D-499C-94D3-4AA80438B20A-64x64.jpeg 64w, https:\/\/cungtenhanoi.com\/wp-content\/uploads\/2022\/04\/1B854D88-813D-499C-94D3-4AA80438B20A-150x150.jpeg 150w, https:\/\/cungtenhanoi.com\/wp-content\/uploads\/2022\/04\/1B854D88-813D-499C-94D3-4AA80438B20A-768x768.jpeg 768w, https:\/\/cungtenhanoi.com\/wp-content\/uploads\/2022\/04\/1B854D88-813D-499C-94D3-4AA80438B20A-180x180.jpeg 180w, https:\/\/cungtenhanoi.com\/wp-content\/uploads\/2022\/04\/1B854D88-813D-499C-94D3-4AA80438B20A-45x45.jpeg 45w\" sizes=\"(max-width: 666px) 100vw, 666px\" \/> <img loading=\"lazy\" class=\"aligncenter  wp-image-2286\" src=\"https:\/\/cungtenhanoi.com\/wp-content\/uploads\/2022\/04\/65381AD8-D731-4D3D-B4A2-D1F67F188D38.jpeg\" alt=\"\" width=\"667\" height=\"667\" srcset=\"https:\/\/cungtenhanoi.com\/wp-content\/uploads\/2022\/04\/65381AD8-D731-4D3D-B4A2-D1F67F188D38.jpeg 800w, https:\/\/cungtenhanoi.com\/wp-content\/uploads\/2022\/04\/65381AD8-D731-4D3D-B4A2-D1F67F188D38-300x300.jpeg 300w, https:\/\/cungtenhanoi.com\/wp-content\/uploads\/2022\/04\/65381AD8-D731-4D3D-B4A2-D1F67F188D38-100x100.jpeg 100w, https:\/\/cungtenhanoi.com\/wp-content\/uploads\/2022\/04\/65381AD8-D731-4D3D-B4A2-D1F67F188D38-600x600.jpeg 600w, https:\/\/cungtenhanoi.com\/wp-content\/uploads\/2022\/04\/65381AD8-D731-4D3D-B4A2-D1F67F188D38-64x64.jpeg 64w, https:\/\/cungtenhanoi.com\/wp-content\/uploads\/2022\/04\/65381AD8-D731-4D3D-B4A2-D1F67F188D38-150x150.jpeg 150w, https:\/\/cungtenhanoi.com\/wp-content\/uploads\/2022\/04\/65381AD8-D731-4D3D-B4A2-D1F67F188D38-768x768.jpeg 768w, https:\/\/cungtenhanoi.com\/wp-content\/uploads\/2022\/04\/65381AD8-D731-4D3D-B4A2-D1F67F188D38-180x180.jpeg 180w, https:\/\/cungtenhanoi.com\/wp-content\/uploads\/2022\/04\/65381AD8-D731-4D3D-B4A2-D1F67F188D38-45x45.jpeg 45w\" sizes=\"(max-width: 667px) 100vw, 667px\" \/> <img loading=\"lazy\" class=\"aligncenter  wp-image-2287\" src=\"https:\/\/cungtenhanoi.com\/wp-content\/uploads\/2022\/04\/58B37D61-92BD-4437-8E43-884C66E400C4.jpeg\" alt=\"\" width=\"668\" height=\"668\" srcset=\"https:\/\/cungtenhanoi.com\/wp-content\/uploads\/2022\/04\/58B37D61-92BD-4437-8E43-884C66E400C4.jpeg 800w, https:\/\/cungtenhanoi.com\/wp-content\/uploads\/2022\/04\/58B37D61-92BD-4437-8E43-884C66E400C4-300x300.jpeg 300w, https:\/\/cungtenhanoi.com\/wp-content\/uploads\/2022\/04\/58B37D61-92BD-4437-8E43-884C66E400C4-100x100.jpeg 100w, https:\/\/cungtenhanoi.com\/wp-content\/uploads\/2022\/04\/58B37D61-92BD-4437-8E43-884C66E400C4-600x600.jpeg 600w, https:\/\/cungtenhanoi.com\/wp-content\/uploads\/2022\/04\/58B37D61-92BD-4437-8E43-884C66E400C4-64x64.jpeg 64w, https:\/\/cungtenhanoi.com\/wp-content\/uploads\/2022\/04\/58B37D61-92BD-4437-8E43-884C66E400C4-150x150.jpeg 150w, https:\/\/cungtenhanoi.com\/wp-content\/uploads\/2022\/04\/58B37D61-92BD-4437-8E43-884C66E400C4-768x768.jpeg 768w, https:\/\/cungtenhanoi.com\/wp-content\/uploads\/2022\/04\/58B37D61-92BD-4437-8E43-884C66E400C4-180x180.jpeg 180w, https:\/\/cungtenhanoi.com\/wp-content\/uploads\/2022\/04\/58B37D61-92BD-4437-8E43-884C66E400C4-45x45.jpeg 45w\" sizes=\"(max-width: 668px) 100vw, 668px\" \/> <img loading=\"lazy\" class=\"aligncenter  wp-image-2288\" src=\"https:\/\/cungtenhanoi.com\/wp-content\/uploads\/2022\/04\/4AB86674-A1E9-4F47-BAD4-57C76BC0C447.jpeg\" alt=\"\" width=\"612\" height=\"612\" srcset=\"https:\/\/cungtenhanoi.com\/wp-content\/uploads\/2022\/04\/4AB86674-A1E9-4F47-BAD4-57C76BC0C447.jpeg 800w, https:\/\/cungtenhanoi.com\/wp-content\/uploads\/2022\/04\/4AB86674-A1E9-4F47-BAD4-57C76BC0C447-300x300.jpeg 300w, https:\/\/cungtenhanoi.com\/wp-content\/uploads\/2022\/04\/4AB86674-A1E9-4F47-BAD4-57C76BC0C447-100x100.jpeg 100w, https:\/\/cungtenhanoi.com\/wp-content\/uploads\/2022\/04\/4AB86674-A1E9-4F47-BAD4-57C76BC0C447-600x600.jpeg 600w, https:\/\/cungtenhanoi.com\/wp-content\/uploads\/2022\/04\/4AB86674-A1E9-4F47-BAD4-57C76BC0C447-64x64.jpeg 64w, https:\/\/cungtenhanoi.com\/wp-content\/uploads\/2022\/04\/4AB86674-A1E9-4F47-BAD4-57C76BC0C447-150x150.jpeg 150w, https:\/\/cungtenhanoi.com\/wp-content\/uploads\/2022\/04\/4AB86674-A1E9-4F47-BAD4-57C76BC0C447-768x768.jpeg 768w, https:\/\/cungtenhanoi.com\/wp-content\/uploads\/2022\/04\/4AB86674-A1E9-4F47-BAD4-57C76BC0C447-180x180.jpeg 180w, https:\/\/cungtenhanoi.com\/wp-content\/uploads\/2022\/04\/4AB86674-A1E9-4F47-BAD4-57C76BC0C447-45x45.jpeg 45w\" sizes=\"(max-width: 612px) 100vw, 612px\" \/><\/p>\n","protected":false},"excerpt":{"rendered":"<p>Set 6 t\u00ean<\/p>\n","protected":false},"featured_media":2283,"comment_status":"open","ping_status":"closed","template":"","meta":[],"product_cat":[24],"product_tag":[58,257,504,59,505],"acf":[],"yoast_head":"<!-- This site is optimized with the Yoast SEO plugin v19.8 - https:\/\/yoast.com\/wordpress\/plugins\/seo\/ -->\n<title>M\u0169i t\u00ean Funious Final vans xo\u1eafn - Cung T\u00ean H\u00e0 N\u1ed9i<\/title>\n<meta name=\"description\" content=\"Mua cung t\u00ean th\u1ec3 thao, Mua cung t\u00ean t\u1ea1i h\u00e0 n\u1ed9i, Cung tr\u1ee3 l\u1ef1c, Cung compound, Cung t\u00ean ch\u00ednh h\u00e3ng, , Cung t\u00ean h\u00e0 n\u1ed9i, Cung t\u00ean , Mua cung t\u00ean S\u00e0i g\u00f2n , Mua m\u0169i t\u00ean b\u1eafn cung , Cung b\u1eafn bi s\u1eaft , cung t\u00ean mini, Cung truy\u1ec1n th\u1ed1ng, Cung c\u1ed5 \u0111i\u1ec3n, Cung trang tr\u00ed, Cung tr\u01b0ng b\u00e0y, cung t\u00ean m\u1ea1nh, mua ph\u1ee5 ki\u1ec7n b\u1eafn cung, m\u0169i t\u00ean cacbon , m\u0169i t\u00ean tre, m\u0169i t\u00ean b\u1eafn cung, m\u0169i t\u00ean\" \/>\n<meta name=\"robots\" content=\"index, follow, max-snippet:-1, max-image-preview:large, max-video-preview:-1\" \/>\n<link rel=\"canonical\" href=\"https:\/\/cungtenhanoi.com\/?product=mui-ten-funious-final-vans-xoan\" \/>\n<meta property=\"og:locale\" content=\"vi_VN\" \/>\n<meta property=\"og:type\" content=\"article\" \/>\n<meta property=\"og:title\" content=\"M\u0169i t\u00ean Funious Final vans xo\u1eafn - Cung T\u00ean H\u00e0 N\u1ed9i\" \/>\n<meta property=\"og:description\" content=\"Mua cung t\u00ean th\u1ec3 thao, Mua cung t\u00ean t\u1ea1i h\u00e0 n\u1ed9i, Cung tr\u1ee3 l\u1ef1c, Cung compound, Cung t\u00ean ch\u00ednh h\u00e3ng, , Cung t\u00ean h\u00e0 n\u1ed9i, Cung t\u00ean , Mua cung t\u00ean S\u00e0i g\u00f2n , Mua m\u0169i t\u00ean b\u1eafn cung , Cung b\u1eafn bi s\u1eaft , cung t\u00ean mini, Cung truy\u1ec1n th\u1ed1ng, Cung c\u1ed5 \u0111i\u1ec3n, Cung trang tr\u00ed, Cung tr\u01b0ng b\u00e0y, cung t\u00ean m\u1ea1nh, mua ph\u1ee5 ki\u1ec7n b\u1eafn cung, m\u0169i t\u00ean cacbon , m\u0169i t\u00ean tre, m\u0169i t\u00ean b\u1eafn cung, m\u0169i t\u00ean\" \/>\n<meta property=\"og:url\" content=\"https:\/\/cungtenhanoi.com\/?product=mui-ten-funious-final-vans-xoan\" \/>\n<meta property=\"og:site_name\" content=\"Cung T\u00ean H\u00e0 N\u1ed9i\" \/>\n<meta property=\"article:modified_time\" content=\"2026-04-28T19:12:31+00:00\" \/>\n<meta property=\"og:image\" content=\"https:\/\/cungtenhanoi.com\/wp-content\/uploads\/2022\/04\/3116F377-AE7A-470D-8D6F-C43DF894B379.jpeg\" \/>\n\t<meta property=\"og:image:width\" content=\"1067\" \/>\n\t<meta property=\"og:image:height\" content=\"1067\" \/>\n\t<meta property=\"og:image:type\" content=\"image\/jpeg\" \/>\n<meta name=\"twitter:card\" content=\"summary_large_image\" \/>\n<meta name=\"twitter:label1\" content=\"\u01af\u1edbc t\u00ednh th\u1eddi gian \u0111\u1ecdc\" \/>\n\t<meta name=\"twitter:data1\" content=\"2 ph\u00fat\" \/>\n<script type=\"application\/ld+json\" class=\"yoast-schema-graph\">{\"@context\":\"https:\/\/schema.org\",\"@graph\":[{\"@type\":\"WebPage\",\"@id\":\"https:\/\/cungtenhanoi.com\/?product=mui-ten-funious-final-vans-xoan\",\"url\":\"https:\/\/cungtenhanoi.com\/?product=mui-ten-funious-final-vans-xoan\",\"name\":\"M\u0169i t\u00ean Funious Final vans xo\u1eafn - Cung T\u00ean H\u00e0 N\u1ed9i\",\"isPartOf\":{\"@id\":\"https:\/\/cungtenhanoi.com\/#website\"},\"datePublished\":\"2022-04-02T13:59:02+00:00\",\"dateModified\":\"2026-04-28T19:12:31+00:00\",\"description\":\"Mua cung t\u00ean th\u1ec3 thao, Mua cung t\u00ean t\u1ea1i h\u00e0 n\u1ed9i, Cung tr\u1ee3 l\u1ef1c, Cung compound, Cung t\u00ean ch\u00ednh h\u00e3ng, , Cung t\u00ean h\u00e0 n\u1ed9i, Cung t\u00ean , Mua cung t\u00ean S\u00e0i g\u00f2n , Mua m\u0169i t\u00ean b\u1eafn cung , Cung b\u1eafn bi s\u1eaft , cung t\u00ean mini, Cung truy\u1ec1n th\u1ed1ng, Cung c\u1ed5 \u0111i\u1ec3n, Cung trang tr\u00ed, Cung tr\u01b0ng b\u00e0y, cung t\u00ean m\u1ea1nh, mua ph\u1ee5 ki\u1ec7n b\u1eafn cung, m\u0169i t\u00ean cacbon , m\u0169i t\u00ean tre, m\u0169i t\u00ean b\u1eafn cung, m\u0169i t\u00ean\",\"breadcrumb\":{\"@id\":\"https:\/\/cungtenhanoi.com\/?product=mui-ten-funious-final-vans-xoan#breadcrumb\"},\"inLanguage\":\"vi\",\"potentialAction\":[{\"@type\":\"ReadAction\",\"target\":[\"https:\/\/cungtenhanoi.com\/?product=mui-ten-funious-final-vans-xoan\"]}]},{\"@type\":\"BreadcrumbList\",\"@id\":\"https:\/\/cungtenhanoi.com\/?product=mui-ten-funious-final-vans-xoan#breadcrumb\",\"itemListElement\":[{\"@type\":\"ListItem\",\"position\":1,\"name\":\"Trang ch\u1ee7\",\"item\":\"https:\/\/cungtenhanoi.com\/\"},{\"@type\":\"ListItem\",\"position\":2,\"name\":\"Shop\",\"item\":\"https:\/\/cungtenhanoi.com\/?page_id=6\"},{\"@type\":\"ListItem\",\"position\":3,\"name\":\"T\u00ean\",\"item\":\"https:\/\/cungtenhanoi.com\/danh-muc\/ten\/\"},{\"@type\":\"ListItem\",\"position\":4,\"name\":\"M\u0169i t\u00ean Funious Final vans xo\u1eafn\"}]},{\"@type\":\"WebSite\",\"@id\":\"https:\/\/cungtenhanoi.com\/#website\",\"url\":\"https:\/\/cungtenhanoi.com\/\",\"name\":\"Cung T\u00ean H\u00e0 N\u1ed9i\",\"description\":\"Cung c\u1ea5p c\u00e1c lo\u1ea1i cung t\u00ean th\u1ec3 thao s\u1ed1 1 Vi\u1ec7t Nam\",\"publisher\":{\"@id\":\"https:\/\/cungtenhanoi.com\/#organization\"},\"potentialAction\":[{\"@type\":\"SearchAction\",\"target\":{\"@type\":\"EntryPoint\",\"urlTemplate\":\"https:\/\/cungtenhanoi.com\/?s={search_term_string}\"},\"query-input\":\"required name=search_term_string\"}],\"inLanguage\":\"vi\"},{\"@type\":\"Organization\",\"@id\":\"https:\/\/cungtenhanoi.com\/#organization\",\"name\":\"Cung T\u00ean H\u00e0 N\u1ed9i\",\"url\":\"https:\/\/cungtenhanoi.com\/\",\"sameAs\":[],\"logo\":{\"@type\":\"ImageObject\",\"inLanguage\":\"vi\",\"@id\":\"https:\/\/cungtenhanoi.com\/#\/schema\/logo\/image\/\",\"url\":\"https:\/\/cungtenhanoi.com\/wp-content\/uploads\/2025\/05\/logo-den-trang.jpg\",\"contentUrl\":\"https:\/\/cungtenhanoi.com\/wp-content\/uploads\/2025\/05\/logo-den-trang.jpg\",\"width\":450,\"height\":450,\"caption\":\"Cung T\u00ean H\u00e0 N\u1ed9i\"},\"image\":{\"@id\":\"https:\/\/cungtenhanoi.com\/#\/schema\/logo\/image\/\"}}]}<\/script>\n<!-- \/ Yoast SEO plugin. -->","yoast_head_json":{"title":"M\u0169i t\u00ean Funious Final vans xo\u1eafn - Cung T\u00ean H\u00e0 N\u1ed9i","description":"Mua cung t\u00ean th\u1ec3 thao, Mua cung t\u00ean t\u1ea1i h\u00e0 n\u1ed9i, Cung tr\u1ee3 l\u1ef1c, Cung compound, Cung t\u00ean ch\u00ednh h\u00e3ng, , Cung t\u00ean h\u00e0 n\u1ed9i, Cung t\u00ean , Mua cung t\u00ean S\u00e0i g\u00f2n , Mua m\u0169i t\u00ean b\u1eafn cung , Cung b\u1eafn bi s\u1eaft , cung t\u00ean mini, Cung truy\u1ec1n th\u1ed1ng, Cung c\u1ed5 \u0111i\u1ec3n, Cung trang tr\u00ed, Cung tr\u01b0ng b\u00e0y, cung t\u00ean m\u1ea1nh, mua ph\u1ee5 ki\u1ec7n b\u1eafn cung, m\u0169i t\u00ean cacbon , m\u0169i t\u00ean tre, m\u0169i t\u00ean b\u1eafn cung, m\u0169i t\u00ean","robots":{"index":"index","follow":"follow","max-snippet":"max-snippet:-1","max-image-preview":"max-image-preview:large","max-video-preview":"max-video-preview:-1"},"canonical":"https:\/\/cungtenhanoi.com\/?product=mui-ten-funious-final-vans-xoan","og_locale":"vi_VN","og_type":"article","og_title":"M\u0169i t\u00ean Funious Final vans xo\u1eafn - Cung T\u00ean H\u00e0 N\u1ed9i","og_description":"Mua cung t\u00ean th\u1ec3 thao, Mua cung t\u00ean t\u1ea1i h\u00e0 n\u1ed9i, Cung tr\u1ee3 l\u1ef1c, Cung compound, Cung t\u00ean ch\u00ednh h\u00e3ng, , Cung t\u00ean h\u00e0 n\u1ed9i, Cung t\u00ean , Mua cung t\u00ean S\u00e0i g\u00f2n , Mua m\u0169i t\u00ean b\u1eafn cung , Cung b\u1eafn bi s\u1eaft , cung t\u00ean mini, Cung truy\u1ec1n th\u1ed1ng, Cung c\u1ed5 \u0111i\u1ec3n, Cung trang tr\u00ed, Cung tr\u01b0ng b\u00e0y, cung t\u00ean m\u1ea1nh, mua ph\u1ee5 ki\u1ec7n b\u1eafn cung, m\u0169i t\u00ean cacbon , m\u0169i t\u00ean tre, m\u0169i t\u00ean b\u1eafn cung, m\u0169i t\u00ean","og_url":"https:\/\/cungtenhanoi.com\/?product=mui-ten-funious-final-vans-xoan","og_site_name":"Cung T\u00ean H\u00e0 N\u1ed9i","article_modified_time":"2026-04-28T19:12:31+00:00","og_image":[{"width":1067,"height":1067,"url":"https:\/\/cungtenhanoi.com\/wp-content\/uploads\/2022\/04\/3116F377-AE7A-470D-8D6F-C43DF894B379.jpeg","type":"image\/jpeg"}],"twitter_card":"summary_large_image","twitter_misc":{"\u01af\u1edbc t\u00ednh th\u1eddi gian \u0111\u1ecdc":"2 ph\u00fat"},"schema":{"@context":"https:\/\/schema.org","@graph":[{"@type":"WebPage","@id":"https:\/\/cungtenhanoi.com\/?product=mui-ten-funious-final-vans-xoan","url":"https:\/\/cungtenhanoi.com\/?product=mui-ten-funious-final-vans-xoan","name":"M\u0169i t\u00ean Funious Final vans xo\u1eafn - Cung T\u00ean H\u00e0 N\u1ed9i","isPartOf":{"@id":"https:\/\/cungtenhanoi.com\/#website"},"datePublished":"2022-04-02T13:59:02+00:00","dateModified":"2026-04-28T19:12:31+00:00","description":"Mua cung t\u00ean th\u1ec3 thao, Mua cung t\u00ean t\u1ea1i h\u00e0 n\u1ed9i, Cung tr\u1ee3 l\u1ef1c, Cung compound, Cung t\u00ean ch\u00ednh h\u00e3ng, , Cung t\u00ean h\u00e0 n\u1ed9i, Cung t\u00ean , Mua cung t\u00ean S\u00e0i g\u00f2n , Mua m\u0169i t\u00ean b\u1eafn cung , Cung b\u1eafn bi s\u1eaft , cung t\u00ean mini, Cung truy\u1ec1n th\u1ed1ng, Cung c\u1ed5 \u0111i\u1ec3n, Cung trang tr\u00ed, Cung tr\u01b0ng b\u00e0y, cung t\u00ean m\u1ea1nh, mua ph\u1ee5 ki\u1ec7n b\u1eafn cung, m\u0169i t\u00ean cacbon , m\u0169i t\u00ean tre, m\u0169i t\u00ean b\u1eafn cung, m\u0169i t\u00ean","breadcrumb":{"@id":"https:\/\/cungtenhanoi.com\/?product=mui-ten-funious-final-vans-xoan#breadcrumb"},"inLanguage":"vi","potentialAction":[{"@type":"ReadAction","target":["https:\/\/cungtenhanoi.com\/?product=mui-ten-funious-final-vans-xoan"]}]},{"@type":"BreadcrumbList","@id":"https:\/\/cungtenhanoi.com\/?product=mui-ten-funious-final-vans-xoan#breadcrumb","itemListElement":[{"@type":"ListItem","position":1,"name":"Trang ch\u1ee7","item":"https:\/\/cungtenhanoi.com\/"},{"@type":"ListItem","position":2,"name":"Shop","item":"https:\/\/cungtenhanoi.com\/?page_id=6"},{"@type":"ListItem","position":3,"name":"T\u00ean","item":"https:\/\/cungtenhanoi.com\/danh-muc\/ten\/"},{"@type":"ListItem","position":4,"name":"M\u0169i t\u00ean Funious Final vans xo\u1eafn"}]},{"@type":"WebSite","@id":"https:\/\/cungtenhanoi.com\/#website","url":"https:\/\/cungtenhanoi.com\/","name":"Cung T\u00ean H\u00e0 N\u1ed9i","description":"Cung c\u1ea5p c\u00e1c lo\u1ea1i cung t\u00ean th\u1ec3 thao s\u1ed1 1 Vi\u1ec7t Nam","publisher":{"@id":"https:\/\/cungtenhanoi.com\/#organization"},"potentialAction":[{"@type":"SearchAction","target":{"@type":"EntryPoint","urlTemplate":"https:\/\/cungtenhanoi.com\/?s={search_term_string}"},"query-input":"required name=search_term_string"}],"inLanguage":"vi"},{"@type":"Organization","@id":"https:\/\/cungtenhanoi.com\/#organization","name":"Cung T\u00ean H\u00e0 N\u1ed9i","url":"https:\/\/cungtenhanoi.com\/","sameAs":[],"logo":{"@type":"ImageObject","inLanguage":"vi","@id":"https:\/\/cungtenhanoi.com\/#\/schema\/logo\/image\/","url":"https:\/\/cungtenhanoi.com\/wp-content\/uploads\/2025\/05\/logo-den-trang.jpg","contentUrl":"https:\/\/cungtenhanoi.com\/wp-content\/uploads\/2025\/05\/logo-den-trang.jpg","width":450,"height":450,"caption":"Cung T\u00ean H\u00e0 N\u1ed9i"},"image":{"@id":"https:\/\/cungtenhanoi.com\/#\/schema\/logo\/image\/"}}]}},"_links":{"self":[{"href":"https:\/\/cungtenhanoi.com\/index.php?rest_route=\/wp\/v2\/product\/2282"}],"collection":[{"href":"https:\/\/cungtenhanoi.com\/index.php?rest_route=\/wp\/v2\/product"}],"about":[{"href":"https:\/\/cungtenhanoi.com\/index.php?rest_route=\/wp\/v2\/types\/product"}],"replies":[{"embeddable":true,"href":"https:\/\/cungtenhanoi.com\/index.php?rest_route=%2Fwp%2Fv2%2Fcomments&post=2282"}],"wp:featuredmedia":[{"embeddable":true,"href":"https:\/\/cungtenhanoi.com\/index.php?rest_route=\/wp\/v2\/media\/2283"}],"wp:attachment":[{"href":"https:\/\/cungtenhanoi.com\/index.php?rest_route=%2Fwp%2Fv2%2Fmedia&parent=2282"}],"wp:term":[{"taxonomy":"product_cat","embeddable":true,"href":"https:\/\/cungtenhanoi.com\/index.php?rest_route=%2Fwp%2Fv2%2Fproduct_cat&post=2282"},{"taxonomy":"product_tag","embeddable":true,"href":"https:\/\/cungtenhanoi.com\/index.php?rest_route=%2Fwp%2Fv2%2Fproduct_tag&post=2282"}],"curies":[{"name":"wp","href":"https:\/\/api.w.org\/{rel}","templated":true}]}}