{"id":472,"date":"2019-08-28T14:17:16","date_gmt":"2019-08-28T07:17:16","guid":{"rendered":"http:\/\/cungtenhanoi.com\/?post_type=product&#038;p=472"},"modified":"2019-08-28T14:19:54","modified_gmt":"2019-08-28T07:19:54","slug":"muc-tieu-dong-vat","status":"publish","type":"product","link":"https:\/\/cungtenhanoi.com\/?product=muc-tieu-dong-vat","title":{"rendered":"M\u1ee5c ti\u00eau \u0111\u1ed9ng v\u1eadt"},"content":{"rendered":"<p style=\"text-align: center;\">Li\u00ean h\u1ec7 \u0111\u1ec3 bi\u1ebft gi\u00e1 chi ti\u1ebft s\u1ea3n ph\u1ea9m<br \/>\n\u0110\u1ed9ng v\u1eadt l\u00e0m m\u1ee5c ti\u00eau s\u0103n b\u1eafn c\u00f3 th\u1ec3 thay ru\u1ed9t, ch\u1ea5t li\u1ec7u caosu, k\u00edch th\u01b0\u1edbc gi\u1ed1ng th\u1eadt.<\/p>\n<p><img loading=\"lazy\" class=\"aligncenter size-full wp-image-473\" src=\"http:\/\/cungtenhanoi.com\/wp-content\/uploads\/2019\/08\/l\u1ee3n.jpg\" alt=\"\" width=\"743\" height=\"646\" srcset=\"https:\/\/cungtenhanoi.com\/wp-content\/uploads\/2019\/08\/l\u1ee3n.jpg 743w, https:\/\/cungtenhanoi.com\/wp-content\/uploads\/2019\/08\/l\u1ee3n-600x522.jpg 600w, https:\/\/cungtenhanoi.com\/wp-content\/uploads\/2019\/08\/l\u1ee3n-64x56.jpg 64w, https:\/\/cungtenhanoi.com\/wp-content\/uploads\/2019\/08\/l\u1ee3n-300x261.jpg 300w\" sizes=\"(max-width: 743px) 100vw, 743px\" \/> <img loading=\"lazy\" class=\"aligncenter size-full wp-image-474\" src=\"http:\/\/cungtenhanoi.com\/wp-content\/uploads\/2019\/08\/TB2PEXrcVXXXXaYXpXXXXXXXXXX_2329140149.jpg\" alt=\"\" width=\"2366\" height=\"2395\" srcset=\"https:\/\/cungtenhanoi.com\/wp-content\/uploads\/2019\/08\/TB2PEXrcVXXXXaYXpXXXXXXXXXX_2329140149.jpg 2366w, https:\/\/cungtenhanoi.com\/wp-content\/uploads\/2019\/08\/TB2PEXrcVXXXXaYXpXXXXXXXXXX_2329140149-100x100.jpg 100w, https:\/\/cungtenhanoi.com\/wp-content\/uploads\/2019\/08\/TB2PEXrcVXXXXaYXpXXXXXXXXXX_2329140149-600x607.jpg 600w, https:\/\/cungtenhanoi.com\/wp-content\/uploads\/2019\/08\/TB2PEXrcVXXXXaYXpXXXXXXXXXX_2329140149-64x65.jpg 64w, https:\/\/cungtenhanoi.com\/wp-content\/uploads\/2019\/08\/TB2PEXrcVXXXXaYXpXXXXXXXXXX_2329140149-296x300.jpg 296w, https:\/\/cungtenhanoi.com\/wp-content\/uploads\/2019\/08\/TB2PEXrcVXXXXaYXpXXXXXXXXXX_2329140149-768x777.jpg 768w, https:\/\/cungtenhanoi.com\/wp-content\/uploads\/2019\/08\/TB2PEXrcVXXXXaYXpXXXXXXXXXX_2329140149-1012x1024.jpg 1012w, https:\/\/cungtenhanoi.com\/wp-content\/uploads\/2019\/08\/TB2PEXrcVXXXXaYXpXXXXXXXXXX_2329140149-45x45.jpg 45w\" sizes=\"(max-width: 2366px) 100vw, 2366px\" \/> <img loading=\"lazy\" class=\"aligncenter size-full wp-image-475\" src=\"http:\/\/cungtenhanoi.com\/wp-content\/uploads\/2019\/08\/TB2rXtwcVXXXXXoXpXXXXXXXXXX_2329140149.png\" alt=\"\" width=\"998\" height=\"906\" srcset=\"https:\/\/cungtenhanoi.com\/wp-content\/uploads\/2019\/08\/TB2rXtwcVXXXXXoXpXXXXXXXXXX_2329140149.png 998w, https:\/\/cungtenhanoi.com\/wp-content\/uploads\/2019\/08\/TB2rXtwcVXXXXXoXpXXXXXXXXXX_2329140149-600x545.png 600w, https:\/\/cungtenhanoi.com\/wp-content\/uploads\/2019\/08\/TB2rXtwcVXXXXXoXpXXXXXXXXXX_2329140149-64x58.png 64w\" sizes=\"(max-width: 998px) 100vw, 998px\" \/> <img loading=\"lazy\" class=\"aligncenter size-full wp-image-476\" src=\"http:\/\/cungtenhanoi.com\/wp-content\/uploads\/2019\/08\/TB22n6VhHXlpuFjy1zbXXb_qpXa_3203907357.jpg\" alt=\"\" width=\"622\" height=\"497\" srcset=\"https:\/\/cungtenhanoi.com\/wp-content\/uploads\/2019\/08\/TB22n6VhHXlpuFjy1zbXXb_qpXa_3203907357.jpg 622w, https:\/\/cungtenhanoi.com\/wp-content\/uploads\/2019\/08\/TB22n6VhHXlpuFjy1zbXXb_qpXa_3203907357-600x479.jpg 600w, https:\/\/cungtenhanoi.com\/wp-content\/uploads\/2019\/08\/TB22n6VhHXlpuFjy1zbXXb_qpXa_3203907357-64x51.jpg 64w\" sizes=\"(max-width: 622px) 100vw, 622px\" \/><\/p>\n","protected":false},"excerpt":{"rendered":"<p>Li\u00ean h\u1ec7 \u0111\u1ec3 bi\u1ebft gi\u00e1 chi ti\u1ebft s\u1ea3n ph\u1ea9m \u0110\u1ed9ng v\u1eadt l\u00e0m m\u1ee5c ti\u00eau s\u0103n b\u1eafn c\u00f3 th\u1ec3 thay ru\u1ed9t, ch\u1ea5t li\u1ec7u caosu, k\u00edch th\u01b0\u1edbc gi\u1ed1ng th\u1eadt.<\/p>\n","protected":false},"featured_media":476,"comment_status":"open","ping_status":"closed","template":"","meta":[],"product_cat":[20],"product_tag":[70,69,68],"acf":[],"yoast_head":"<!-- This site is optimized with the Yoast SEO plugin v19.8 - https:\/\/yoast.com\/wordpress\/plugins\/seo\/ -->\n<title>M\u1ee5c ti\u00eau \u0111\u1ed9ng v\u1eadt - Cung T\u00ean H\u00e0 N\u1ed9i<\/title>\n<meta name=\"description\" content=\"mua cung t\u00ean th\u1ec3 thao, mua cung t\u00ean t\u1ea1i h\u00e0 n\u1ed9i, cung tr\u1ee3 l\u1ef1c, cung compound, cung t\u00ean ch\u00ednh h\u00e3ng, cung t\u00ean m\u1ea1nh,cung t\u00ean h\u00e0 n\u1ed9i, cung t\u00ean , mua cung t\u00ean S\u00e0i g\u00f2n , mua m\u0169i t\u00ean b\u1eafn cung , cung b\u1eafn bi s\u1eaft , cung t\u00ean mini\" \/>\n<meta name=\"robots\" content=\"index, follow, max-snippet:-1, max-image-preview:large, max-video-preview:-1\" \/>\n<link rel=\"canonical\" href=\"https:\/\/cungtenhanoi.com\/?product=muc-tieu-dong-vat\" \/>\n<meta property=\"og:locale\" content=\"vi_VN\" \/>\n<meta property=\"og:type\" content=\"article\" \/>\n<meta property=\"og:title\" content=\"M\u1ee5c ti\u00eau \u0111\u1ed9ng v\u1eadt - Cung T\u00ean H\u00e0 N\u1ed9i\" \/>\n<meta property=\"og:description\" content=\"mua cung t\u00ean th\u1ec3 thao, mua cung t\u00ean t\u1ea1i h\u00e0 n\u1ed9i, cung tr\u1ee3 l\u1ef1c, cung compound, cung t\u00ean ch\u00ednh h\u00e3ng, cung t\u00ean m\u1ea1nh,cung t\u00ean h\u00e0 n\u1ed9i, cung t\u00ean , mua cung t\u00ean S\u00e0i g\u00f2n , mua m\u0169i t\u00ean b\u1eafn cung , cung b\u1eafn bi s\u1eaft , cung t\u00ean mini\" \/>\n<meta property=\"og:url\" content=\"https:\/\/cungtenhanoi.com\/?product=muc-tieu-dong-vat\" \/>\n<meta property=\"og:site_name\" content=\"Cung T\u00ean H\u00e0 N\u1ed9i\" \/>\n<meta property=\"article:modified_time\" content=\"2019-08-28T07:19:54+00:00\" \/>\n<meta property=\"og:image\" content=\"https:\/\/cungtenhanoi.com\/wp-content\/uploads\/2019\/08\/TB22n6VhHXlpuFjy1zbXXb_qpXa_3203907357.jpg\" \/>\n\t<meta property=\"og:image:width\" content=\"622\" \/>\n\t<meta property=\"og:image:height\" content=\"497\" \/>\n\t<meta property=\"og:image:type\" content=\"image\/jpeg\" \/>\n<meta name=\"twitter:card\" content=\"summary_large_image\" \/>\n<script type=\"application\/ld+json\" class=\"yoast-schema-graph\">{\"@context\":\"https:\/\/schema.org\",\"@graph\":[{\"@type\":\"WebPage\",\"@id\":\"https:\/\/cungtenhanoi.com\/?product=muc-tieu-dong-vat\",\"url\":\"https:\/\/cungtenhanoi.com\/?product=muc-tieu-dong-vat\",\"name\":\"M\u1ee5c ti\u00eau \u0111\u1ed9ng v\u1eadt - Cung T\u00ean H\u00e0 N\u1ed9i\",\"isPartOf\":{\"@id\":\"https:\/\/cungtenhanoi.com\/#website\"},\"datePublished\":\"2019-08-28T07:17:16+00:00\",\"dateModified\":\"2019-08-28T07:19:54+00:00\",\"description\":\"mua cung t\u00ean th\u1ec3 thao, mua cung t\u00ean t\u1ea1i h\u00e0 n\u1ed9i, cung tr\u1ee3 l\u1ef1c, cung compound, cung t\u00ean ch\u00ednh h\u00e3ng, cung t\u00ean m\u1ea1nh,cung t\u00ean h\u00e0 n\u1ed9i, cung t\u00ean , mua cung t\u00ean S\u00e0i g\u00f2n , mua m\u0169i t\u00ean b\u1eafn cung , cung b\u1eafn bi s\u1eaft , cung t\u00ean mini\",\"breadcrumb\":{\"@id\":\"https:\/\/cungtenhanoi.com\/?product=muc-tieu-dong-vat#breadcrumb\"},\"inLanguage\":\"vi\",\"potentialAction\":[{\"@type\":\"ReadAction\",\"target\":[\"https:\/\/cungtenhanoi.com\/?product=muc-tieu-dong-vat\"]}]},{\"@type\":\"BreadcrumbList\",\"@id\":\"https:\/\/cungtenhanoi.com\/?product=muc-tieu-dong-vat#breadcrumb\",\"itemListElement\":[{\"@type\":\"ListItem\",\"position\":1,\"name\":\"Trang ch\u1ee7\",\"item\":\"https:\/\/cungtenhanoi.com\/\"},{\"@type\":\"ListItem\",\"position\":2,\"name\":\"Shop\",\"item\":\"https:\/\/cungtenhanoi.com\/?page_id=6\"},{\"@type\":\"ListItem\",\"position\":3,\"name\":\"Ph\u1ee5 ki\u1ec7n\",\"item\":\"https:\/\/cungtenhanoi.com\/danh-muc\/phu-kien\/\"},{\"@type\":\"ListItem\",\"position\":4,\"name\":\"M\u1ee5c ti\u00eau \u0111\u1ed9ng v\u1eadt\"}]},{\"@type\":\"WebSite\",\"@id\":\"https:\/\/cungtenhanoi.com\/#website\",\"url\":\"https:\/\/cungtenhanoi.com\/\",\"name\":\"Cung T\u00ean H\u00e0 N\u1ed9i\",\"description\":\"Cung c\u1ea5p c\u00e1c lo\u1ea1i cung t\u00ean th\u1ec3 thao s\u1ed1 1 Vi\u1ec7t Nam\",\"publisher\":{\"@id\":\"https:\/\/cungtenhanoi.com\/#organization\"},\"potentialAction\":[{\"@type\":\"SearchAction\",\"target\":{\"@type\":\"EntryPoint\",\"urlTemplate\":\"https:\/\/cungtenhanoi.com\/?s={search_term_string}\"},\"query-input\":\"required name=search_term_string\"}],\"inLanguage\":\"vi\"},{\"@type\":\"Organization\",\"@id\":\"https:\/\/cungtenhanoi.com\/#organization\",\"name\":\"Cung T\u00ean H\u00e0 N\u1ed9i\",\"url\":\"https:\/\/cungtenhanoi.com\/\",\"sameAs\":[],\"logo\":{\"@type\":\"ImageObject\",\"inLanguage\":\"vi\",\"@id\":\"https:\/\/cungtenhanoi.com\/#\/schema\/logo\/image\/\",\"url\":\"https:\/\/cungtenhanoi.com\/wp-content\/uploads\/2025\/05\/logo-den-trang.jpg\",\"contentUrl\":\"https:\/\/cungtenhanoi.com\/wp-content\/uploads\/2025\/05\/logo-den-trang.jpg\",\"width\":450,\"height\":450,\"caption\":\"Cung T\u00ean H\u00e0 N\u1ed9i\"},\"image\":{\"@id\":\"https:\/\/cungtenhanoi.com\/#\/schema\/logo\/image\/\"}}]}<\/script>\n<!-- \/ Yoast SEO plugin. -->","yoast_head_json":{"title":"M\u1ee5c ti\u00eau \u0111\u1ed9ng v\u1eadt - Cung T\u00ean H\u00e0 N\u1ed9i","description":"mua cung t\u00ean th\u1ec3 thao, mua cung t\u00ean t\u1ea1i h\u00e0 n\u1ed9i, cung tr\u1ee3 l\u1ef1c, cung compound, cung t\u00ean ch\u00ednh h\u00e3ng, cung t\u00ean m\u1ea1nh,cung t\u00ean h\u00e0 n\u1ed9i, cung t\u00ean , mua cung t\u00ean S\u00e0i g\u00f2n , mua m\u0169i t\u00ean b\u1eafn cung , cung b\u1eafn bi s\u1eaft , cung t\u00ean mini","robots":{"index":"index","follow":"follow","max-snippet":"max-snippet:-1","max-image-preview":"max-image-preview:large","max-video-preview":"max-video-preview:-1"},"canonical":"https:\/\/cungtenhanoi.com\/?product=muc-tieu-dong-vat","og_locale":"vi_VN","og_type":"article","og_title":"M\u1ee5c ti\u00eau \u0111\u1ed9ng v\u1eadt - Cung T\u00ean H\u00e0 N\u1ed9i","og_description":"mua cung t\u00ean th\u1ec3 thao, mua cung t\u00ean t\u1ea1i h\u00e0 n\u1ed9i, cung tr\u1ee3 l\u1ef1c, cung compound, cung t\u00ean ch\u00ednh h\u00e3ng, cung t\u00ean m\u1ea1nh,cung t\u00ean h\u00e0 n\u1ed9i, cung t\u00ean , mua cung t\u00ean S\u00e0i g\u00f2n , mua m\u0169i t\u00ean b\u1eafn cung , cung b\u1eafn bi s\u1eaft , cung t\u00ean mini","og_url":"https:\/\/cungtenhanoi.com\/?product=muc-tieu-dong-vat","og_site_name":"Cung T\u00ean H\u00e0 N\u1ed9i","article_modified_time":"2019-08-28T07:19:54+00:00","og_image":[{"width":622,"height":497,"url":"https:\/\/cungtenhanoi.com\/wp-content\/uploads\/2019\/08\/TB22n6VhHXlpuFjy1zbXXb_qpXa_3203907357.jpg","type":"image\/jpeg"}],"twitter_card":"summary_large_image","schema":{"@context":"https:\/\/schema.org","@graph":[{"@type":"WebPage","@id":"https:\/\/cungtenhanoi.com\/?product=muc-tieu-dong-vat","url":"https:\/\/cungtenhanoi.com\/?product=muc-tieu-dong-vat","name":"M\u1ee5c ti\u00eau \u0111\u1ed9ng v\u1eadt - Cung T\u00ean H\u00e0 N\u1ed9i","isPartOf":{"@id":"https:\/\/cungtenhanoi.com\/#website"},"datePublished":"2019-08-28T07:17:16+00:00","dateModified":"2019-08-28T07:19:54+00:00","description":"mua cung t\u00ean th\u1ec3 thao, mua cung t\u00ean t\u1ea1i h\u00e0 n\u1ed9i, cung tr\u1ee3 l\u1ef1c, cung compound, cung t\u00ean ch\u00ednh h\u00e3ng, cung t\u00ean m\u1ea1nh,cung t\u00ean h\u00e0 n\u1ed9i, cung t\u00ean , mua cung t\u00ean S\u00e0i g\u00f2n , mua m\u0169i t\u00ean b\u1eafn cung , cung b\u1eafn bi s\u1eaft , cung t\u00ean mini","breadcrumb":{"@id":"https:\/\/cungtenhanoi.com\/?product=muc-tieu-dong-vat#breadcrumb"},"inLanguage":"vi","potentialAction":[{"@type":"ReadAction","target":["https:\/\/cungtenhanoi.com\/?product=muc-tieu-dong-vat"]}]},{"@type":"BreadcrumbList","@id":"https:\/\/cungtenhanoi.com\/?product=muc-tieu-dong-vat#breadcrumb","itemListElement":[{"@type":"ListItem","position":1,"name":"Trang ch\u1ee7","item":"https:\/\/cungtenhanoi.com\/"},{"@type":"ListItem","position":2,"name":"Shop","item":"https:\/\/cungtenhanoi.com\/?page_id=6"},{"@type":"ListItem","position":3,"name":"Ph\u1ee5 ki\u1ec7n","item":"https:\/\/cungtenhanoi.com\/danh-muc\/phu-kien\/"},{"@type":"ListItem","position":4,"name":"M\u1ee5c ti\u00eau \u0111\u1ed9ng v\u1eadt"}]},{"@type":"WebSite","@id":"https:\/\/cungtenhanoi.com\/#website","url":"https:\/\/cungtenhanoi.com\/","name":"Cung T\u00ean H\u00e0 N\u1ed9i","description":"Cung c\u1ea5p c\u00e1c lo\u1ea1i cung t\u00ean th\u1ec3 thao s\u1ed1 1 Vi\u1ec7t Nam","publisher":{"@id":"https:\/\/cungtenhanoi.com\/#organization"},"potentialAction":[{"@type":"SearchAction","target":{"@type":"EntryPoint","urlTemplate":"https:\/\/cungtenhanoi.com\/?s={search_term_string}"},"query-input":"required name=search_term_string"}],"inLanguage":"vi"},{"@type":"Organization","@id":"https:\/\/cungtenhanoi.com\/#organization","name":"Cung T\u00ean H\u00e0 N\u1ed9i","url":"https:\/\/cungtenhanoi.com\/","sameAs":[],"logo":{"@type":"ImageObject","inLanguage":"vi","@id":"https:\/\/cungtenhanoi.com\/#\/schema\/logo\/image\/","url":"https:\/\/cungtenhanoi.com\/wp-content\/uploads\/2025\/05\/logo-den-trang.jpg","contentUrl":"https:\/\/cungtenhanoi.com\/wp-content\/uploads\/2025\/05\/logo-den-trang.jpg","width":450,"height":450,"caption":"Cung T\u00ean H\u00e0 N\u1ed9i"},"image":{"@id":"https:\/\/cungtenhanoi.com\/#\/schema\/logo\/image\/"}}]}},"_links":{"self":[{"href":"https:\/\/cungtenhanoi.com\/index.php?rest_route=\/wp\/v2\/product\/472"}],"collection":[{"href":"https:\/\/cungtenhanoi.com\/index.php?rest_route=\/wp\/v2\/product"}],"about":[{"href":"https:\/\/cungtenhanoi.com\/index.php?rest_route=\/wp\/v2\/types\/product"}],"replies":[{"embeddable":true,"href":"https:\/\/cungtenhanoi.com\/index.php?rest_route=%2Fwp%2Fv2%2Fcomments&post=472"}],"wp:featuredmedia":[{"embeddable":true,"href":"https:\/\/cungtenhanoi.com\/index.php?rest_route=\/wp\/v2\/media\/476"}],"wp:attachment":[{"href":"https:\/\/cungtenhanoi.com\/index.php?rest_route=%2Fwp%2Fv2%2Fmedia&parent=472"}],"wp:term":[{"taxonomy":"product_cat","embeddable":true,"href":"https:\/\/cungtenhanoi.com\/index.php?rest_route=%2Fwp%2Fv2%2Fproduct_cat&post=472"},{"taxonomy":"product_tag","embeddable":true,"href":"https:\/\/cungtenhanoi.com\/index.php?rest_route=%2Fwp%2Fv2%2Fproduct_tag&post=472"}],"curies":[{"name":"wp","href":"https:\/\/api.w.org\/{rel}","templated":true}]}}