{"id":554,"date":"2019-10-07T15:39:09","date_gmt":"2019-10-07T08:39:09","guid":{"rendered":"https:\/\/cungtenhanoi.com\/?post_type=product&#038;p=554"},"modified":"2025-05-29T15:11:36","modified_gmt":"2025-05-29T08:11:36","slug":"cung-af-lb10s","status":"publish","type":"product","link":"https:\/\/cungtenhanoi.com\/?product=cung-af-lb10s","title":{"rendered":"Cung Th\u1ed5 &#8211; Turkey AF LB10S"},"content":{"rendered":"<p style=\"text-align: center;\">Cung Th\u1ed5 &#8211; Turkey<\/p>\n<p style=\"text-align: center;\"><strong>20-50lbs<\/strong><\/p>\n<p style=\"text-align: center;\">117 cm<\/p>\n<p style=\"text-align: center;\">composite 7 l\u1edbp<\/p>\n<p style=\"text-align: center;\">M\u00e0u g\u1ed7 n\u00e2u truy\u1ec1n th\u1ed1ng: gi\u00e1 6.390k<br \/>\nM\u00e0u tre v\u00e0ng : 7990k<br \/>\nM\u00e0u xanh d\u01b0\u01a1ng + phong \u0111\u1ecf : 8990k<br \/>\nTh\u00eam Option: 5 t\u00ean vans l\u00f4ng + tab + g\u1ee7am + bia m\u1ee5c ti\u00eau + \u0111\u1ee1 t\u00ean + s\u00e1p : 490k<\/p>\n<p><img loading=\"lazy\" class=\"aligncenter size-full wp-image-15730\" src=\"https:\/\/cungtenhanoi.com\/wp-content\/uploads\/2019\/10\/5EE631DB-2373-4F6F-84EC-D8A6CEB62C6A.jpeg\" alt=\"\" width=\"1200\" height=\"1200\" srcset=\"https:\/\/cungtenhanoi.com\/wp-content\/uploads\/2019\/10\/5EE631DB-2373-4F6F-84EC-D8A6CEB62C6A.jpeg 1200w, https:\/\/cungtenhanoi.com\/wp-content\/uploads\/2019\/10\/5EE631DB-2373-4F6F-84EC-D8A6CEB62C6A-400x400.jpeg 400w, https:\/\/cungtenhanoi.com\/wp-content\/uploads\/2019\/10\/5EE631DB-2373-4F6F-84EC-D8A6CEB62C6A-800x800.jpeg 800w, https:\/\/cungtenhanoi.com\/wp-content\/uploads\/2019\/10\/5EE631DB-2373-4F6F-84EC-D8A6CEB62C6A-280x280.jpeg 280w, https:\/\/cungtenhanoi.com\/wp-content\/uploads\/2019\/10\/5EE631DB-2373-4F6F-84EC-D8A6CEB62C6A-768x768.jpeg 768w, https:\/\/cungtenhanoi.com\/wp-content\/uploads\/2019\/10\/5EE631DB-2373-4F6F-84EC-D8A6CEB62C6A-45x45.jpeg 45w, https:\/\/cungtenhanoi.com\/wp-content\/uploads\/2019\/10\/5EE631DB-2373-4F6F-84EC-D8A6CEB62C6A-300x300.jpeg 300w, https:\/\/cungtenhanoi.com\/wp-content\/uploads\/2019\/10\/5EE631DB-2373-4F6F-84EC-D8A6CEB62C6A-600x600.jpeg 600w, https:\/\/cungtenhanoi.com\/wp-content\/uploads\/2019\/10\/5EE631DB-2373-4F6F-84EC-D8A6CEB62C6A-100x100.jpeg 100w, https:\/\/cungtenhanoi.com\/wp-content\/uploads\/2019\/10\/5EE631DB-2373-4F6F-84EC-D8A6CEB62C6A-64x64.jpeg 64w\" sizes=\"(max-width: 1200px) 100vw, 1200px\" \/> <img loading=\"lazy\" class=\"aligncenter size-full wp-image-15731\" src=\"https:\/\/cungtenhanoi.com\/wp-content\/uploads\/2019\/10\/AA51EBCE-42EC-4608-8A90-5EB9561E7D7A.jpeg\" alt=\"\" width=\"1200\" height=\"1200\" srcset=\"https:\/\/cungtenhanoi.com\/wp-content\/uploads\/2019\/10\/AA51EBCE-42EC-4608-8A90-5EB9561E7D7A.jpeg 1200w, https:\/\/cungtenhanoi.com\/wp-content\/uploads\/2019\/10\/AA51EBCE-42EC-4608-8A90-5EB9561E7D7A-400x400.jpeg 400w, https:\/\/cungtenhanoi.com\/wp-content\/uploads\/2019\/10\/AA51EBCE-42EC-4608-8A90-5EB9561E7D7A-800x800.jpeg 800w, https:\/\/cungtenhanoi.com\/wp-content\/uploads\/2019\/10\/AA51EBCE-42EC-4608-8A90-5EB9561E7D7A-280x280.jpeg 280w, https:\/\/cungtenhanoi.com\/wp-content\/uploads\/2019\/10\/AA51EBCE-42EC-4608-8A90-5EB9561E7D7A-768x768.jpeg 768w, https:\/\/cungtenhanoi.com\/wp-content\/uploads\/2019\/10\/AA51EBCE-42EC-4608-8A90-5EB9561E7D7A-45x45.jpeg 45w, https:\/\/cungtenhanoi.com\/wp-content\/uploads\/2019\/10\/AA51EBCE-42EC-4608-8A90-5EB9561E7D7A-300x300.jpeg 300w, https:\/\/cungtenhanoi.com\/wp-content\/uploads\/2019\/10\/AA51EBCE-42EC-4608-8A90-5EB9561E7D7A-600x600.jpeg 600w, https:\/\/cungtenhanoi.com\/wp-content\/uploads\/2019\/10\/AA51EBCE-42EC-4608-8A90-5EB9561E7D7A-100x100.jpeg 100w, https:\/\/cungtenhanoi.com\/wp-content\/uploads\/2019\/10\/AA51EBCE-42EC-4608-8A90-5EB9561E7D7A-64x64.jpeg 64w\" sizes=\"(max-width: 1200px) 100vw, 1200px\" \/> <img loading=\"lazy\" class=\"aligncenter size-full wp-image-15732\" src=\"https:\/\/cungtenhanoi.com\/wp-content\/uploads\/2019\/10\/58163ED0-A1F1-489E-8FC3-C04E81476C14.jpeg\" alt=\"\" width=\"1200\" height=\"1200\" srcset=\"https:\/\/cungtenhanoi.com\/wp-content\/uploads\/2019\/10\/58163ED0-A1F1-489E-8FC3-C04E81476C14.jpeg 1200w, https:\/\/cungtenhanoi.com\/wp-content\/uploads\/2019\/10\/58163ED0-A1F1-489E-8FC3-C04E81476C14-400x400.jpeg 400w, https:\/\/cungtenhanoi.com\/wp-content\/uploads\/2019\/10\/58163ED0-A1F1-489E-8FC3-C04E81476C14-800x800.jpeg 800w, https:\/\/cungtenhanoi.com\/wp-content\/uploads\/2019\/10\/58163ED0-A1F1-489E-8FC3-C04E81476C14-280x280.jpeg 280w, https:\/\/cungtenhanoi.com\/wp-content\/uploads\/2019\/10\/58163ED0-A1F1-489E-8FC3-C04E81476C14-768x768.jpeg 768w, https:\/\/cungtenhanoi.com\/wp-content\/uploads\/2019\/10\/58163ED0-A1F1-489E-8FC3-C04E81476C14-45x45.jpeg 45w, https:\/\/cungtenhanoi.com\/wp-content\/uploads\/2019\/10\/58163ED0-A1F1-489E-8FC3-C04E81476C14-300x300.jpeg 300w, https:\/\/cungtenhanoi.com\/wp-content\/uploads\/2019\/10\/58163ED0-A1F1-489E-8FC3-C04E81476C14-600x600.jpeg 600w, https:\/\/cungtenhanoi.com\/wp-content\/uploads\/2019\/10\/58163ED0-A1F1-489E-8FC3-C04E81476C14-100x100.jpeg 100w, https:\/\/cungtenhanoi.com\/wp-content\/uploads\/2019\/10\/58163ED0-A1F1-489E-8FC3-C04E81476C14-64x64.jpeg 64w\" sizes=\"(max-width: 1200px) 100vw, 1200px\" \/> <img loading=\"lazy\" class=\"aligncenter size-full wp-image-15733\" src=\"https:\/\/cungtenhanoi.com\/wp-content\/uploads\/2019\/10\/17966C62-96B8-4DD8-A970-84E2EA22658B.jpeg\" alt=\"\" width=\"1200\" height=\"1200\" srcset=\"https:\/\/cungtenhanoi.com\/wp-content\/uploads\/2019\/10\/17966C62-96B8-4DD8-A970-84E2EA22658B.jpeg 1200w, https:\/\/cungtenhanoi.com\/wp-content\/uploads\/2019\/10\/17966C62-96B8-4DD8-A970-84E2EA22658B-400x400.jpeg 400w, https:\/\/cungtenhanoi.com\/wp-content\/uploads\/2019\/10\/17966C62-96B8-4DD8-A970-84E2EA22658B-800x800.jpeg 800w, https:\/\/cungtenhanoi.com\/wp-content\/uploads\/2019\/10\/17966C62-96B8-4DD8-A970-84E2EA22658B-280x280.jpeg 280w, https:\/\/cungtenhanoi.com\/wp-content\/uploads\/2019\/10\/17966C62-96B8-4DD8-A970-84E2EA22658B-768x768.jpeg 768w, https:\/\/cungtenhanoi.com\/wp-content\/uploads\/2019\/10\/17966C62-96B8-4DD8-A970-84E2EA22658B-45x45.jpeg 45w, https:\/\/cungtenhanoi.com\/wp-content\/uploads\/2019\/10\/17966C62-96B8-4DD8-A970-84E2EA22658B-300x300.jpeg 300w, https:\/\/cungtenhanoi.com\/wp-content\/uploads\/2019\/10\/17966C62-96B8-4DD8-A970-84E2EA22658B-600x600.jpeg 600w, https:\/\/cungtenhanoi.com\/wp-content\/uploads\/2019\/10\/17966C62-96B8-4DD8-A970-84E2EA22658B-100x100.jpeg 100w, https:\/\/cungtenhanoi.com\/wp-content\/uploads\/2019\/10\/17966C62-96B8-4DD8-A970-84E2EA22658B-64x64.jpeg 64w\" sizes=\"(max-width: 1200px) 100vw, 1200px\" \/><\/p>\n<p style=\"text-align: left;\"><img loading=\"lazy\" class=\"aligncenter size-full wp-image-559\" src=\"https:\/\/cungtenhanoi.com\/wp-content\/uploads\/2019\/10\/A8923E73-650D-482B-A32B-268B3417ECBE.jpeg\" alt=\"\" width=\"800\" height=\"800\" srcset=\"https:\/\/cungtenhanoi.com\/wp-content\/uploads\/2019\/10\/A8923E73-650D-482B-A32B-268B3417ECBE.jpeg 800w, https:\/\/cungtenhanoi.com\/wp-content\/uploads\/2019\/10\/A8923E73-650D-482B-A32B-268B3417ECBE-300x300.jpeg 300w, https:\/\/cungtenhanoi.com\/wp-content\/uploads\/2019\/10\/A8923E73-650D-482B-A32B-268B3417ECBE-100x100.jpeg 100w, https:\/\/cungtenhanoi.com\/wp-content\/uploads\/2019\/10\/A8923E73-650D-482B-A32B-268B3417ECBE-600x600.jpeg 600w, https:\/\/cungtenhanoi.com\/wp-content\/uploads\/2019\/10\/A8923E73-650D-482B-A32B-268B3417ECBE-64x64.jpeg 64w, https:\/\/cungtenhanoi.com\/wp-content\/uploads\/2019\/10\/A8923E73-650D-482B-A32B-268B3417ECBE-150x150.jpeg 150w, https:\/\/cungtenhanoi.com\/wp-content\/uploads\/2019\/10\/A8923E73-650D-482B-A32B-268B3417ECBE-768x768.jpeg 768w, https:\/\/cungtenhanoi.com\/wp-content\/uploads\/2019\/10\/A8923E73-650D-482B-A32B-268B3417ECBE-180x180.jpeg 180w, https:\/\/cungtenhanoi.com\/wp-content\/uploads\/2019\/10\/A8923E73-650D-482B-A32B-268B3417ECBE-45x45.jpeg 45w\" sizes=\"(max-width: 800px) 100vw, 800px\" \/> <img loading=\"lazy\" class=\"aligncenter wp-image-560\" src=\"https:\/\/cungtenhanoi.com\/wp-content\/uploads\/2019\/10\/CB0DC99C-2CF5-4C77-9EC8-79C6872ECAF2.jpeg\" alt=\"\" width=\"804\" height=\"963\" srcset=\"https:\/\/cungtenhanoi.com\/wp-content\/uploads\/2019\/10\/CB0DC99C-2CF5-4C77-9EC8-79C6872ECAF2.jpeg 620w, https:\/\/cungtenhanoi.com\/wp-content\/uploads\/2019\/10\/CB0DC99C-2CF5-4C77-9EC8-79C6872ECAF2-600x719.jpeg 600w, https:\/\/cungtenhanoi.com\/wp-content\/uploads\/2019\/10\/CB0DC99C-2CF5-4C77-9EC8-79C6872ECAF2-64x77.jpeg 64w, https:\/\/cungtenhanoi.com\/wp-content\/uploads\/2019\/10\/CB0DC99C-2CF5-4C77-9EC8-79C6872ECAF2-250x300.jpeg 250w\" sizes=\"(max-width: 804px) 100vw, 804px\" \/> <img loading=\"lazy\" class=\"aligncenter wp-image-561\" src=\"https:\/\/cungtenhanoi.com\/wp-content\/uploads\/2019\/10\/569896A5-43A6-4366-B733-2A2B6F09A65B.jpeg\" alt=\"\" width=\"806\" height=\"525\" srcset=\"https:\/\/cungtenhanoi.com\/wp-content\/uploads\/2019\/10\/569896A5-43A6-4366-B733-2A2B6F09A65B.jpeg 563w, https:\/\/cungtenhanoi.com\/wp-content\/uploads\/2019\/10\/569896A5-43A6-4366-B733-2A2B6F09A65B-64x42.jpeg 64w, https:\/\/cungtenhanoi.com\/wp-content\/uploads\/2019\/10\/569896A5-43A6-4366-B733-2A2B6F09A65B-300x196.jpeg 300w\" sizes=\"(max-width: 806px) 100vw, 806px\" \/> <img loading=\"lazy\" class=\"aligncenter wp-image-562\" src=\"https:\/\/cungtenhanoi.com\/wp-content\/uploads\/2019\/10\/35A045CB-3192-46E0-9CE2-5220E85A030F.jpeg\" alt=\"\" width=\"807\" height=\"1846\" srcset=\"https:\/\/cungtenhanoi.com\/wp-content\/uploads\/2019\/10\/35A045CB-3192-46E0-9CE2-5220E85A030F.jpeg 620w, https:\/\/cungtenhanoi.com\/wp-content\/uploads\/2019\/10\/35A045CB-3192-46E0-9CE2-5220E85A030F-600x1372.jpeg 600w, https:\/\/cungtenhanoi.com\/wp-content\/uploads\/2019\/10\/35A045CB-3192-46E0-9CE2-5220E85A030F-64x146.jpeg 64w\" sizes=\"(max-width: 807px) 100vw, 807px\" \/><\/p>\n","protected":false},"excerpt":{"rendered":"<p>Cung Th\u1ed5 &#8211; Turkey 20-50lbs 117 cm composite 7 l\u1edbp M\u00e0u g\u1ed7 n\u00e2u truy\u1ec1n th\u1ed1ng: gi\u00e1 6.390k M\u00e0u tre v\u00e0ng : 7990k M\u00e0u xanh d\u01b0\u01a1ng + phong \u0111\u1ecf : 8990k Th\u00eam Option: 5 t\u00ean vans l\u00f4ng + tab + g\u1ee7am + bia m\u1ee5c ti\u00eau + \u0111\u1ee1 t\u00ean + s\u00e1p : 490k<\/p>\n","protected":false},"featured_media":555,"comment_status":"open","ping_status":"closed","template":"","meta":[],"product_cat":[17],"product_tag":[90,315,53,91,513],"acf":[],"yoast_head":"<!-- This site is optimized with the Yoast SEO plugin v19.8 - https:\/\/yoast.com\/wordpress\/plugins\/seo\/ -->\n<title>Cung Th\u1ed5 - Turkey AF LB10S - Cung T\u00ean H\u00e0 N\u1ed9i<\/title>\n<meta name=\"description\" content=\"mua cung t\u00ean th\u1ec3 thao, mua cung t\u00ean t\u1ea1i h\u00e0 n\u1ed9i, cung tr\u1ee3 l\u1ef1c, cung compound, cung t\u00ean ch\u00ednh h\u00e3ng, cung t\u00ean m\u1ea1nh,cung t\u00ean h\u00e0 n\u1ed9i, cung t\u00ean , mua cung t\u00ean S\u00e0i g\u00f2n , mua m\u0169i t\u00ean b\u1eafn cung , cung b\u1eafn bi s\u1eaft , cung t\u00ean mini\" \/>\n<meta name=\"robots\" content=\"index, follow, max-snippet:-1, max-image-preview:large, max-video-preview:-1\" \/>\n<link rel=\"canonical\" href=\"https:\/\/cungtenhanoi.com\/?product=cung-af-lb10s\" \/>\n<meta property=\"og:locale\" content=\"vi_VN\" \/>\n<meta property=\"og:type\" content=\"article\" \/>\n<meta property=\"og:title\" content=\"Cung Th\u1ed5 - Turkey AF LB10S - Cung T\u00ean H\u00e0 N\u1ed9i\" \/>\n<meta property=\"og:description\" content=\"mua cung t\u00ean th\u1ec3 thao, mua cung t\u00ean t\u1ea1i h\u00e0 n\u1ed9i, cung tr\u1ee3 l\u1ef1c, cung compound, cung t\u00ean ch\u00ednh h\u00e3ng, cung t\u00ean m\u1ea1nh,cung t\u00ean h\u00e0 n\u1ed9i, cung t\u00ean , mua cung t\u00ean S\u00e0i g\u00f2n , mua m\u0169i t\u00ean b\u1eafn cung , cung b\u1eafn bi s\u1eaft , cung t\u00ean mini\" \/>\n<meta property=\"og:url\" content=\"https:\/\/cungtenhanoi.com\/?product=cung-af-lb10s\" \/>\n<meta property=\"og:site_name\" content=\"Cung T\u00ean H\u00e0 N\u1ed9i\" \/>\n<meta property=\"article:modified_time\" content=\"2025-05-29T08:11:36+00:00\" \/>\n<meta property=\"og:image\" content=\"https:\/\/cungtenhanoi.com\/wp-content\/uploads\/2019\/10\/F43A230F-3E7D-4E42-86DC-8A7F88365974.jpeg\" \/>\n\t<meta property=\"og:image:width\" content=\"1818\" \/>\n\t<meta property=\"og:image:height\" content=\"1338\" \/>\n\t<meta property=\"og:image:type\" content=\"image\/jpeg\" \/>\n<meta name=\"twitter:card\" content=\"summary_large_image\" \/>\n<meta name=\"twitter:label1\" content=\"\u01af\u1edbc t\u00ednh th\u1eddi gian \u0111\u1ecdc\" \/>\n\t<meta name=\"twitter:data1\" content=\"2 ph\u00fat\" \/>\n<script type=\"application\/ld+json\" class=\"yoast-schema-graph\">{\"@context\":\"https:\/\/schema.org\",\"@graph\":[{\"@type\":\"WebPage\",\"@id\":\"https:\/\/cungtenhanoi.com\/?product=cung-af-lb10s\",\"url\":\"https:\/\/cungtenhanoi.com\/?product=cung-af-lb10s\",\"name\":\"Cung Th\u1ed5 - Turkey AF LB10S - Cung T\u00ean H\u00e0 N\u1ed9i\",\"isPartOf\":{\"@id\":\"https:\/\/cungtenhanoi.com\/#website\"},\"datePublished\":\"2019-10-07T08:39:09+00:00\",\"dateModified\":\"2025-05-29T08:11:36+00:00\",\"description\":\"mua cung t\u00ean th\u1ec3 thao, mua cung t\u00ean t\u1ea1i h\u00e0 n\u1ed9i, cung tr\u1ee3 l\u1ef1c, cung compound, cung t\u00ean ch\u00ednh h\u00e3ng, cung t\u00ean m\u1ea1nh,cung t\u00ean h\u00e0 n\u1ed9i, cung t\u00ean , mua cung t\u00ean S\u00e0i g\u00f2n , mua m\u0169i t\u00ean b\u1eafn cung , cung b\u1eafn bi s\u1eaft , cung t\u00ean mini\",\"breadcrumb\":{\"@id\":\"https:\/\/cungtenhanoi.com\/?product=cung-af-lb10s#breadcrumb\"},\"inLanguage\":\"vi\",\"potentialAction\":[{\"@type\":\"ReadAction\",\"target\":[\"https:\/\/cungtenhanoi.com\/?product=cung-af-lb10s\"]}]},{\"@type\":\"BreadcrumbList\",\"@id\":\"https:\/\/cungtenhanoi.com\/?product=cung-af-lb10s#breadcrumb\",\"itemListElement\":[{\"@type\":\"ListItem\",\"position\":1,\"name\":\"Trang ch\u1ee7\",\"item\":\"https:\/\/cungtenhanoi.com\/\"},{\"@type\":\"ListItem\",\"position\":2,\"name\":\"Shop\",\"item\":\"https:\/\/cungtenhanoi.com\/?page_id=6\"},{\"@type\":\"ListItem\",\"position\":3,\"name\":\"Cung\",\"item\":\"https:\/\/cungtenhanoi.com\/danh-muc\/cung\/\"},{\"@type\":\"ListItem\",\"position\":4,\"name\":\"Cung Th\u1ed5 &#8211; Turkey AF LB10S\"}]},{\"@type\":\"WebSite\",\"@id\":\"https:\/\/cungtenhanoi.com\/#website\",\"url\":\"https:\/\/cungtenhanoi.com\/\",\"name\":\"Cung T\u00ean H\u00e0 N\u1ed9i\",\"description\":\"Cung c\u1ea5p c\u00e1c lo\u1ea1i cung t\u00ean th\u1ec3 thao s\u1ed1 1 Vi\u1ec7t Nam\",\"publisher\":{\"@id\":\"https:\/\/cungtenhanoi.com\/#organization\"},\"potentialAction\":[{\"@type\":\"SearchAction\",\"target\":{\"@type\":\"EntryPoint\",\"urlTemplate\":\"https:\/\/cungtenhanoi.com\/?s={search_term_string}\"},\"query-input\":\"required name=search_term_string\"}],\"inLanguage\":\"vi\"},{\"@type\":\"Organization\",\"@id\":\"https:\/\/cungtenhanoi.com\/#organization\",\"name\":\"Cung T\u00ean H\u00e0 N\u1ed9i\",\"url\":\"https:\/\/cungtenhanoi.com\/\",\"sameAs\":[],\"logo\":{\"@type\":\"ImageObject\",\"inLanguage\":\"vi\",\"@id\":\"https:\/\/cungtenhanoi.com\/#\/schema\/logo\/image\/\",\"url\":\"https:\/\/cungtenhanoi.com\/wp-content\/uploads\/2025\/05\/logo-den-trang.jpg\",\"contentUrl\":\"https:\/\/cungtenhanoi.com\/wp-content\/uploads\/2025\/05\/logo-den-trang.jpg\",\"width\":450,\"height\":450,\"caption\":\"Cung T\u00ean H\u00e0 N\u1ed9i\"},\"image\":{\"@id\":\"https:\/\/cungtenhanoi.com\/#\/schema\/logo\/image\/\"}}]}<\/script>\n<!-- \/ Yoast SEO plugin. -->","yoast_head_json":{"title":"Cung Th\u1ed5 - Turkey AF LB10S - Cung T\u00ean H\u00e0 N\u1ed9i","description":"mua cung t\u00ean th\u1ec3 thao, mua cung t\u00ean t\u1ea1i h\u00e0 n\u1ed9i, cung tr\u1ee3 l\u1ef1c, cung compound, cung t\u00ean ch\u00ednh h\u00e3ng, cung t\u00ean m\u1ea1nh,cung t\u00ean h\u00e0 n\u1ed9i, cung t\u00ean , mua cung t\u00ean S\u00e0i g\u00f2n , mua m\u0169i t\u00ean b\u1eafn cung , cung b\u1eafn bi s\u1eaft , cung t\u00ean mini","robots":{"index":"index","follow":"follow","max-snippet":"max-snippet:-1","max-image-preview":"max-image-preview:large","max-video-preview":"max-video-preview:-1"},"canonical":"https:\/\/cungtenhanoi.com\/?product=cung-af-lb10s","og_locale":"vi_VN","og_type":"article","og_title":"Cung Th\u1ed5 - Turkey AF LB10S - Cung T\u00ean H\u00e0 N\u1ed9i","og_description":"mua cung t\u00ean th\u1ec3 thao, mua cung t\u00ean t\u1ea1i h\u00e0 n\u1ed9i, cung tr\u1ee3 l\u1ef1c, cung compound, cung t\u00ean ch\u00ednh h\u00e3ng, cung t\u00ean m\u1ea1nh,cung t\u00ean h\u00e0 n\u1ed9i, cung t\u00ean , mua cung t\u00ean S\u00e0i g\u00f2n , mua m\u0169i t\u00ean b\u1eafn cung , cung b\u1eafn bi s\u1eaft , cung t\u00ean mini","og_url":"https:\/\/cungtenhanoi.com\/?product=cung-af-lb10s","og_site_name":"Cung T\u00ean H\u00e0 N\u1ed9i","article_modified_time":"2025-05-29T08:11:36+00:00","og_image":[{"width":1818,"height":1338,"url":"https:\/\/cungtenhanoi.com\/wp-content\/uploads\/2019\/10\/F43A230F-3E7D-4E42-86DC-8A7F88365974.jpeg","type":"image\/jpeg"}],"twitter_card":"summary_large_image","twitter_misc":{"\u01af\u1edbc t\u00ednh th\u1eddi gian \u0111\u1ecdc":"2 ph\u00fat"},"schema":{"@context":"https:\/\/schema.org","@graph":[{"@type":"WebPage","@id":"https:\/\/cungtenhanoi.com\/?product=cung-af-lb10s","url":"https:\/\/cungtenhanoi.com\/?product=cung-af-lb10s","name":"Cung Th\u1ed5 - Turkey AF LB10S - Cung T\u00ean H\u00e0 N\u1ed9i","isPartOf":{"@id":"https:\/\/cungtenhanoi.com\/#website"},"datePublished":"2019-10-07T08:39:09+00:00","dateModified":"2025-05-29T08:11:36+00:00","description":"mua cung t\u00ean th\u1ec3 thao, mua cung t\u00ean t\u1ea1i h\u00e0 n\u1ed9i, cung tr\u1ee3 l\u1ef1c, cung compound, cung t\u00ean ch\u00ednh h\u00e3ng, cung t\u00ean m\u1ea1nh,cung t\u00ean h\u00e0 n\u1ed9i, cung t\u00ean , mua cung t\u00ean S\u00e0i g\u00f2n , mua m\u0169i t\u00ean b\u1eafn cung , cung b\u1eafn bi s\u1eaft , cung t\u00ean mini","breadcrumb":{"@id":"https:\/\/cungtenhanoi.com\/?product=cung-af-lb10s#breadcrumb"},"inLanguage":"vi","potentialAction":[{"@type":"ReadAction","target":["https:\/\/cungtenhanoi.com\/?product=cung-af-lb10s"]}]},{"@type":"BreadcrumbList","@id":"https:\/\/cungtenhanoi.com\/?product=cung-af-lb10s#breadcrumb","itemListElement":[{"@type":"ListItem","position":1,"name":"Trang ch\u1ee7","item":"https:\/\/cungtenhanoi.com\/"},{"@type":"ListItem","position":2,"name":"Shop","item":"https:\/\/cungtenhanoi.com\/?page_id=6"},{"@type":"ListItem","position":3,"name":"Cung","item":"https:\/\/cungtenhanoi.com\/danh-muc\/cung\/"},{"@type":"ListItem","position":4,"name":"Cung Th\u1ed5 &#8211; Turkey AF LB10S"}]},{"@type":"WebSite","@id":"https:\/\/cungtenhanoi.com\/#website","url":"https:\/\/cungtenhanoi.com\/","name":"Cung T\u00ean H\u00e0 N\u1ed9i","description":"Cung c\u1ea5p c\u00e1c lo\u1ea1i cung t\u00ean th\u1ec3 thao s\u1ed1 1 Vi\u1ec7t Nam","publisher":{"@id":"https:\/\/cungtenhanoi.com\/#organization"},"potentialAction":[{"@type":"SearchAction","target":{"@type":"EntryPoint","urlTemplate":"https:\/\/cungtenhanoi.com\/?s={search_term_string}"},"query-input":"required name=search_term_string"}],"inLanguage":"vi"},{"@type":"Organization","@id":"https:\/\/cungtenhanoi.com\/#organization","name":"Cung T\u00ean H\u00e0 N\u1ed9i","url":"https:\/\/cungtenhanoi.com\/","sameAs":[],"logo":{"@type":"ImageObject","inLanguage":"vi","@id":"https:\/\/cungtenhanoi.com\/#\/schema\/logo\/image\/","url":"https:\/\/cungtenhanoi.com\/wp-content\/uploads\/2025\/05\/logo-den-trang.jpg","contentUrl":"https:\/\/cungtenhanoi.com\/wp-content\/uploads\/2025\/05\/logo-den-trang.jpg","width":450,"height":450,"caption":"Cung T\u00ean H\u00e0 N\u1ed9i"},"image":{"@id":"https:\/\/cungtenhanoi.com\/#\/schema\/logo\/image\/"}}]}},"_links":{"self":[{"href":"https:\/\/cungtenhanoi.com\/index.php?rest_route=\/wp\/v2\/product\/554"}],"collection":[{"href":"https:\/\/cungtenhanoi.com\/index.php?rest_route=\/wp\/v2\/product"}],"about":[{"href":"https:\/\/cungtenhanoi.com\/index.php?rest_route=\/wp\/v2\/types\/product"}],"replies":[{"embeddable":true,"href":"https:\/\/cungtenhanoi.com\/index.php?rest_route=%2Fwp%2Fv2%2Fcomments&post=554"}],"wp:featuredmedia":[{"embeddable":true,"href":"https:\/\/cungtenhanoi.com\/index.php?rest_route=\/wp\/v2\/media\/555"}],"wp:attachment":[{"href":"https:\/\/cungtenhanoi.com\/index.php?rest_route=%2Fwp%2Fv2%2Fmedia&parent=554"}],"wp:term":[{"taxonomy":"product_cat","embeddable":true,"href":"https:\/\/cungtenhanoi.com\/index.php?rest_route=%2Fwp%2Fv2%2Fproduct_cat&post=554"},{"taxonomy":"product_tag","embeddable":true,"href":"https:\/\/cungtenhanoi.com\/index.php?rest_route=%2Fwp%2Fv2%2Fproduct_tag&post=554"}],"curies":[{"name":"wp","href":"https:\/\/api.w.org\/{rel}","templated":true}]}}