{"id":660,"date":"2019-10-09T10:56:33","date_gmt":"2019-10-09T03:56:33","guid":{"rendered":"https:\/\/cungtenhanoi.com\/?post_type=product&#038;p=660"},"modified":"2025-05-28T12:51:28","modified_gmt":"2025-05-28T05:51:28","slug":"compound-ts330","status":"publish","type":"product","link":"https:\/\/cungtenhanoi.com\/?product=compound-ts330","title":{"rendered":"Compound TS330"},"content":{"rendered":"<p style=\"text-align: center;\">Th\u01b0\u01a1ng hi\u1ec7u:Toppoint<br \/>\nM\u00e3 sp: TS330<br \/>\nT\u1ed1c \u0111\u1ed9: 330 fps\/s<br \/>\nL\u1ef1c b\u1eafn :30-70lbs<br \/>\nTr\u1ee3 l\u1ef1c: 75%<br \/>\nD\u00e2y cung : BCY-X<br \/>\nChi\u1ec1u d\u00e0i: 25-31inh<br \/>\n<img loading=\"lazy\" class=\"aligncenter size-full wp-image-661\" src=\"https:\/\/cungtenhanoi.com\/wp-content\/uploads\/2019\/10\/O1CN01bULzbO1uHXfI3gGEI_2819006012.jpg\" alt=\"\" width=\"800\" height=\"800\" srcset=\"https:\/\/cungtenhanoi.com\/wp-content\/uploads\/2019\/10\/O1CN01bULzbO1uHXfI3gGEI_2819006012.jpg 800w, https:\/\/cungtenhanoi.com\/wp-content\/uploads\/2019\/10\/O1CN01bULzbO1uHXfI3gGEI_2819006012-300x300.jpg 300w, https:\/\/cungtenhanoi.com\/wp-content\/uploads\/2019\/10\/O1CN01bULzbO1uHXfI3gGEI_2819006012-100x100.jpg 100w, https:\/\/cungtenhanoi.com\/wp-content\/uploads\/2019\/10\/O1CN01bULzbO1uHXfI3gGEI_2819006012-600x600.jpg 600w, https:\/\/cungtenhanoi.com\/wp-content\/uploads\/2019\/10\/O1CN01bULzbO1uHXfI3gGEI_2819006012-64x64.jpg 64w, https:\/\/cungtenhanoi.com\/wp-content\/uploads\/2019\/10\/O1CN01bULzbO1uHXfI3gGEI_2819006012-150x150.jpg 150w, https:\/\/cungtenhanoi.com\/wp-content\/uploads\/2019\/10\/O1CN01bULzbO1uHXfI3gGEI_2819006012-768x768.jpg 768w, https:\/\/cungtenhanoi.com\/wp-content\/uploads\/2019\/10\/O1CN01bULzbO1uHXfI3gGEI_2819006012-180x180.jpg 180w, https:\/\/cungtenhanoi.com\/wp-content\/uploads\/2019\/10\/O1CN01bULzbO1uHXfI3gGEI_2819006012-45x45.jpg 45w\" sizes=\"(max-width: 800px) 100vw, 800px\" \/> <img loading=\"lazy\" class=\"aligncenter size-full wp-image-662\" src=\"https:\/\/cungtenhanoi.com\/wp-content\/uploads\/2019\/10\/O1CN01CXbiaI1uHXfHFvMh5_2819006012.jpg\" alt=\"\" width=\"748\" height=\"479\" srcset=\"https:\/\/cungtenhanoi.com\/wp-content\/uploads\/2019\/10\/O1CN01CXbiaI1uHXfHFvMh5_2819006012.jpg 748w, https:\/\/cungtenhanoi.com\/wp-content\/uploads\/2019\/10\/O1CN01CXbiaI1uHXfHFvMh5_2819006012-600x384.jpg 600w, https:\/\/cungtenhanoi.com\/wp-content\/uploads\/2019\/10\/O1CN01CXbiaI1uHXfHFvMh5_2819006012-64x41.jpg 64w, https:\/\/cungtenhanoi.com\/wp-content\/uploads\/2019\/10\/O1CN01CXbiaI1uHXfHFvMh5_2819006012-300x192.jpg 300w\" sizes=\"(max-width: 748px) 100vw, 748px\" \/> <img loading=\"lazy\" class=\"aligncenter size-full wp-image-663\" src=\"https:\/\/cungtenhanoi.com\/wp-content\/uploads\/2019\/10\/O1CN01FcejTG1uHXfIOBrBZ_2819006012-1.jpg\" alt=\"\" width=\"750\" height=\"997\" srcset=\"https:\/\/cungtenhanoi.com\/wp-content\/uploads\/2019\/10\/O1CN01FcejTG1uHXfIOBrBZ_2819006012-1.jpg 750w, https:\/\/cungtenhanoi.com\/wp-content\/uploads\/2019\/10\/O1CN01FcejTG1uHXfIOBrBZ_2819006012-1-600x798.jpg 600w, https:\/\/cungtenhanoi.com\/wp-content\/uploads\/2019\/10\/O1CN01FcejTG1uHXfIOBrBZ_2819006012-1-64x85.jpg 64w\" sizes=\"(max-width: 750px) 100vw, 750px\" \/> <img loading=\"lazy\" class=\"aligncenter size-full wp-image-664\" src=\"https:\/\/cungtenhanoi.com\/wp-content\/uploads\/2019\/10\/O1CN01GANwog1uHXfKn7p2E_2819006012.jpg\" alt=\"\" width=\"750\" height=\"778\" srcset=\"https:\/\/cungtenhanoi.com\/wp-content\/uploads\/2019\/10\/O1CN01GANwog1uHXfKn7p2E_2819006012.jpg 750w, https:\/\/cungtenhanoi.com\/wp-content\/uploads\/2019\/10\/O1CN01GANwog1uHXfKn7p2E_2819006012-600x622.jpg 600w, https:\/\/cungtenhanoi.com\/wp-content\/uploads\/2019\/10\/O1CN01GANwog1uHXfKn7p2E_2819006012-64x66.jpg 64w, https:\/\/cungtenhanoi.com\/wp-content\/uploads\/2019\/10\/O1CN01GANwog1uHXfKn7p2E_2819006012-289x300.jpg 289w\" sizes=\"(max-width: 750px) 100vw, 750px\" \/> <img loading=\"lazy\" class=\"aligncenter size-full wp-image-665\" src=\"https:\/\/cungtenhanoi.com\/wp-content\/uploads\/2019\/10\/O1CN01H9DoYN1uHXfJtCRze_2819006012.jpg\" alt=\"\" width=\"750\" height=\"520\" srcset=\"https:\/\/cungtenhanoi.com\/wp-content\/uploads\/2019\/10\/O1CN01H9DoYN1uHXfJtCRze_2819006012.jpg 750w, https:\/\/cungtenhanoi.com\/wp-content\/uploads\/2019\/10\/O1CN01H9DoYN1uHXfJtCRze_2819006012-600x416.jpg 600w, https:\/\/cungtenhanoi.com\/wp-content\/uploads\/2019\/10\/O1CN01H9DoYN1uHXfJtCRze_2819006012-64x44.jpg 64w, https:\/\/cungtenhanoi.com\/wp-content\/uploads\/2019\/10\/O1CN01H9DoYN1uHXfJtCRze_2819006012-300x208.jpg 300w\" sizes=\"(max-width: 750px) 100vw, 750px\" \/> <img loading=\"lazy\" class=\"aligncenter size-full wp-image-666\" src=\"https:\/\/cungtenhanoi.com\/wp-content\/uploads\/2019\/10\/O1CN01IwMldp1uHXfJVkiYd_2819006012.jpg\" alt=\"\" width=\"800\" height=\"800\" srcset=\"https:\/\/cungtenhanoi.com\/wp-content\/uploads\/2019\/10\/O1CN01IwMldp1uHXfJVkiYd_2819006012.jpg 800w, https:\/\/cungtenhanoi.com\/wp-content\/uploads\/2019\/10\/O1CN01IwMldp1uHXfJVkiYd_2819006012-300x300.jpg 300w, https:\/\/cungtenhanoi.com\/wp-content\/uploads\/2019\/10\/O1CN01IwMldp1uHXfJVkiYd_2819006012-100x100.jpg 100w, https:\/\/cungtenhanoi.com\/wp-content\/uploads\/2019\/10\/O1CN01IwMldp1uHXfJVkiYd_2819006012-600x600.jpg 600w, https:\/\/cungtenhanoi.com\/wp-content\/uploads\/2019\/10\/O1CN01IwMldp1uHXfJVkiYd_2819006012-64x64.jpg 64w, https:\/\/cungtenhanoi.com\/wp-content\/uploads\/2019\/10\/O1CN01IwMldp1uHXfJVkiYd_2819006012-150x150.jpg 150w, https:\/\/cungtenhanoi.com\/wp-content\/uploads\/2019\/10\/O1CN01IwMldp1uHXfJVkiYd_2819006012-768x768.jpg 768w, https:\/\/cungtenhanoi.com\/wp-content\/uploads\/2019\/10\/O1CN01IwMldp1uHXfJVkiYd_2819006012-180x180.jpg 180w, https:\/\/cungtenhanoi.com\/wp-content\/uploads\/2019\/10\/O1CN01IwMldp1uHXfJVkiYd_2819006012-45x45.jpg 45w\" sizes=\"(max-width: 800px) 100vw, 800px\" \/> <img loading=\"lazy\" class=\"aligncenter size-full wp-image-667\" src=\"https:\/\/cungtenhanoi.com\/wp-content\/uploads\/2019\/10\/O1CN01MA3uvR1uHXfI20ChF_2819006012.jpg\" alt=\"\" width=\"711\" height=\"672\" srcset=\"https:\/\/cungtenhanoi.com\/wp-content\/uploads\/2019\/10\/O1CN01MA3uvR1uHXfI20ChF_2819006012.jpg 711w, https:\/\/cungtenhanoi.com\/wp-content\/uploads\/2019\/10\/O1CN01MA3uvR1uHXfI20ChF_2819006012-600x567.jpg 600w, https:\/\/cungtenhanoi.com\/wp-content\/uploads\/2019\/10\/O1CN01MA3uvR1uHXfI20ChF_2819006012-64x60.jpg 64w, https:\/\/cungtenhanoi.com\/wp-content\/uploads\/2019\/10\/O1CN01MA3uvR1uHXfI20ChF_2819006012-300x284.jpg 300w\" sizes=\"(max-width: 711px) 100vw, 711px\" \/> <img loading=\"lazy\" class=\"aligncenter size-full wp-image-668\" src=\"https:\/\/cungtenhanoi.com\/wp-content\/uploads\/2019\/10\/O1CN01XBGioM1uHXfJUa96l_2819006012.jpg\" alt=\"\" width=\"750\" height=\"380\" srcset=\"https:\/\/cungtenhanoi.com\/wp-content\/uploads\/2019\/10\/O1CN01XBGioM1uHXfJUa96l_2819006012.jpg 750w, https:\/\/cungtenhanoi.com\/wp-content\/uploads\/2019\/10\/O1CN01XBGioM1uHXfJUa96l_2819006012-600x304.jpg 600w, https:\/\/cungtenhanoi.com\/wp-content\/uploads\/2019\/10\/O1CN01XBGioM1uHXfJUa96l_2819006012-64x32.jpg 64w, https:\/\/cungtenhanoi.com\/wp-content\/uploads\/2019\/10\/O1CN01XBGioM1uHXfJUa96l_2819006012-300x152.jpg 300w\" sizes=\"(max-width: 750px) 100vw, 750px\" \/> <img loading=\"lazy\" class=\"aligncenter size-full wp-image-669\" src=\"https:\/\/cungtenhanoi.com\/wp-content\/uploads\/2019\/10\/O1CN01Y2dQcf1uHXfM1cGkr_2819006012.jpg\" alt=\"\" width=\"750\" height=\"556\" srcset=\"https:\/\/cungtenhanoi.com\/wp-content\/uploads\/2019\/10\/O1CN01Y2dQcf1uHXfM1cGkr_2819006012.jpg 750w, https:\/\/cungtenhanoi.com\/wp-content\/uploads\/2019\/10\/O1CN01Y2dQcf1uHXfM1cGkr_2819006012-600x445.jpg 600w, https:\/\/cungtenhanoi.com\/wp-content\/uploads\/2019\/10\/O1CN01Y2dQcf1uHXfM1cGkr_2819006012-64x47.jpg 64w\" sizes=\"(max-width: 750px) 100vw, 750px\" \/> <img loading=\"lazy\" class=\"aligncenter size-full wp-image-670\" src=\"https:\/\/cungtenhanoi.com\/wp-content\/uploads\/2019\/10\/O1CN01ykUySN1uHXfCh9pIY_2819006012.jpg\" alt=\"\" width=\"747\" height=\"672\" srcset=\"https:\/\/cungtenhanoi.com\/wp-content\/uploads\/2019\/10\/O1CN01ykUySN1uHXfCh9pIY_2819006012.jpg 747w, https:\/\/cungtenhanoi.com\/wp-content\/uploads\/2019\/10\/O1CN01ykUySN1uHXfCh9pIY_2819006012-600x540.jpg 600w, https:\/\/cungtenhanoi.com\/wp-content\/uploads\/2019\/10\/O1CN01ykUySN1uHXfCh9pIY_2819006012-64x58.jpg 64w, https:\/\/cungtenhanoi.com\/wp-content\/uploads\/2019\/10\/O1CN01ykUySN1uHXfCh9pIY_2819006012-300x270.jpg 300w\" sizes=\"(max-width: 747px) 100vw, 747px\" \/> <img loading=\"lazy\" class=\"aligncenter size-full wp-image-671\" src=\"https:\/\/cungtenhanoi.com\/wp-content\/uploads\/2019\/10\/O1CN019xW4zo1uHXfMdhzxW_2819006012-1.jpg\" alt=\"\" width=\"750\" height=\"1003\" srcset=\"https:\/\/cungtenhanoi.com\/wp-content\/uploads\/2019\/10\/O1CN019xW4zo1uHXfMdhzxW_2819006012-1.jpg 750w, https:\/\/cungtenhanoi.com\/wp-content\/uploads\/2019\/10\/O1CN019xW4zo1uHXfMdhzxW_2819006012-1-600x802.jpg 600w, https:\/\/cungtenhanoi.com\/wp-content\/uploads\/2019\/10\/O1CN019xW4zo1uHXfMdhzxW_2819006012-1-64x86.jpg 64w, https:\/\/cungtenhanoi.com\/wp-content\/uploads\/2019\/10\/O1CN019xW4zo1uHXfMdhzxW_2819006012-1-224x300.jpg 224w\" sizes=\"(max-width: 750px) 100vw, 750px\" \/> <img loading=\"lazy\" class=\"aligncenter size-full wp-image-672\" src=\"https:\/\/cungtenhanoi.com\/wp-content\/uploads\/2019\/10\/TB2ohrzsSFjpuFjSspbXXXagVXa_2819006012.jpg\" alt=\"\" width=\"800\" height=\"800\" srcset=\"https:\/\/cungtenhanoi.com\/wp-content\/uploads\/2019\/10\/TB2ohrzsSFjpuFjSspbXXXagVXa_2819006012.jpg 800w, https:\/\/cungtenhanoi.com\/wp-content\/uploads\/2019\/10\/TB2ohrzsSFjpuFjSspbXXXagVXa_2819006012-300x300.jpg 300w, https:\/\/cungtenhanoi.com\/wp-content\/uploads\/2019\/10\/TB2ohrzsSFjpuFjSspbXXXagVXa_2819006012-100x100.jpg 100w, https:\/\/cungtenhanoi.com\/wp-content\/uploads\/2019\/10\/TB2ohrzsSFjpuFjSspbXXXagVXa_2819006012-600x600.jpg 600w, https:\/\/cungtenhanoi.com\/wp-content\/uploads\/2019\/10\/TB2ohrzsSFjpuFjSspbXXXagVXa_2819006012-64x64.jpg 64w, https:\/\/cungtenhanoi.com\/wp-content\/uploads\/2019\/10\/TB2ohrzsSFjpuFjSspbXXXagVXa_2819006012-150x150.jpg 150w, https:\/\/cungtenhanoi.com\/wp-content\/uploads\/2019\/10\/TB2ohrzsSFjpuFjSspbXXXagVXa_2819006012-768x768.jpg 768w, https:\/\/cungtenhanoi.com\/wp-content\/uploads\/2019\/10\/TB2ohrzsSFjpuFjSspbXXXagVXa_2819006012-180x180.jpg 180w, https:\/\/cungtenhanoi.com\/wp-content\/uploads\/2019\/10\/TB2ohrzsSFjpuFjSspbXXXagVXa_2819006012-45x45.jpg 45w\" sizes=\"(max-width: 800px) 100vw, 800px\" \/> <img loading=\"lazy\" class=\"aligncenter size-full wp-image-673\" src=\"https:\/\/cungtenhanoi.com\/wp-content\/uploads\/2019\/10\/Toppoint.jpg\" alt=\"\" width=\"800\" height=\"800\" srcset=\"https:\/\/cungtenhanoi.com\/wp-content\/uploads\/2019\/10\/Toppoint.jpg 800w, https:\/\/cungtenhanoi.com\/wp-content\/uploads\/2019\/10\/Toppoint-300x300.jpg 300w, https:\/\/cungtenhanoi.com\/wp-content\/uploads\/2019\/10\/Toppoint-100x100.jpg 100w, https:\/\/cungtenhanoi.com\/wp-content\/uploads\/2019\/10\/Toppoint-600x600.jpg 600w, https:\/\/cungtenhanoi.com\/wp-content\/uploads\/2019\/10\/Toppoint-64x64.jpg 64w, https:\/\/cungtenhanoi.com\/wp-content\/uploads\/2019\/10\/Toppoint-150x150.jpg 150w, https:\/\/cungtenhanoi.com\/wp-content\/uploads\/2019\/10\/Toppoint-768x768.jpg 768w, https:\/\/cungtenhanoi.com\/wp-content\/uploads\/2019\/10\/Toppoint-180x180.jpg 180w, https:\/\/cungtenhanoi.com\/wp-content\/uploads\/2019\/10\/Toppoint-45x45.jpg 45w\" sizes=\"(max-width: 800px) 100vw, 800px\" \/><\/p>\n","protected":false},"excerpt":{"rendered":"<p>Th\u01b0\u01a1ng hi\u1ec7u:Toppoint M\u00e3 sp: TS330 T\u1ed1c \u0111\u1ed9: 330 fps\/s L\u1ef1c b\u1eafn :30-70lbs Tr\u1ee3 l\u1ef1c: 75% D\u00e2y cung : BCY-X Chi\u1ec1u d\u00e0i: 25-31inh<\/p>\n","protected":false},"featured_media":669,"comment_status":"open","ping_status":"closed","template":"","meta":[],"product_cat":[17],"product_tag":[34,126],"acf":[],"yoast_head":"<!-- This site is optimized with the Yoast SEO plugin v19.8 - https:\/\/yoast.com\/wordpress\/plugins\/seo\/ -->\n<title>Compound TS330 - Cung T\u00ean H\u00e0 N\u1ed9i<\/title>\n<meta name=\"description\" content=\"mua cung t\u00ean th\u1ec3 thao, mua cung t\u00ean t\u1ea1i h\u00e0 n\u1ed9i, cung tr\u1ee3 l\u1ef1c, cung compound, cung t\u00ean ch\u00ednh h\u00e3ng, cung t\u00ean m\u1ea1nh,cung t\u00ean h\u00e0 n\u1ed9i, cung t\u00ean , mua cung t\u00ean S\u00e0i g\u00f2n , mua m\u0169i t\u00ean b\u1eafn cung , cung b\u1eafn bi s\u1eaft , cung t\u00ean mini\" \/>\n<meta name=\"robots\" content=\"index, follow, max-snippet:-1, max-image-preview:large, max-video-preview:-1\" \/>\n<link rel=\"canonical\" href=\"https:\/\/cungtenhanoi.com\/?product=compound-ts330\" \/>\n<meta property=\"og:locale\" content=\"vi_VN\" \/>\n<meta property=\"og:type\" content=\"article\" \/>\n<meta property=\"og:title\" content=\"Compound TS330 - Cung T\u00ean H\u00e0 N\u1ed9i\" \/>\n<meta property=\"og:description\" content=\"mua cung t\u00ean th\u1ec3 thao, mua cung t\u00ean t\u1ea1i h\u00e0 n\u1ed9i, cung tr\u1ee3 l\u1ef1c, cung compound, cung t\u00ean ch\u00ednh h\u00e3ng, cung t\u00ean m\u1ea1nh,cung t\u00ean h\u00e0 n\u1ed9i, cung t\u00ean , mua cung t\u00ean S\u00e0i g\u00f2n , mua m\u0169i t\u00ean b\u1eafn cung , cung b\u1eafn bi s\u1eaft , cung t\u00ean mini\" \/>\n<meta property=\"og:url\" content=\"https:\/\/cungtenhanoi.com\/?product=compound-ts330\" \/>\n<meta property=\"og:site_name\" content=\"Cung T\u00ean H\u00e0 N\u1ed9i\" \/>\n<meta property=\"article:modified_time\" content=\"2025-05-28T05:51:28+00:00\" \/>\n<meta property=\"og:image\" content=\"https:\/\/cungtenhanoi.com\/wp-content\/uploads\/2019\/10\/O1CN01Y2dQcf1uHXfM1cGkr_2819006012.jpg\" \/>\n\t<meta property=\"og:image:width\" content=\"750\" \/>\n\t<meta property=\"og:image:height\" content=\"556\" \/>\n\t<meta property=\"og:image:type\" content=\"image\/jpeg\" \/>\n<meta name=\"twitter:card\" content=\"summary_large_image\" \/>\n<script type=\"application\/ld+json\" class=\"yoast-schema-graph\">{\"@context\":\"https:\/\/schema.org\",\"@graph\":[{\"@type\":\"WebPage\",\"@id\":\"https:\/\/cungtenhanoi.com\/?product=compound-ts330\",\"url\":\"https:\/\/cungtenhanoi.com\/?product=compound-ts330\",\"name\":\"Compound TS330 - Cung T\u00ean H\u00e0 N\u1ed9i\",\"isPartOf\":{\"@id\":\"https:\/\/cungtenhanoi.com\/#website\"},\"datePublished\":\"2019-10-09T03:56:33+00:00\",\"dateModified\":\"2025-05-28T05:51:28+00:00\",\"description\":\"mua cung t\u00ean th\u1ec3 thao, mua cung t\u00ean t\u1ea1i h\u00e0 n\u1ed9i, cung tr\u1ee3 l\u1ef1c, cung compound, cung t\u00ean ch\u00ednh h\u00e3ng, cung t\u00ean m\u1ea1nh,cung t\u00ean h\u00e0 n\u1ed9i, cung t\u00ean , mua cung t\u00ean S\u00e0i g\u00f2n , mua m\u0169i t\u00ean b\u1eafn cung , cung b\u1eafn bi s\u1eaft , cung t\u00ean mini\",\"breadcrumb\":{\"@id\":\"https:\/\/cungtenhanoi.com\/?product=compound-ts330#breadcrumb\"},\"inLanguage\":\"vi\",\"potentialAction\":[{\"@type\":\"ReadAction\",\"target\":[\"https:\/\/cungtenhanoi.com\/?product=compound-ts330\"]}]},{\"@type\":\"BreadcrumbList\",\"@id\":\"https:\/\/cungtenhanoi.com\/?product=compound-ts330#breadcrumb\",\"itemListElement\":[{\"@type\":\"ListItem\",\"position\":1,\"name\":\"Trang ch\u1ee7\",\"item\":\"https:\/\/cungtenhanoi.com\/\"},{\"@type\":\"ListItem\",\"position\":2,\"name\":\"Shop\",\"item\":\"https:\/\/cungtenhanoi.com\/?page_id=6\"},{\"@type\":\"ListItem\",\"position\":3,\"name\":\"Cung\",\"item\":\"https:\/\/cungtenhanoi.com\/danh-muc\/cung\/\"},{\"@type\":\"ListItem\",\"position\":4,\"name\":\"Compound TS330\"}]},{\"@type\":\"WebSite\",\"@id\":\"https:\/\/cungtenhanoi.com\/#website\",\"url\":\"https:\/\/cungtenhanoi.com\/\",\"name\":\"Cung T\u00ean H\u00e0 N\u1ed9i\",\"description\":\"Cung c\u1ea5p c\u00e1c lo\u1ea1i cung t\u00ean th\u1ec3 thao s\u1ed1 1 Vi\u1ec7t Nam\",\"publisher\":{\"@id\":\"https:\/\/cungtenhanoi.com\/#organization\"},\"potentialAction\":[{\"@type\":\"SearchAction\",\"target\":{\"@type\":\"EntryPoint\",\"urlTemplate\":\"https:\/\/cungtenhanoi.com\/?s={search_term_string}\"},\"query-input\":\"required name=search_term_string\"}],\"inLanguage\":\"vi\"},{\"@type\":\"Organization\",\"@id\":\"https:\/\/cungtenhanoi.com\/#organization\",\"name\":\"Cung T\u00ean H\u00e0 N\u1ed9i\",\"url\":\"https:\/\/cungtenhanoi.com\/\",\"sameAs\":[],\"logo\":{\"@type\":\"ImageObject\",\"inLanguage\":\"vi\",\"@id\":\"https:\/\/cungtenhanoi.com\/#\/schema\/logo\/image\/\",\"url\":\"https:\/\/cungtenhanoi.com\/wp-content\/uploads\/2025\/05\/logo-den-trang.jpg\",\"contentUrl\":\"https:\/\/cungtenhanoi.com\/wp-content\/uploads\/2025\/05\/logo-den-trang.jpg\",\"width\":450,\"height\":450,\"caption\":\"Cung T\u00ean H\u00e0 N\u1ed9i\"},\"image\":{\"@id\":\"https:\/\/cungtenhanoi.com\/#\/schema\/logo\/image\/\"}}]}<\/script>\n<!-- \/ Yoast SEO plugin. -->","yoast_head_json":{"title":"Compound TS330 - Cung T\u00ean H\u00e0 N\u1ed9i","description":"mua cung t\u00ean th\u1ec3 thao, mua cung t\u00ean t\u1ea1i h\u00e0 n\u1ed9i, cung tr\u1ee3 l\u1ef1c, cung compound, cung t\u00ean ch\u00ednh h\u00e3ng, cung t\u00ean m\u1ea1nh,cung t\u00ean h\u00e0 n\u1ed9i, cung t\u00ean , mua cung t\u00ean S\u00e0i g\u00f2n , mua m\u0169i t\u00ean b\u1eafn cung , cung b\u1eafn bi s\u1eaft , cung t\u00ean mini","robots":{"index":"index","follow":"follow","max-snippet":"max-snippet:-1","max-image-preview":"max-image-preview:large","max-video-preview":"max-video-preview:-1"},"canonical":"https:\/\/cungtenhanoi.com\/?product=compound-ts330","og_locale":"vi_VN","og_type":"article","og_title":"Compound TS330 - Cung T\u00ean H\u00e0 N\u1ed9i","og_description":"mua cung t\u00ean th\u1ec3 thao, mua cung t\u00ean t\u1ea1i h\u00e0 n\u1ed9i, cung tr\u1ee3 l\u1ef1c, cung compound, cung t\u00ean ch\u00ednh h\u00e3ng, cung t\u00ean m\u1ea1nh,cung t\u00ean h\u00e0 n\u1ed9i, cung t\u00ean , mua cung t\u00ean S\u00e0i g\u00f2n , mua m\u0169i t\u00ean b\u1eafn cung , cung b\u1eafn bi s\u1eaft , cung t\u00ean mini","og_url":"https:\/\/cungtenhanoi.com\/?product=compound-ts330","og_site_name":"Cung T\u00ean H\u00e0 N\u1ed9i","article_modified_time":"2025-05-28T05:51:28+00:00","og_image":[{"width":750,"height":556,"url":"https:\/\/cungtenhanoi.com\/wp-content\/uploads\/2019\/10\/O1CN01Y2dQcf1uHXfM1cGkr_2819006012.jpg","type":"image\/jpeg"}],"twitter_card":"summary_large_image","schema":{"@context":"https:\/\/schema.org","@graph":[{"@type":"WebPage","@id":"https:\/\/cungtenhanoi.com\/?product=compound-ts330","url":"https:\/\/cungtenhanoi.com\/?product=compound-ts330","name":"Compound TS330 - Cung T\u00ean H\u00e0 N\u1ed9i","isPartOf":{"@id":"https:\/\/cungtenhanoi.com\/#website"},"datePublished":"2019-10-09T03:56:33+00:00","dateModified":"2025-05-28T05:51:28+00:00","description":"mua cung t\u00ean th\u1ec3 thao, mua cung t\u00ean t\u1ea1i h\u00e0 n\u1ed9i, cung tr\u1ee3 l\u1ef1c, cung compound, cung t\u00ean ch\u00ednh h\u00e3ng, cung t\u00ean m\u1ea1nh,cung t\u00ean h\u00e0 n\u1ed9i, cung t\u00ean , mua cung t\u00ean S\u00e0i g\u00f2n , mua m\u0169i t\u00ean b\u1eafn cung , cung b\u1eafn bi s\u1eaft , cung t\u00ean mini","breadcrumb":{"@id":"https:\/\/cungtenhanoi.com\/?product=compound-ts330#breadcrumb"},"inLanguage":"vi","potentialAction":[{"@type":"ReadAction","target":["https:\/\/cungtenhanoi.com\/?product=compound-ts330"]}]},{"@type":"BreadcrumbList","@id":"https:\/\/cungtenhanoi.com\/?product=compound-ts330#breadcrumb","itemListElement":[{"@type":"ListItem","position":1,"name":"Trang ch\u1ee7","item":"https:\/\/cungtenhanoi.com\/"},{"@type":"ListItem","position":2,"name":"Shop","item":"https:\/\/cungtenhanoi.com\/?page_id=6"},{"@type":"ListItem","position":3,"name":"Cung","item":"https:\/\/cungtenhanoi.com\/danh-muc\/cung\/"},{"@type":"ListItem","position":4,"name":"Compound TS330"}]},{"@type":"WebSite","@id":"https:\/\/cungtenhanoi.com\/#website","url":"https:\/\/cungtenhanoi.com\/","name":"Cung T\u00ean H\u00e0 N\u1ed9i","description":"Cung c\u1ea5p c\u00e1c lo\u1ea1i cung t\u00ean th\u1ec3 thao s\u1ed1 1 Vi\u1ec7t Nam","publisher":{"@id":"https:\/\/cungtenhanoi.com\/#organization"},"potentialAction":[{"@type":"SearchAction","target":{"@type":"EntryPoint","urlTemplate":"https:\/\/cungtenhanoi.com\/?s={search_term_string}"},"query-input":"required name=search_term_string"}],"inLanguage":"vi"},{"@type":"Organization","@id":"https:\/\/cungtenhanoi.com\/#organization","name":"Cung T\u00ean H\u00e0 N\u1ed9i","url":"https:\/\/cungtenhanoi.com\/","sameAs":[],"logo":{"@type":"ImageObject","inLanguage":"vi","@id":"https:\/\/cungtenhanoi.com\/#\/schema\/logo\/image\/","url":"https:\/\/cungtenhanoi.com\/wp-content\/uploads\/2025\/05\/logo-den-trang.jpg","contentUrl":"https:\/\/cungtenhanoi.com\/wp-content\/uploads\/2025\/05\/logo-den-trang.jpg","width":450,"height":450,"caption":"Cung T\u00ean H\u00e0 N\u1ed9i"},"image":{"@id":"https:\/\/cungtenhanoi.com\/#\/schema\/logo\/image\/"}}]}},"_links":{"self":[{"href":"https:\/\/cungtenhanoi.com\/index.php?rest_route=\/wp\/v2\/product\/660"}],"collection":[{"href":"https:\/\/cungtenhanoi.com\/index.php?rest_route=\/wp\/v2\/product"}],"about":[{"href":"https:\/\/cungtenhanoi.com\/index.php?rest_route=\/wp\/v2\/types\/product"}],"replies":[{"embeddable":true,"href":"https:\/\/cungtenhanoi.com\/index.php?rest_route=%2Fwp%2Fv2%2Fcomments&post=660"}],"wp:featuredmedia":[{"embeddable":true,"href":"https:\/\/cungtenhanoi.com\/index.php?rest_route=\/wp\/v2\/media\/669"}],"wp:attachment":[{"href":"https:\/\/cungtenhanoi.com\/index.php?rest_route=%2Fwp%2Fv2%2Fmedia&parent=660"}],"wp:term":[{"taxonomy":"product_cat","embeddable":true,"href":"https:\/\/cungtenhanoi.com\/index.php?rest_route=%2Fwp%2Fv2%2Fproduct_cat&post=660"},{"taxonomy":"product_tag","embeddable":true,"href":"https:\/\/cungtenhanoi.com\/index.php?rest_route=%2Fwp%2Fv2%2Fproduct_tag&post=660"}],"curies":[{"name":"wp","href":"https:\/\/api.w.org\/{rel}","templated":true}]}}