{"id":757,"date":"2020-04-07T18:01:23","date_gmt":"2020-04-07T11:01:23","guid":{"rendered":"https:\/\/cungtenhanoi.com\/?post_type=product&#038;p=757"},"modified":"2025-04-13T17:41:41","modified_gmt":"2025-04-13T10:41:41","slug":"chan-cung-jx906","status":"publish","type":"product","link":"https:\/\/cungtenhanoi.com\/?product=chan-cung-jx906","title":{"rendered":"Ch\u00e2n cung JX906"},"content":{"rendered":"<p style=\"text-align: center;\">\u00a0Cao 36cm, b\u00e1n k\u00ednh 14,5cm Tr\u1ecdng l\u01b0\u1ee3ng 135,3g 85% s\u1ee3i th\u1ee7y tinh 15% polyamide<br \/>\ns\u1eed d\u1ee5ng \u0111\u1ec3 \u0111\u1ee1 cung<img loading=\"lazy\" class=\"aligncenter size-full wp-image-764\" src=\"https:\/\/cungtenhanoi.com\/wp-content\/uploads\/2020\/04\/O1CN01AS5BkX1SWNCklj0OS_67492254.jpg\" alt=\"\" width=\"992\" height=\"992\" srcset=\"https:\/\/cungtenhanoi.com\/wp-content\/uploads\/2020\/04\/O1CN01AS5BkX1SWNCklj0OS_67492254.jpg 992w, https:\/\/cungtenhanoi.com\/wp-content\/uploads\/2020\/04\/O1CN01AS5BkX1SWNCklj0OS_67492254-300x300.jpg 300w, https:\/\/cungtenhanoi.com\/wp-content\/uploads\/2020\/04\/O1CN01AS5BkX1SWNCklj0OS_67492254-100x100.jpg 100w, https:\/\/cungtenhanoi.com\/wp-content\/uploads\/2020\/04\/O1CN01AS5BkX1SWNCklj0OS_67492254-600x600.jpg 600w, https:\/\/cungtenhanoi.com\/wp-content\/uploads\/2020\/04\/O1CN01AS5BkX1SWNCklj0OS_67492254-64x64.jpg 64w, https:\/\/cungtenhanoi.com\/wp-content\/uploads\/2020\/04\/O1CN01AS5BkX1SWNCklj0OS_67492254-150x150.jpg 150w, https:\/\/cungtenhanoi.com\/wp-content\/uploads\/2020\/04\/O1CN01AS5BkX1SWNCklj0OS_67492254-768x768.jpg 768w, https:\/\/cungtenhanoi.com\/wp-content\/uploads\/2020\/04\/O1CN01AS5BkX1SWNCklj0OS_67492254-180x180.jpg 180w, https:\/\/cungtenhanoi.com\/wp-content\/uploads\/2020\/04\/O1CN01AS5BkX1SWNCklj0OS_67492254-45x45.jpg 45w\" sizes=\"(max-width: 992px) 100vw, 992px\" \/><img loading=\"lazy\" class=\"aligncenter size-full wp-image-765\" src=\"https:\/\/cungtenhanoi.com\/wp-content\/uploads\/2020\/04\/TB2nS.ykFXXXXbUXpXXXXXXXXXX_2219429836.jpg\" alt=\"\" width=\"720\" height=\"960\" srcset=\"https:\/\/cungtenhanoi.com\/wp-content\/uploads\/2020\/04\/TB2nS.ykFXXXXbUXpXXXXXXXXXX_2219429836.jpg 720w, https:\/\/cungtenhanoi.com\/wp-content\/uploads\/2020\/04\/TB2nS.ykFXXXXbUXpXXXXXXXXXX_2219429836-600x800.jpg 600w, https:\/\/cungtenhanoi.com\/wp-content\/uploads\/2020\/04\/TB2nS.ykFXXXXbUXpXXXXXXXXXX_2219429836-64x85.jpg 64w, https:\/\/cungtenhanoi.com\/wp-content\/uploads\/2020\/04\/TB2nS.ykFXXXXbUXpXXXXXXXXXX_2219429836-225x300.jpg 225w\" sizes=\"(max-width: 720px) 100vw, 720px\" \/><img loading=\"lazy\" class=\"aligncenter size-full wp-image-758\" src=\"https:\/\/cungtenhanoi.com\/wp-content\/uploads\/2020\/04\/dsc_1249__43586.1550281187.1280.1280.jpg\" alt=\"\" width=\"1280\" height=\"1280\" srcset=\"https:\/\/cungtenhanoi.com\/wp-content\/uploads\/2020\/04\/dsc_1249__43586.1550281187.1280.1280.jpg 1280w, https:\/\/cungtenhanoi.com\/wp-content\/uploads\/2020\/04\/dsc_1249__43586.1550281187.1280.1280-300x300.jpg 300w, https:\/\/cungtenhanoi.com\/wp-content\/uploads\/2020\/04\/dsc_1249__43586.1550281187.1280.1280-100x100.jpg 100w, https:\/\/cungtenhanoi.com\/wp-content\/uploads\/2020\/04\/dsc_1249__43586.1550281187.1280.1280-600x600.jpg 600w, https:\/\/cungtenhanoi.com\/wp-content\/uploads\/2020\/04\/dsc_1249__43586.1550281187.1280.1280-64x64.jpg 64w, https:\/\/cungtenhanoi.com\/wp-content\/uploads\/2020\/04\/dsc_1249__43586.1550281187.1280.1280-150x150.jpg 150w, https:\/\/cungtenhanoi.com\/wp-content\/uploads\/2020\/04\/dsc_1249__43586.1550281187.1280.1280-768x768.jpg 768w, https:\/\/cungtenhanoi.com\/wp-content\/uploads\/2020\/04\/dsc_1249__43586.1550281187.1280.1280-1024x1024.jpg 1024w, https:\/\/cungtenhanoi.com\/wp-content\/uploads\/2020\/04\/dsc_1249__43586.1550281187.1280.1280-180x180.jpg 180w, https:\/\/cungtenhanoi.com\/wp-content\/uploads\/2020\/04\/dsc_1249__43586.1550281187.1280.1280-45x45.jpg 45w\" sizes=\"(max-width: 1280px) 100vw, 1280px\" \/> <img loading=\"lazy\" class=\"aligncenter size-full wp-image-759\" src=\"https:\/\/cungtenhanoi.com\/wp-content\/uploads\/2020\/04\/O1CN011lEwpNTBIiJKjk1_80754788.jpg\" alt=\"\" width=\"800\" height=\"800\" srcset=\"https:\/\/cungtenhanoi.com\/wp-content\/uploads\/2020\/04\/O1CN011lEwpNTBIiJKjk1_80754788.jpg 800w, https:\/\/cungtenhanoi.com\/wp-content\/uploads\/2020\/04\/O1CN011lEwpNTBIiJKjk1_80754788-300x300.jpg 300w, https:\/\/cungtenhanoi.com\/wp-content\/uploads\/2020\/04\/O1CN011lEwpNTBIiJKjk1_80754788-100x100.jpg 100w, https:\/\/cungtenhanoi.com\/wp-content\/uploads\/2020\/04\/O1CN011lEwpNTBIiJKjk1_80754788-600x600.jpg 600w, https:\/\/cungtenhanoi.com\/wp-content\/uploads\/2020\/04\/O1CN011lEwpNTBIiJKjk1_80754788-64x64.jpg 64w\" sizes=\"(max-width: 800px) 100vw, 800px\" \/><img loading=\"lazy\" class=\"aligncenter size-full wp-image-760\" src=\"https:\/\/cungtenhanoi.com\/wp-content\/uploads\/2020\/04\/O1CN011lEwpNTDNYJ3GLw_80754788.jpg\" alt=\"\" width=\"792\" height=\"634\" srcset=\"https:\/\/cungtenhanoi.com\/wp-content\/uploads\/2020\/04\/O1CN011lEwpNTDNYJ3GLw_80754788.jpg 792w, https:\/\/cungtenhanoi.com\/wp-content\/uploads\/2020\/04\/O1CN011lEwpNTDNYJ3GLw_80754788-600x480.jpg 600w, https:\/\/cungtenhanoi.com\/wp-content\/uploads\/2020\/04\/O1CN011lEwpNTDNYJ3GLw_80754788-64x51.jpg 64w, https:\/\/cungtenhanoi.com\/wp-content\/uploads\/2020\/04\/O1CN011lEwpNTDNYJ3GLw_80754788-300x240.jpg 300w, https:\/\/cungtenhanoi.com\/wp-content\/uploads\/2020\/04\/O1CN011lEwpNTDNYJ3GLw_80754788-768x615.jpg 768w\" sizes=\"(max-width: 792px) 100vw, 792px\" \/> <img loading=\"lazy\" class=\"aligncenter size-full wp-image-761\" src=\"https:\/\/cungtenhanoi.com\/wp-content\/uploads\/2020\/04\/O1CN011lEwpSdYI4qMO7S_80754788.jpg\" alt=\"\" width=\"800\" height=\"800\" srcset=\"https:\/\/cungtenhanoi.com\/wp-content\/uploads\/2020\/04\/O1CN011lEwpSdYI4qMO7S_80754788.jpg 800w, https:\/\/cungtenhanoi.com\/wp-content\/uploads\/2020\/04\/O1CN011lEwpSdYI4qMO7S_80754788-300x300.jpg 300w, https:\/\/cungtenhanoi.com\/wp-content\/uploads\/2020\/04\/O1CN011lEwpSdYI4qMO7S_80754788-100x100.jpg 100w, https:\/\/cungtenhanoi.com\/wp-content\/uploads\/2020\/04\/O1CN011lEwpSdYI4qMO7S_80754788-600x600.jpg 600w, https:\/\/cungtenhanoi.com\/wp-content\/uploads\/2020\/04\/O1CN011lEwpSdYI4qMO7S_80754788-64x64.jpg 64w, https:\/\/cungtenhanoi.com\/wp-content\/uploads\/2020\/04\/O1CN011lEwpSdYI4qMO7S_80754788-150x150.jpg 150w, https:\/\/cungtenhanoi.com\/wp-content\/uploads\/2020\/04\/O1CN011lEwpSdYI4qMO7S_80754788-768x768.jpg 768w, https:\/\/cungtenhanoi.com\/wp-content\/uploads\/2020\/04\/O1CN011lEwpSdYI4qMO7S_80754788-180x180.jpg 180w, https:\/\/cungtenhanoi.com\/wp-content\/uploads\/2020\/04\/O1CN011lEwpSdYI4qMO7S_80754788-45x45.jpg 45w\" sizes=\"(max-width: 800px) 100vw, 800px\" \/> <img loading=\"lazy\" class=\"aligncenter size-full wp-image-762\" src=\"https:\/\/cungtenhanoi.com\/wp-content\/uploads\/2020\/04\/O1CN011lEwpTjnJvscaZY_80754788.jpg\" alt=\"\" width=\"794\" height=\"661\" srcset=\"https:\/\/cungtenhanoi.com\/wp-content\/uploads\/2020\/04\/O1CN011lEwpTjnJvscaZY_80754788.jpg 794w, https:\/\/cungtenhanoi.com\/wp-content\/uploads\/2020\/04\/O1CN011lEwpTjnJvscaZY_80754788-600x499.jpg 600w, https:\/\/cungtenhanoi.com\/wp-content\/uploads\/2020\/04\/O1CN011lEwpTjnJvscaZY_80754788-64x53.jpg 64w, https:\/\/cungtenhanoi.com\/wp-content\/uploads\/2020\/04\/O1CN011lEwpTjnJvscaZY_80754788-300x250.jpg 300w, https:\/\/cungtenhanoi.com\/wp-content\/uploads\/2020\/04\/O1CN011lEwpTjnJvscaZY_80754788-768x639.jpg 768w\" sizes=\"(max-width: 794px) 100vw, 794px\" \/> <img loading=\"lazy\" class=\"aligncenter size-full wp-image-763\" src=\"https:\/\/cungtenhanoi.com\/wp-content\/uploads\/2020\/04\/O1CN011lEwpUwNHpmHjfI_80754788.jpg\" alt=\"\" width=\"791\" height=\"665\" srcset=\"https:\/\/cungtenhanoi.com\/wp-content\/uploads\/2020\/04\/O1CN011lEwpUwNHpmHjfI_80754788.jpg 791w, https:\/\/cungtenhanoi.com\/wp-content\/uploads\/2020\/04\/O1CN011lEwpUwNHpmHjfI_80754788-600x504.jpg 600w, https:\/\/cungtenhanoi.com\/wp-content\/uploads\/2020\/04\/O1CN011lEwpUwNHpmHjfI_80754788-64x54.jpg 64w\" sizes=\"(max-width: 791px) 100vw, 791px\" \/><img loading=\"lazy\" class=\"aligncenter size-full wp-image-766\" src=\"https:\/\/cungtenhanoi.com\/wp-content\/uploads\/2020\/04\/ch\u1ed1ng-rung-d\u00e0i2.jpg\" alt=\"\" width=\"620\" height=\"827\" srcset=\"https:\/\/cungtenhanoi.com\/wp-content\/uploads\/2020\/04\/ch\u1ed1ng-rung-d\u00e0i2.jpg 620w, https:\/\/cungtenhanoi.com\/wp-content\/uploads\/2020\/04\/ch\u1ed1ng-rung-d\u00e0i2-600x800.jpg 600w, https:\/\/cungtenhanoi.com\/wp-content\/uploads\/2020\/04\/ch\u1ed1ng-rung-d\u00e0i2-64x85.jpg 64w, https:\/\/cungtenhanoi.com\/wp-content\/uploads\/2020\/04\/ch\u1ed1ng-rung-d\u00e0i2-225x300.jpg 225w\" sizes=\"(max-width: 620px) 100vw, 620px\" \/><\/p>\n","protected":false},"excerpt":{"rendered":"<p>\u00a0Cao 36cm, b\u00e1n k\u00ednh 14,5cm Tr\u1ecdng l\u01b0\u1ee3ng 135,3g 85% s\u1ee3i th\u1ee7y tinh 15% polyamide s\u1eed d\u1ee5ng \u0111\u1ec3 \u0111\u1ee1 cung<\/p>\n","protected":false},"featured_media":763,"comment_status":"open","ping_status":"closed","template":"","meta":[],"product_cat":[20],"product_tag":[71,150,149],"acf":[],"yoast_head":"<!-- This site is optimized with the Yoast SEO plugin v19.8 - https:\/\/yoast.com\/wordpress\/plugins\/seo\/ -->\n<title>Ch\u00e2n cung JX906 - Cung T\u00ean H\u00e0 N\u1ed9i<\/title>\n<meta name=\"description\" content=\"mua cung t\u00ean th\u1ec3 thao, mua cung t\u00ean t\u1ea1i h\u00e0 n\u1ed9i, cung tr\u1ee3 l\u1ef1c, cung compound, cung t\u00ean ch\u00ednh h\u00e3ng, cung t\u00ean m\u1ea1nh,cung t\u00ean h\u00e0 n\u1ed9i, cung t\u00ean , mua cung t\u00ean S\u00e0i g\u00f2n , mua m\u0169i t\u00ean b\u1eafn cung , cung b\u1eafn bi s\u1eaft , cung t\u00ean mini\" \/>\n<meta name=\"robots\" content=\"index, follow, max-snippet:-1, max-image-preview:large, max-video-preview:-1\" \/>\n<link rel=\"canonical\" href=\"https:\/\/cungtenhanoi.com\/?product=chan-cung-jx906\" \/>\n<meta property=\"og:locale\" content=\"vi_VN\" \/>\n<meta property=\"og:type\" content=\"article\" \/>\n<meta property=\"og:title\" content=\"Ch\u00e2n cung JX906 - Cung T\u00ean H\u00e0 N\u1ed9i\" \/>\n<meta property=\"og:description\" content=\"mua cung t\u00ean th\u1ec3 thao, mua cung t\u00ean t\u1ea1i h\u00e0 n\u1ed9i, cung tr\u1ee3 l\u1ef1c, cung compound, cung t\u00ean ch\u00ednh h\u00e3ng, cung t\u00ean m\u1ea1nh,cung t\u00ean h\u00e0 n\u1ed9i, cung t\u00ean , mua cung t\u00ean S\u00e0i g\u00f2n , mua m\u0169i t\u00ean b\u1eafn cung , cung b\u1eafn bi s\u1eaft , cung t\u00ean mini\" \/>\n<meta property=\"og:url\" content=\"https:\/\/cungtenhanoi.com\/?product=chan-cung-jx906\" \/>\n<meta property=\"og:site_name\" content=\"Cung T\u00ean H\u00e0 N\u1ed9i\" \/>\n<meta property=\"article:modified_time\" content=\"2025-04-13T10:41:41+00:00\" \/>\n<meta property=\"og:image\" content=\"https:\/\/cungtenhanoi.com\/wp-content\/uploads\/2020\/04\/O1CN011lEwpUwNHpmHjfI_80754788.jpg\" \/>\n\t<meta property=\"og:image:width\" content=\"791\" \/>\n\t<meta property=\"og:image:height\" content=\"665\" \/>\n\t<meta property=\"og:image:type\" content=\"image\/jpeg\" \/>\n<meta name=\"twitter:card\" content=\"summary_large_image\" \/>\n<script type=\"application\/ld+json\" class=\"yoast-schema-graph\">{\"@context\":\"https:\/\/schema.org\",\"@graph\":[{\"@type\":\"WebPage\",\"@id\":\"https:\/\/cungtenhanoi.com\/?product=chan-cung-jx906\",\"url\":\"https:\/\/cungtenhanoi.com\/?product=chan-cung-jx906\",\"name\":\"Ch\u00e2n cung JX906 - Cung T\u00ean H\u00e0 N\u1ed9i\",\"isPartOf\":{\"@id\":\"https:\/\/cungtenhanoi.com\/#website\"},\"datePublished\":\"2020-04-07T11:01:23+00:00\",\"dateModified\":\"2025-04-13T10:41:41+00:00\",\"description\":\"mua cung t\u00ean th\u1ec3 thao, mua cung t\u00ean t\u1ea1i h\u00e0 n\u1ed9i, cung tr\u1ee3 l\u1ef1c, cung compound, cung t\u00ean ch\u00ednh h\u00e3ng, cung t\u00ean m\u1ea1nh,cung t\u00ean h\u00e0 n\u1ed9i, cung t\u00ean , mua cung t\u00ean S\u00e0i g\u00f2n , mua m\u0169i t\u00ean b\u1eafn cung , cung b\u1eafn bi s\u1eaft , cung t\u00ean mini\",\"breadcrumb\":{\"@id\":\"https:\/\/cungtenhanoi.com\/?product=chan-cung-jx906#breadcrumb\"},\"inLanguage\":\"vi\",\"potentialAction\":[{\"@type\":\"ReadAction\",\"target\":[\"https:\/\/cungtenhanoi.com\/?product=chan-cung-jx906\"]}]},{\"@type\":\"BreadcrumbList\",\"@id\":\"https:\/\/cungtenhanoi.com\/?product=chan-cung-jx906#breadcrumb\",\"itemListElement\":[{\"@type\":\"ListItem\",\"position\":1,\"name\":\"Trang ch\u1ee7\",\"item\":\"https:\/\/cungtenhanoi.com\/\"},{\"@type\":\"ListItem\",\"position\":2,\"name\":\"Shop\",\"item\":\"https:\/\/cungtenhanoi.com\/?page_id=6\"},{\"@type\":\"ListItem\",\"position\":3,\"name\":\"Ph\u1ee5 ki\u1ec7n\",\"item\":\"https:\/\/cungtenhanoi.com\/danh-muc\/phu-kien\/\"},{\"@type\":\"ListItem\",\"position\":4,\"name\":\"Ch\u00e2n cung JX906\"}]},{\"@type\":\"WebSite\",\"@id\":\"https:\/\/cungtenhanoi.com\/#website\",\"url\":\"https:\/\/cungtenhanoi.com\/\",\"name\":\"Cung T\u00ean H\u00e0 N\u1ed9i\",\"description\":\"Cung c\u1ea5p c\u00e1c lo\u1ea1i cung t\u00ean th\u1ec3 thao s\u1ed1 1 Vi\u1ec7t Nam\",\"publisher\":{\"@id\":\"https:\/\/cungtenhanoi.com\/#organization\"},\"potentialAction\":[{\"@type\":\"SearchAction\",\"target\":{\"@type\":\"EntryPoint\",\"urlTemplate\":\"https:\/\/cungtenhanoi.com\/?s={search_term_string}\"},\"query-input\":\"required name=search_term_string\"}],\"inLanguage\":\"vi\"},{\"@type\":\"Organization\",\"@id\":\"https:\/\/cungtenhanoi.com\/#organization\",\"name\":\"Cung T\u00ean H\u00e0 N\u1ed9i\",\"url\":\"https:\/\/cungtenhanoi.com\/\",\"sameAs\":[],\"logo\":{\"@type\":\"ImageObject\",\"inLanguage\":\"vi\",\"@id\":\"https:\/\/cungtenhanoi.com\/#\/schema\/logo\/image\/\",\"url\":\"https:\/\/cungtenhanoi.com\/wp-content\/uploads\/2025\/05\/logo-den-trang.jpg\",\"contentUrl\":\"https:\/\/cungtenhanoi.com\/wp-content\/uploads\/2025\/05\/logo-den-trang.jpg\",\"width\":450,\"height\":450,\"caption\":\"Cung T\u00ean H\u00e0 N\u1ed9i\"},\"image\":{\"@id\":\"https:\/\/cungtenhanoi.com\/#\/schema\/logo\/image\/\"}}]}<\/script>\n<!-- \/ Yoast SEO plugin. -->","yoast_head_json":{"title":"Ch\u00e2n cung JX906 - Cung T\u00ean H\u00e0 N\u1ed9i","description":"mua cung t\u00ean th\u1ec3 thao, mua cung t\u00ean t\u1ea1i h\u00e0 n\u1ed9i, cung tr\u1ee3 l\u1ef1c, cung compound, cung t\u00ean ch\u00ednh h\u00e3ng, cung t\u00ean m\u1ea1nh,cung t\u00ean h\u00e0 n\u1ed9i, cung t\u00ean , mua cung t\u00ean S\u00e0i g\u00f2n , mua m\u0169i t\u00ean b\u1eafn cung , cung b\u1eafn bi s\u1eaft , cung t\u00ean mini","robots":{"index":"index","follow":"follow","max-snippet":"max-snippet:-1","max-image-preview":"max-image-preview:large","max-video-preview":"max-video-preview:-1"},"canonical":"https:\/\/cungtenhanoi.com\/?product=chan-cung-jx906","og_locale":"vi_VN","og_type":"article","og_title":"Ch\u00e2n cung JX906 - Cung T\u00ean H\u00e0 N\u1ed9i","og_description":"mua cung t\u00ean th\u1ec3 thao, mua cung t\u00ean t\u1ea1i h\u00e0 n\u1ed9i, cung tr\u1ee3 l\u1ef1c, cung compound, cung t\u00ean ch\u00ednh h\u00e3ng, cung t\u00ean m\u1ea1nh,cung t\u00ean h\u00e0 n\u1ed9i, cung t\u00ean , mua cung t\u00ean S\u00e0i g\u00f2n , mua m\u0169i t\u00ean b\u1eafn cung , cung b\u1eafn bi s\u1eaft , cung t\u00ean mini","og_url":"https:\/\/cungtenhanoi.com\/?product=chan-cung-jx906","og_site_name":"Cung T\u00ean H\u00e0 N\u1ed9i","article_modified_time":"2025-04-13T10:41:41+00:00","og_image":[{"width":791,"height":665,"url":"https:\/\/cungtenhanoi.com\/wp-content\/uploads\/2020\/04\/O1CN011lEwpUwNHpmHjfI_80754788.jpg","type":"image\/jpeg"}],"twitter_card":"summary_large_image","schema":{"@context":"https:\/\/schema.org","@graph":[{"@type":"WebPage","@id":"https:\/\/cungtenhanoi.com\/?product=chan-cung-jx906","url":"https:\/\/cungtenhanoi.com\/?product=chan-cung-jx906","name":"Ch\u00e2n cung JX906 - Cung T\u00ean H\u00e0 N\u1ed9i","isPartOf":{"@id":"https:\/\/cungtenhanoi.com\/#website"},"datePublished":"2020-04-07T11:01:23+00:00","dateModified":"2025-04-13T10:41:41+00:00","description":"mua cung t\u00ean th\u1ec3 thao, mua cung t\u00ean t\u1ea1i h\u00e0 n\u1ed9i, cung tr\u1ee3 l\u1ef1c, cung compound, cung t\u00ean ch\u00ednh h\u00e3ng, cung t\u00ean m\u1ea1nh,cung t\u00ean h\u00e0 n\u1ed9i, cung t\u00ean , mua cung t\u00ean S\u00e0i g\u00f2n , mua m\u0169i t\u00ean b\u1eafn cung , cung b\u1eafn bi s\u1eaft , cung t\u00ean mini","breadcrumb":{"@id":"https:\/\/cungtenhanoi.com\/?product=chan-cung-jx906#breadcrumb"},"inLanguage":"vi","potentialAction":[{"@type":"ReadAction","target":["https:\/\/cungtenhanoi.com\/?product=chan-cung-jx906"]}]},{"@type":"BreadcrumbList","@id":"https:\/\/cungtenhanoi.com\/?product=chan-cung-jx906#breadcrumb","itemListElement":[{"@type":"ListItem","position":1,"name":"Trang ch\u1ee7","item":"https:\/\/cungtenhanoi.com\/"},{"@type":"ListItem","position":2,"name":"Shop","item":"https:\/\/cungtenhanoi.com\/?page_id=6"},{"@type":"ListItem","position":3,"name":"Ph\u1ee5 ki\u1ec7n","item":"https:\/\/cungtenhanoi.com\/danh-muc\/phu-kien\/"},{"@type":"ListItem","position":4,"name":"Ch\u00e2n cung JX906"}]},{"@type":"WebSite","@id":"https:\/\/cungtenhanoi.com\/#website","url":"https:\/\/cungtenhanoi.com\/","name":"Cung T\u00ean H\u00e0 N\u1ed9i","description":"Cung c\u1ea5p c\u00e1c lo\u1ea1i cung t\u00ean th\u1ec3 thao s\u1ed1 1 Vi\u1ec7t Nam","publisher":{"@id":"https:\/\/cungtenhanoi.com\/#organization"},"potentialAction":[{"@type":"SearchAction","target":{"@type":"EntryPoint","urlTemplate":"https:\/\/cungtenhanoi.com\/?s={search_term_string}"},"query-input":"required name=search_term_string"}],"inLanguage":"vi"},{"@type":"Organization","@id":"https:\/\/cungtenhanoi.com\/#organization","name":"Cung T\u00ean H\u00e0 N\u1ed9i","url":"https:\/\/cungtenhanoi.com\/","sameAs":[],"logo":{"@type":"ImageObject","inLanguage":"vi","@id":"https:\/\/cungtenhanoi.com\/#\/schema\/logo\/image\/","url":"https:\/\/cungtenhanoi.com\/wp-content\/uploads\/2025\/05\/logo-den-trang.jpg","contentUrl":"https:\/\/cungtenhanoi.com\/wp-content\/uploads\/2025\/05\/logo-den-trang.jpg","width":450,"height":450,"caption":"Cung T\u00ean H\u00e0 N\u1ed9i"},"image":{"@id":"https:\/\/cungtenhanoi.com\/#\/schema\/logo\/image\/"}}]}},"_links":{"self":[{"href":"https:\/\/cungtenhanoi.com\/index.php?rest_route=\/wp\/v2\/product\/757"}],"collection":[{"href":"https:\/\/cungtenhanoi.com\/index.php?rest_route=\/wp\/v2\/product"}],"about":[{"href":"https:\/\/cungtenhanoi.com\/index.php?rest_route=\/wp\/v2\/types\/product"}],"replies":[{"embeddable":true,"href":"https:\/\/cungtenhanoi.com\/index.php?rest_route=%2Fwp%2Fv2%2Fcomments&post=757"}],"wp:featuredmedia":[{"embeddable":true,"href":"https:\/\/cungtenhanoi.com\/index.php?rest_route=\/wp\/v2\/media\/763"}],"wp:attachment":[{"href":"https:\/\/cungtenhanoi.com\/index.php?rest_route=%2Fwp%2Fv2%2Fmedia&parent=757"}],"wp:term":[{"taxonomy":"product_cat","embeddable":true,"href":"https:\/\/cungtenhanoi.com\/index.php?rest_route=%2Fwp%2Fv2%2Fproduct_cat&post=757"},{"taxonomy":"product_tag","embeddable":true,"href":"https:\/\/cungtenhanoi.com\/index.php?rest_route=%2Fwp%2Fv2%2Fproduct_tag&post=757"}],"curies":[{"name":"wp","href":"https:\/\/api.w.org\/{rel}","templated":true}]}}