{"id":881,"date":"2020-05-27T14:17:14","date_gmt":"2020-05-27T07:17:14","guid":{"rendered":"https:\/\/cungtenhanoi.com\/?post_type=product&#038;p=881"},"modified":"2025-08-02T19:08:10","modified_gmt":"2025-08-02T12:08:10","slug":"cung-ten-f163","status":"publish","type":"product","link":"https:\/\/cungtenhanoi.com\/?product=cung-ten-f163","title":{"rendered":"Cung t\u00ean JX-F163"},"content":{"rendered":"<p style=\"text-align: center;\">Chi\u1ec1u d\u00e0i : 64 inh -162cm<br \/>\nL\u1ef1c b\u1eafn 30lbs<br \/>\nChi\u1ec1u d\u00e0i riser 22 inh<br \/>\nRiser h\u1ee3p kim nh\u00f4m nguy\u00ean kh\u1ed1i<br \/>\nLimb Composite<br \/>\nCung t\u00ean thi\u1ebft k\u1ebf th\u1ec3 thao k\u1ebft h\u1ee3p 1 s\u1ed1 h\u1ecda ti\u1ebft tinh t\u1ebf s\u1eafc s\u1ea3o, mang \u0111\u1ebfn tr\u1ef1c quan v\u1ec1 1 c\u00e2y cung \u0111\u1eb9p \u0111\u1ed3ng th\u1eddi k\u1ebft h\u1ee3p c\u00f9ng ch\u1ea5t li\u1ec7u composite mang \u0111\u1ebfn l\u1ef1c b\u1eafn m\u1ea1nh hi\u1ec7u qu\u1ea3 cao \u1edf c\u1ef1 ly xa<\/p>\n<p><img loading=\"lazy\" class=\"aligncenter  wp-image-1408\" src=\"https:\/\/cungtenhanoi.com\/wp-content\/uploads\/2020\/05\/7DE51574-0466-49A1-A195-08EC3EB51248.jpeg\" alt=\"\" width=\"1017\" height=\"1282\" \/> <img loading=\"lazy\" class=\"aligncenter  wp-image-1409\" src=\"https:\/\/cungtenhanoi.com\/wp-content\/uploads\/2020\/05\/05276EDB-3971-433E-8F46-3A9F4D48DA42.jpeg\" alt=\"\" width=\"1015\" height=\"1354\" \/><\/p>\n<p><img loading=\"lazy\" class=\"aligncenter  wp-image-886\" src=\"https:\/\/cungtenhanoi.com\/wp-content\/uploads\/2020\/05\/2006603_a95b421b-aefe-44b4-be81-da1bf17b782f_600_600.jpg\" alt=\"\" width=\"612\" height=\"612\" srcset=\"https:\/\/cungtenhanoi.com\/wp-content\/uploads\/2020\/05\/2006603_a95b421b-aefe-44b4-be81-da1bf17b782f_600_600.jpg 700w, https:\/\/cungtenhanoi.com\/wp-content\/uploads\/2020\/05\/2006603_a95b421b-aefe-44b4-be81-da1bf17b782f_600_600-300x300.jpg 300w, https:\/\/cungtenhanoi.com\/wp-content\/uploads\/2020\/05\/2006603_a95b421b-aefe-44b4-be81-da1bf17b782f_600_600-100x100.jpg 100w, https:\/\/cungtenhanoi.com\/wp-content\/uploads\/2020\/05\/2006603_a95b421b-aefe-44b4-be81-da1bf17b782f_600_600-600x600.jpg 600w, https:\/\/cungtenhanoi.com\/wp-content\/uploads\/2020\/05\/2006603_a95b421b-aefe-44b4-be81-da1bf17b782f_600_600-64x64.jpg 64w, https:\/\/cungtenhanoi.com\/wp-content\/uploads\/2020\/05\/2006603_a95b421b-aefe-44b4-be81-da1bf17b782f_600_600-150x150.jpg 150w, https:\/\/cungtenhanoi.com\/wp-content\/uploads\/2020\/05\/2006603_a95b421b-aefe-44b4-be81-da1bf17b782f_600_600-180x180.jpg 180w, https:\/\/cungtenhanoi.com\/wp-content\/uploads\/2020\/05\/2006603_a95b421b-aefe-44b4-be81-da1bf17b782f_600_600-45x45.jpg 45w\" sizes=\"(max-width: 612px) 100vw, 612px\" \/> <img loading=\"lazy\" class=\"aligncenter  wp-image-887\" src=\"https:\/\/cungtenhanoi.com\/wp-content\/uploads\/2020\/05\/HTB1bNecqGmWBuNjy1Xaq6xCbXXaM.jpg_350x350.jpg\" alt=\"\" width=\"574\" height=\"574\" srcset=\"https:\/\/cungtenhanoi.com\/wp-content\/uploads\/2020\/05\/HTB1bNecqGmWBuNjy1Xaq6xCbXXaM.jpg_350x350.jpg 350w, https:\/\/cungtenhanoi.com\/wp-content\/uploads\/2020\/05\/HTB1bNecqGmWBuNjy1Xaq6xCbXXaM.jpg_350x350-300x300.jpg 300w, https:\/\/cungtenhanoi.com\/wp-content\/uploads\/2020\/05\/HTB1bNecqGmWBuNjy1Xaq6xCbXXaM.jpg_350x350-100x100.jpg 100w, https:\/\/cungtenhanoi.com\/wp-content\/uploads\/2020\/05\/HTB1bNecqGmWBuNjy1Xaq6xCbXXaM.jpg_350x350-64x64.jpg 64w\" sizes=\"(max-width: 574px) 100vw, 574px\" \/> <img loading=\"lazy\" class=\"aligncenter size-full wp-image-888\" src=\"https:\/\/cungtenhanoi.com\/wp-content\/uploads\/2020\/05\/HTB14TNDLXXXXXbxXpXXq6xXFXXXG.jpg\" alt=\"\" width=\"667\" height=\"1000\" srcset=\"https:\/\/cungtenhanoi.com\/wp-content\/uploads\/2020\/05\/HTB14TNDLXXXXXbxXpXXq6xXFXXXG.jpg 667w, https:\/\/cungtenhanoi.com\/wp-content\/uploads\/2020\/05\/HTB14TNDLXXXXXbxXpXXq6xXFXXXG-600x900.jpg 600w, https:\/\/cungtenhanoi.com\/wp-content\/uploads\/2020\/05\/HTB14TNDLXXXXXbxXpXXq6xXFXXXG-64x96.jpg 64w, https:\/\/cungtenhanoi.com\/wp-content\/uploads\/2020\/05\/HTB14TNDLXXXXXbxXpXXq6xXFXXXG-200x300.jpg 200w\" sizes=\"(max-width: 667px) 100vw, 667px\" \/> <img loading=\"lazy\" class=\"aligncenter  wp-image-889\" src=\"https:\/\/cungtenhanoi.com\/wp-content\/uploads\/2020\/05\/Jun-Xing-F163-Take-down-fishing-recurve.jpg_350x350.jpg\" alt=\"\" width=\"565\" height=\"590\" srcset=\"https:\/\/cungtenhanoi.com\/wp-content\/uploads\/2020\/05\/Jun-Xing-F163-Take-down-fishing-recurve.jpg_350x350.jpg 335w, https:\/\/cungtenhanoi.com\/wp-content\/uploads\/2020\/05\/Jun-Xing-F163-Take-down-fishing-recurve.jpg_350x350-64x67.jpg 64w, https:\/\/cungtenhanoi.com\/wp-content\/uploads\/2020\/05\/Jun-Xing-F163-Take-down-fishing-recurve.jpg_350x350-287x300.jpg 287w\" sizes=\"(max-width: 565px) 100vw, 565px\" \/><img loading=\"lazy\" class=\"aligncenter  wp-image-883\" src=\"https:\/\/cungtenhanoi.com\/wp-content\/uploads\/2020\/05\/64-inches-Black-Recurve-bow-of-30-50-lbs-IBO-Speed-175-fps-for-Archery-and.jpg_q50-1.jpg\" alt=\"\" width=\"612\" height=\"408\" srcset=\"https:\/\/cungtenhanoi.com\/wp-content\/uploads\/2020\/05\/64-inches-Black-Recurve-bow-of-30-50-lbs-IBO-Speed-175-fps-for-Archery-and.jpg_q50-1.jpg 801w, https:\/\/cungtenhanoi.com\/wp-content\/uploads\/2020\/05\/64-inches-Black-Recurve-bow-of-30-50-lbs-IBO-Speed-175-fps-for-Archery-and.jpg_q50-1-600x400.jpg 600w, https:\/\/cungtenhanoi.com\/wp-content\/uploads\/2020\/05\/64-inches-Black-Recurve-bow-of-30-50-lbs-IBO-Speed-175-fps-for-Archery-and.jpg_q50-1-64x43.jpg 64w, https:\/\/cungtenhanoi.com\/wp-content\/uploads\/2020\/05\/64-inches-Black-Recurve-bow-of-30-50-lbs-IBO-Speed-175-fps-for-Archery-and.jpg_q50-1-300x200.jpg 300w, https:\/\/cungtenhanoi.com\/wp-content\/uploads\/2020\/05\/64-inches-Black-Recurve-bow-of-30-50-lbs-IBO-Speed-175-fps-for-Archery-and.jpg_q50-1-768x512.jpg 768w\" sizes=\"(max-width: 612px) 100vw, 612px\" \/> <img loading=\"lazy\" class=\"aligncenter  wp-image-885\" src=\"https:\/\/cungtenhanoi.com\/wp-content\/uploads\/2020\/05\/64-inches-Black-Recurve-bow-of-30-50-lbs-IBO-Speed-175-fps-for-Archery-and.jpg_q50.jpg\" alt=\"\" width=\"596\" height=\"398\" srcset=\"https:\/\/cungtenhanoi.com\/wp-content\/uploads\/2020\/05\/64-inches-Black-Recurve-bow-of-30-50-lbs-IBO-Speed-175-fps-for-Archery-and.jpg_q50.jpg 801w, https:\/\/cungtenhanoi.com\/wp-content\/uploads\/2020\/05\/64-inches-Black-Recurve-bow-of-30-50-lbs-IBO-Speed-175-fps-for-Archery-and.jpg_q50-600x400.jpg 600w, https:\/\/cungtenhanoi.com\/wp-content\/uploads\/2020\/05\/64-inches-Black-Recurve-bow-of-30-50-lbs-IBO-Speed-175-fps-for-Archery-and.jpg_q50-64x43.jpg 64w, https:\/\/cungtenhanoi.com\/wp-content\/uploads\/2020\/05\/64-inches-Black-Recurve-bow-of-30-50-lbs-IBO-Speed-175-fps-for-Archery-and.jpg_q50-300x200.jpg 300w, https:\/\/cungtenhanoi.com\/wp-content\/uploads\/2020\/05\/64-inches-Black-Recurve-bow-of-30-50-lbs-IBO-Speed-175-fps-for-Archery-and.jpg_q50-768x512.jpg 768w\" sizes=\"(max-width: 596px) 100vw, 596px\" \/> <img loading=\"lazy\" class=\"aligncenter  wp-image-884\" src=\"https:\/\/cungtenhanoi.com\/wp-content\/uploads\/2020\/05\/64-inches-Black-Recurve-bow-of-30-50-lbs-IBO-Speed-175-fps-for-Archery-and.jpg_q50-2.jpg\" alt=\"\" width=\"616\" height=\"924\" srcset=\"https:\/\/cungtenhanoi.com\/wp-content\/uploads\/2020\/05\/64-inches-Black-Recurve-bow-of-30-50-lbs-IBO-Speed-175-fps-for-Archery-and.jpg_q50-2.jpg 801w, https:\/\/cungtenhanoi.com\/wp-content\/uploads\/2020\/05\/64-inches-Black-Recurve-bow-of-30-50-lbs-IBO-Speed-175-fps-for-Archery-and.jpg_q50-2-600x900.jpg 600w, https:\/\/cungtenhanoi.com\/wp-content\/uploads\/2020\/05\/64-inches-Black-Recurve-bow-of-30-50-lbs-IBO-Speed-175-fps-for-Archery-and.jpg_q50-2-64x96.jpg 64w, https:\/\/cungtenhanoi.com\/wp-content\/uploads\/2020\/05\/64-inches-Black-Recurve-bow-of-30-50-lbs-IBO-Speed-175-fps-for-Archery-and.jpg_q50-2-200x300.jpg 200w, https:\/\/cungtenhanoi.com\/wp-content\/uploads\/2020\/05\/64-inches-Black-Recurve-bow-of-30-50-lbs-IBO-Speed-175-fps-for-Archery-and.jpg_q50-2-768x1152.jpg 768w, https:\/\/cungtenhanoi.com\/wp-content\/uploads\/2020\/05\/64-inches-Black-Recurve-bow-of-30-50-lbs-IBO-Speed-175-fps-for-Archery-and.jpg_q50-2-682x1024.jpg 682w\" sizes=\"(max-width: 616px) 100vw, 616px\" \/><\/p>\n","protected":false},"excerpt":{"rendered":"<p>Cung<br \/>\n5 t\u00ean<br \/>\nTab<br \/>\nGuarm<br \/>\nBia m\u1ee5c ti\u00eau<br \/>\nNockingpoint<\/p>\n","protected":false},"featured_media":889,"comment_status":"open","ping_status":"closed","template":"","meta":[],"product_cat":[17],"product_tag":[198,200,257,94,168,197,199,41],"acf":[],"yoast_head":"<!-- This site is optimized with the Yoast SEO plugin v19.8 - https:\/\/yoast.com\/wordpress\/plugins\/seo\/ -->\n<title>Cung t\u00ean JX-F163 - Cung T\u00ean H\u00e0 N\u1ed9i<\/title>\n<meta name=\"description\" content=\"mua cung t\u00ean th\u1ec3 thao, mua cung t\u00ean t\u1ea1i h\u00e0 n\u1ed9i, cung tr\u1ee3 l\u1ef1c, cung compound, cung t\u00ean ch\u00ednh h\u00e3ng, cung t\u00ean m\u1ea1nh,cung t\u00ean h\u00e0 n\u1ed9i, cung t\u00ean , mua cung t\u00ean S\u00e0i g\u00f2n , mua m\u0169i t\u00ean b\u1eafn cung , cung b\u1eafn bi s\u1eaft , cung t\u00ean mini\" \/>\n<meta name=\"robots\" content=\"index, follow, max-snippet:-1, max-image-preview:large, max-video-preview:-1\" \/>\n<link rel=\"canonical\" href=\"https:\/\/cungtenhanoi.com\/?product=cung-ten-f163\" \/>\n<meta property=\"og:locale\" content=\"vi_VN\" \/>\n<meta property=\"og:type\" content=\"article\" \/>\n<meta property=\"og:title\" content=\"Cung t\u00ean JX-F163 - Cung T\u00ean H\u00e0 N\u1ed9i\" \/>\n<meta property=\"og:description\" content=\"mua cung t\u00ean th\u1ec3 thao, mua cung t\u00ean t\u1ea1i h\u00e0 n\u1ed9i, cung tr\u1ee3 l\u1ef1c, cung compound, cung t\u00ean ch\u00ednh h\u00e3ng, cung t\u00ean m\u1ea1nh,cung t\u00ean h\u00e0 n\u1ed9i, cung t\u00ean , mua cung t\u00ean S\u00e0i g\u00f2n , mua m\u0169i t\u00ean b\u1eafn cung , cung b\u1eafn bi s\u1eaft , cung t\u00ean mini\" \/>\n<meta property=\"og:url\" content=\"https:\/\/cungtenhanoi.com\/?product=cung-ten-f163\" \/>\n<meta property=\"og:site_name\" content=\"Cung T\u00ean H\u00e0 N\u1ed9i\" \/>\n<meta property=\"article:modified_time\" content=\"2025-08-02T12:08:10+00:00\" \/>\n<meta property=\"og:image\" content=\"https:\/\/cungtenhanoi.com\/wp-content\/uploads\/2020\/05\/Jun-Xing-F163-Take-down-fishing-recurve.jpg_350x350.jpg\" \/>\n\t<meta property=\"og:image:width\" content=\"335\" \/>\n\t<meta property=\"og:image:height\" content=\"350\" \/>\n\t<meta property=\"og:image:type\" content=\"image\/jpeg\" \/>\n<meta name=\"twitter:card\" content=\"summary_large_image\" \/>\n<script type=\"application\/ld+json\" class=\"yoast-schema-graph\">{\"@context\":\"https:\/\/schema.org\",\"@graph\":[{\"@type\":\"WebPage\",\"@id\":\"https:\/\/cungtenhanoi.com\/?product=cung-ten-f163\",\"url\":\"https:\/\/cungtenhanoi.com\/?product=cung-ten-f163\",\"name\":\"Cung t\u00ean JX-F163 - Cung T\u00ean H\u00e0 N\u1ed9i\",\"isPartOf\":{\"@id\":\"https:\/\/cungtenhanoi.com\/#website\"},\"datePublished\":\"2020-05-27T07:17:14+00:00\",\"dateModified\":\"2025-08-02T12:08:10+00:00\",\"description\":\"mua cung t\u00ean th\u1ec3 thao, mua cung t\u00ean t\u1ea1i h\u00e0 n\u1ed9i, cung tr\u1ee3 l\u1ef1c, cung compound, cung t\u00ean ch\u00ednh h\u00e3ng, cung t\u00ean m\u1ea1nh,cung t\u00ean h\u00e0 n\u1ed9i, cung t\u00ean , mua cung t\u00ean S\u00e0i g\u00f2n , mua m\u0169i t\u00ean b\u1eafn cung , cung b\u1eafn bi s\u1eaft , cung t\u00ean mini\",\"breadcrumb\":{\"@id\":\"https:\/\/cungtenhanoi.com\/?product=cung-ten-f163#breadcrumb\"},\"inLanguage\":\"vi\",\"potentialAction\":[{\"@type\":\"ReadAction\",\"target\":[\"https:\/\/cungtenhanoi.com\/?product=cung-ten-f163\"]}]},{\"@type\":\"BreadcrumbList\",\"@id\":\"https:\/\/cungtenhanoi.com\/?product=cung-ten-f163#breadcrumb\",\"itemListElement\":[{\"@type\":\"ListItem\",\"position\":1,\"name\":\"Trang ch\u1ee7\",\"item\":\"https:\/\/cungtenhanoi.com\/\"},{\"@type\":\"ListItem\",\"position\":2,\"name\":\"Shop\",\"item\":\"https:\/\/cungtenhanoi.com\/?page_id=6\"},{\"@type\":\"ListItem\",\"position\":3,\"name\":\"Cung\",\"item\":\"https:\/\/cungtenhanoi.com\/danh-muc\/cung\/\"},{\"@type\":\"ListItem\",\"position\":4,\"name\":\"Cung t\u00ean JX-F163\"}]},{\"@type\":\"WebSite\",\"@id\":\"https:\/\/cungtenhanoi.com\/#website\",\"url\":\"https:\/\/cungtenhanoi.com\/\",\"name\":\"Cung T\u00ean H\u00e0 N\u1ed9i\",\"description\":\"Cung c\u1ea5p c\u00e1c lo\u1ea1i cung t\u00ean th\u1ec3 thao s\u1ed1 1 Vi\u1ec7t Nam\",\"publisher\":{\"@id\":\"https:\/\/cungtenhanoi.com\/#organization\"},\"potentialAction\":[{\"@type\":\"SearchAction\",\"target\":{\"@type\":\"EntryPoint\",\"urlTemplate\":\"https:\/\/cungtenhanoi.com\/?s={search_term_string}\"},\"query-input\":\"required name=search_term_string\"}],\"inLanguage\":\"vi\"},{\"@type\":\"Organization\",\"@id\":\"https:\/\/cungtenhanoi.com\/#organization\",\"name\":\"Cung T\u00ean H\u00e0 N\u1ed9i\",\"url\":\"https:\/\/cungtenhanoi.com\/\",\"sameAs\":[],\"logo\":{\"@type\":\"ImageObject\",\"inLanguage\":\"vi\",\"@id\":\"https:\/\/cungtenhanoi.com\/#\/schema\/logo\/image\/\",\"url\":\"https:\/\/cungtenhanoi.com\/wp-content\/uploads\/2025\/05\/logo-den-trang.jpg\",\"contentUrl\":\"https:\/\/cungtenhanoi.com\/wp-content\/uploads\/2025\/05\/logo-den-trang.jpg\",\"width\":450,\"height\":450,\"caption\":\"Cung T\u00ean H\u00e0 N\u1ed9i\"},\"image\":{\"@id\":\"https:\/\/cungtenhanoi.com\/#\/schema\/logo\/image\/\"}}]}<\/script>\n<!-- \/ Yoast SEO plugin. -->","yoast_head_json":{"title":"Cung t\u00ean JX-F163 - Cung T\u00ean H\u00e0 N\u1ed9i","description":"mua cung t\u00ean th\u1ec3 thao, mua cung t\u00ean t\u1ea1i h\u00e0 n\u1ed9i, cung tr\u1ee3 l\u1ef1c, cung compound, cung t\u00ean ch\u00ednh h\u00e3ng, cung t\u00ean m\u1ea1nh,cung t\u00ean h\u00e0 n\u1ed9i, cung t\u00ean , mua cung t\u00ean S\u00e0i g\u00f2n , mua m\u0169i t\u00ean b\u1eafn cung , cung b\u1eafn bi s\u1eaft , cung t\u00ean mini","robots":{"index":"index","follow":"follow","max-snippet":"max-snippet:-1","max-image-preview":"max-image-preview:large","max-video-preview":"max-video-preview:-1"},"canonical":"https:\/\/cungtenhanoi.com\/?product=cung-ten-f163","og_locale":"vi_VN","og_type":"article","og_title":"Cung t\u00ean JX-F163 - Cung T\u00ean H\u00e0 N\u1ed9i","og_description":"mua cung t\u00ean th\u1ec3 thao, mua cung t\u00ean t\u1ea1i h\u00e0 n\u1ed9i, cung tr\u1ee3 l\u1ef1c, cung compound, cung t\u00ean ch\u00ednh h\u00e3ng, cung t\u00ean m\u1ea1nh,cung t\u00ean h\u00e0 n\u1ed9i, cung t\u00ean , mua cung t\u00ean S\u00e0i g\u00f2n , mua m\u0169i t\u00ean b\u1eafn cung , cung b\u1eafn bi s\u1eaft , cung t\u00ean mini","og_url":"https:\/\/cungtenhanoi.com\/?product=cung-ten-f163","og_site_name":"Cung T\u00ean H\u00e0 N\u1ed9i","article_modified_time":"2025-08-02T12:08:10+00:00","og_image":[{"width":335,"height":350,"url":"https:\/\/cungtenhanoi.com\/wp-content\/uploads\/2020\/05\/Jun-Xing-F163-Take-down-fishing-recurve.jpg_350x350.jpg","type":"image\/jpeg"}],"twitter_card":"summary_large_image","schema":{"@context":"https:\/\/schema.org","@graph":[{"@type":"WebPage","@id":"https:\/\/cungtenhanoi.com\/?product=cung-ten-f163","url":"https:\/\/cungtenhanoi.com\/?product=cung-ten-f163","name":"Cung t\u00ean JX-F163 - Cung T\u00ean H\u00e0 N\u1ed9i","isPartOf":{"@id":"https:\/\/cungtenhanoi.com\/#website"},"datePublished":"2020-05-27T07:17:14+00:00","dateModified":"2025-08-02T12:08:10+00:00","description":"mua cung t\u00ean th\u1ec3 thao, mua cung t\u00ean t\u1ea1i h\u00e0 n\u1ed9i, cung tr\u1ee3 l\u1ef1c, cung compound, cung t\u00ean ch\u00ednh h\u00e3ng, cung t\u00ean m\u1ea1nh,cung t\u00ean h\u00e0 n\u1ed9i, cung t\u00ean , mua cung t\u00ean S\u00e0i g\u00f2n , mua m\u0169i t\u00ean b\u1eafn cung , cung b\u1eafn bi s\u1eaft , cung t\u00ean mini","breadcrumb":{"@id":"https:\/\/cungtenhanoi.com\/?product=cung-ten-f163#breadcrumb"},"inLanguage":"vi","potentialAction":[{"@type":"ReadAction","target":["https:\/\/cungtenhanoi.com\/?product=cung-ten-f163"]}]},{"@type":"BreadcrumbList","@id":"https:\/\/cungtenhanoi.com\/?product=cung-ten-f163#breadcrumb","itemListElement":[{"@type":"ListItem","position":1,"name":"Trang ch\u1ee7","item":"https:\/\/cungtenhanoi.com\/"},{"@type":"ListItem","position":2,"name":"Shop","item":"https:\/\/cungtenhanoi.com\/?page_id=6"},{"@type":"ListItem","position":3,"name":"Cung","item":"https:\/\/cungtenhanoi.com\/danh-muc\/cung\/"},{"@type":"ListItem","position":4,"name":"Cung t\u00ean JX-F163"}]},{"@type":"WebSite","@id":"https:\/\/cungtenhanoi.com\/#website","url":"https:\/\/cungtenhanoi.com\/","name":"Cung T\u00ean H\u00e0 N\u1ed9i","description":"Cung c\u1ea5p c\u00e1c lo\u1ea1i cung t\u00ean th\u1ec3 thao s\u1ed1 1 Vi\u1ec7t Nam","publisher":{"@id":"https:\/\/cungtenhanoi.com\/#organization"},"potentialAction":[{"@type":"SearchAction","target":{"@type":"EntryPoint","urlTemplate":"https:\/\/cungtenhanoi.com\/?s={search_term_string}"},"query-input":"required name=search_term_string"}],"inLanguage":"vi"},{"@type":"Organization","@id":"https:\/\/cungtenhanoi.com\/#organization","name":"Cung T\u00ean H\u00e0 N\u1ed9i","url":"https:\/\/cungtenhanoi.com\/","sameAs":[],"logo":{"@type":"ImageObject","inLanguage":"vi","@id":"https:\/\/cungtenhanoi.com\/#\/schema\/logo\/image\/","url":"https:\/\/cungtenhanoi.com\/wp-content\/uploads\/2025\/05\/logo-den-trang.jpg","contentUrl":"https:\/\/cungtenhanoi.com\/wp-content\/uploads\/2025\/05\/logo-den-trang.jpg","width":450,"height":450,"caption":"Cung T\u00ean H\u00e0 N\u1ed9i"},"image":{"@id":"https:\/\/cungtenhanoi.com\/#\/schema\/logo\/image\/"}}]}},"_links":{"self":[{"href":"https:\/\/cungtenhanoi.com\/index.php?rest_route=\/wp\/v2\/product\/881"}],"collection":[{"href":"https:\/\/cungtenhanoi.com\/index.php?rest_route=\/wp\/v2\/product"}],"about":[{"href":"https:\/\/cungtenhanoi.com\/index.php?rest_route=\/wp\/v2\/types\/product"}],"replies":[{"embeddable":true,"href":"https:\/\/cungtenhanoi.com\/index.php?rest_route=%2Fwp%2Fv2%2Fcomments&post=881"}],"wp:featuredmedia":[{"embeddable":true,"href":"https:\/\/cungtenhanoi.com\/index.php?rest_route=\/wp\/v2\/media\/889"}],"wp:attachment":[{"href":"https:\/\/cungtenhanoi.com\/index.php?rest_route=%2Fwp%2Fv2%2Fmedia&parent=881"}],"wp:term":[{"taxonomy":"product_cat","embeddable":true,"href":"https:\/\/cungtenhanoi.com\/index.php?rest_route=%2Fwp%2Fv2%2Fproduct_cat&post=881"},{"taxonomy":"product_tag","embeddable":true,"href":"https:\/\/cungtenhanoi.com\/index.php?rest_route=%2Fwp%2Fv2%2Fproduct_tag&post=881"}],"curies":[{"name":"wp","href":"https:\/\/api.w.org\/{rel}","templated":true}]}}